000
CDUS46 KSGX 271535
CLISNA


CLIMATE REPORT
NATIONAL WEATHER SERVICE SAN DIEGO, CA
735 AM PST MON FEB 27 2017


...................................

...THE JOHN WAYNE AIRPORT CA CLIMATE SUMMARY FOR FEBRUARY 26 2017...

CLIMATE NORMAL PERIOD 1981 TO 2010
CLIMATE RECORD PERIOD 1999 TO 2017


WEATHER ITEM   OBSERVED TIME   RECORD YEAR NORMAL DEPARTURE LAST
                VALUE   (LST)  VALUE       VALUE  FROM      YEAR
                                                  NORMAL
..................................................................
TEMPERATURE (F)
 YESTERDAY
  MAXIMUM         57    427 PM  80    2002  67    -10       76
  MINIMUM         51    752 AM  42    2013  50      1       52
  AVERAGE         54                        58     -4       64

PRECIPITATION (IN)
  YESTERDAY        0.10          1.26 2004   0.12  -0.02     0.00
  MONTH TO DATE    3.59                      2.76   0.83     0.32
  SINCE OCT 1     15.52                      9.75   5.77     3.58
  SINCE JAN 1      9.33                      5.67   3.66     2.36

DEGREE DAYS
 HEATING
  YESTERDAY       11                         7      4        1
  MONTH TO DATE  165                       201    -36       87
  SINCE DEC 1    643                       740    -97      636
  SINCE JUL 1    721                       893   -172      766

 COOLING
  YESTERDAY        0                         0      0        0
  MONTH TO DATE    0                         0      0       38
  SINCE DEC 1      0                         6     -6       38
  SINCE JAN 1      0                         5     -5       38
..................................................................


WIND (MPH)
  RESULTANT WIND SPEED   3   RESULTANT WIND DIRECTION   S (160)
  HIGHEST WIND SPEED    14   HIGHEST WIND DIRECTION    SW (220)
  HIGHEST GUST SPEED    20   HIGHEST GUST DIRECTION     S (190)
  AVERAGE WIND SPEED     4.7


SKY COVER
  POSSIBLE SUNSHINE  MM
  AVERAGE SKY COVER 0.8


WEATHER CONDITIONS
 THE FOLLOWING WEATHER WAS RECORDED YESTERDAY.
  LIGHT RAIN
  FOG


RELATIVE HUMIDITY (PERCENT)
 HIGHEST    89           800 AM
 LOWEST     61          1200 AM
 AVERAGE    75

..........................................................


THE JOHN WAYNE AIRPORT CA CLIMATE NORMALS FOR TODAY
                         NORMAL    RECORD    YEAR
 MAXIMUM TEMPERATURE (F)   67        78      2008
 MINIMUM TEMPERATURE (F)   50        37      2011


SUNRISE AND SUNSET
FEBRUARY 27 2017......SUNRISE   622 AM PST   SUNSET   547 PM PST
FEBRUARY 28 2017......SUNRISE   621 AM PST   SUNSET   548 PM PST


-  INDICATES NEGATIVE NUMBERS.
R  INDICATES RECORD WAS SET OR TIED.
MM INDICATES DATA IS MISSING.
T  INDICATES TRACE AMOUNT.




$$
