000
CDUS46 KSGX 030021
CLISNA


CLIMATE REPORT
NATIONAL WEATHER SERVICE SAN DIEGO, CA
421 PM PST MON MAR 2 2015


...................................

...THE JOHN WAYNE AIRPORT CA CLIMATE SUMMARY FOR MARCH 2 2015...
VALID TODAY AS OF 0400 PM LOCAL TIME.

CLIMATE NORMAL PERIOD 1981 TO 2010
CLIMATE RECORD PERIOD 1999 TO 2015


WEATHER ITEM   OBSERVED TIME   RECORD YEAR NORMAL DEPARTURE LAST
                VALUE   (LST)  VALUE       VALUE  FROM      YEAR
                                                  NORMAL
..................................................................
TEMPERATURE (F)
 TODAY
  MAXIMUM         62    352 PM  81    2013  67     -5       64
  MINIMUM         50   1103 AM  43    2007  50      0       56
  AVERAGE         56                        58     -2       60

PRECIPITATION (IN)
  TODAY            0.58R         0.06 2004   0.13   0.45     0.05
  MONTH TO DATE    0.77                      0.26   0.51     0.70
  SINCE OCT 1      5.74                     10.20  -4.46     3.20
  SINCE JAN 1      1.94                      6.12  -4.18     2.27

SNOWFALL (IN)
  TODAY            0.0
  MONTH TO DATE    0.0
  SINCE JAN 1      0.0
  SINCE JUL 1      0.0
  SNOW DEPTH       0

DEGREE DAYS
 HEATING
  TODAY            9                         7      2        5
  MONTH TO DATE   14                        14      0       10
  SINCE MAR 1     14                        14      0       10
  SINCE JUL 1    239                       920   -681      500

 COOLING
  TODAY            0                         0      0        0
  MONTH TO DATE    0                         0      0        0
  SINCE MAR 1      0                         0      0        0
  SINCE JAN 1     72                         8     64       27
..................................................................


WIND (MPH)
  RESULTANT WIND SPEED   3   RESULTANT WIND DIRECTION  SE (140)
  HIGHEST WIND SPEED    15   HIGHEST WIND DIRECTION    SW (220)
  HIGHEST GUST SPEED    22   HIGHEST GUST DIRECTION    SW (230)
  AVERAGE WIND SPEED     4.5


SKY COVER
  POSSIBLE SUNSHINE  MM
  AVERAGE SKY COVER 0.7


WEATHER CONDITIONS
 THE FOLLOWING WEATHER WAS RECORDED TODAY.
  HEAVY RAIN
  RAIN
  LIGHT RAIN


RELATIVE HUMIDITY (PERCENT)
 HIGHEST    77           500 AM
 LOWEST     48           200 PM
 AVERAGE    63

..........................................................


THE JOHN WAYNE AIRPORT CA CLIMATE NORMALS FOR TOMORROW
                         NORMAL    RECORD    YEAR
 MAXIMUM TEMPERATURE (F)   67        79      2012
                                             2007
 MINIMUM TEMPERATURE (F)   50        43      2002


SUNRISE AND SUNSET
MARCH  2 2015.........SUNRISE   619 AM PST   SUNSET   549 PM PST
MARCH  3 2015.........SUNRISE   618 AM PST   SUNSET   550 PM PST


-  INDICATES NEGATIVE NUMBERS.
R  INDICATES RECORD WAS SET OR TIED.
MM INDICATES DATA IS MISSING.
T  INDICATES TRACE AMOUNT.




$$
