000
CDUS46 KSGX 291424
CLISNA


CLIMATE REPORT
NATIONAL WEATHER SERVICE SAN DIEGO, CA
723 AM PDT WED JUL 29 2015


...................................

...THE JOHN WAYNE AIRPORT CA CLIMATE SUMMARY FOR JULY 28 2015...

CLIMATE NORMAL PERIOD 1981 TO 2010
CLIMATE RECORD PERIOD 1999 TO 2015


WEATHER ITEM   OBSERVED TIME   RECORD YEAR NORMAL DEPARTURE LAST
                VALUE   (LST)  VALUE       VALUE  FROM      YEAR
                                                  NORMAL
..................................................................
TEMPERATURE (F)
 YESTERDAY
  MAXIMUM         79   1212 PM  92    2014  79      0       92
  MINIMUM         67    525 AM  57    2007  65      2       73
  AVERAGE         73                        72      1       83

PRECIPITATION (IN)
  YESTERDAY        0.00          T    2014   0.00   0.00      T
  MONTH TO DATE    0.44                      0.03   0.41      T
  SINCE OCT 1      7.29                     13.07  -5.78     3.52
  SINCE JAN 1      3.49                      8.99  -5.50     2.59

DEGREE DAYS
 HEATING
  YESTERDAY        0                         0      0        0
  MONTH TO DATE    0                         0      0        0
  SINCE JUN 1      0                         7     -7        0
  SINCE JUL 1      0                         0      0        0

 COOLING
  YESTERDAY        8                         7      1       18
  MONTH TO DATE  206                       170     36      309
  SINCE JUN 1    355                       246    109      499
  SINCE JAN 1    596                       313    283      836
..................................................................


WIND (MPH)
  RESULTANT WIND SPEED   4   RESULTANT WIND DIRECTION  SW (210)
  HIGHEST WIND SPEED    14   HIGHEST WIND DIRECTION    SW (210)
  HIGHEST GUST SPEED    20   HIGHEST GUST DIRECTION     S (200)
  AVERAGE WIND SPEED     5.5


SKY COVER
  POSSIBLE SUNSHINE  MM
  AVERAGE SKY COVER 0.4


WEATHER CONDITIONS
 THE FOLLOWING WEATHER WAS RECORDED YESTERDAY.
  NO SIGNIFICANT WEATHER WAS OBSERVED.


RELATIVE HUMIDITY (PERCENT)
 HIGHEST    87           200 AM
 LOWEST     58          1200 PM
 AVERAGE    73

..........................................................


THE JOHN WAYNE AIRPORT CA CLIMATE NORMALS FOR TODAY
                         NORMAL    RECORD    YEAR
 MAXIMUM TEMPERATURE (F)   79        86      2014
 MINIMUM TEMPERATURE (F)   65        62      1999


SUNRISE AND SUNSET
JULY 29 2015..........SUNRISE   601 AM PDT   SUNSET   754 PM PDT
JULY 30 2015..........SUNRISE   602 AM PDT   SUNSET   753 PM PDT


-  INDICATES NEGATIVE NUMBERS.
R  INDICATES RECORD WAS SET OR TIED.
MM INDICATES DATA IS MISSING.
T  INDICATES TRACE AMOUNT.




$$
