000
CDAK48 PASN 262334
CLISNP

CLIMATE REPORT
NATIONAL WEATHER SERVICE ST PAUL, AK
334 PM AKDT TUE MAY 26 2015

...................................
...THE ST PAUL AIRPORT CLIMATE SUMMARY FOR MAY 26 2015...
VALID TODAY AS OF 2:00 PM LOCAL TIME

CLIMATE NORMAL PERIOD  1981 TO  2010
CLIMATE RECORD PERIOD  1892 TO  2015

WEATHER ITEM   OBSERVED TIME    RECORD YEAR NORMAL DEPARTURE LAST
               VALUE    (LST)   VALUE       VALUE  FROM      YEAR
                                                   NORMAL
...................................................................
TEMPERATURE
TODAY
 MAXIMUM            46  0138 PM    52  1957     43       3     44
 MINIMUM            42  1107 AM    25  1988     34       8     40
 AVERAGE            44                          38       6     42

PRECIPITATION
(INCHES)
 TODAY            0.10           0.31  1972   0.04    0.06   0.25
 MONTH TO DATE    1.81                        0.95    0.86   0.40
 SINCE MAR 1      3.74                        3.10    0.64   2.50
 SINCE JAN 1      6.06                        5.98    0.08   6.83

SNOWFALL
(INCHES)
 TODAY             0.0            0.4  1973    0.1    -0.1    0.0
 MONTH TO DATE     0.3                         1.1    -0.8      T
 SINCE MAR 1      18.9                        14.8     4.1    9.4
 SINCE JUL 1      48.6                        59.8   -11.2   43.7
 SNOW DEPTH (IN)     0                                          0

DEGREE DAYS
 HEATING
  TODAY             21                          27      -6     23
  MONTH TO DATE    664                         762     -98    679
  SINCE MAR 1     2893                        3070    -177   2851
  SINCE JUL 1     8850                        9989   -1139   9297

 COOLING
  TODAY              0                           0       0      0
  MONTH TO DATE      0                           0       0      0
  SINCE MAR 1        0                           0       0      0
  SINCE JAN 1        0                           0       0      0
...................................................................

WIND (MPH)
 HIGHEST WIND SPEED    32     HIGHEST WIND DIRECTION    140
 HIGHEST GUST SPEED    43     HIGHEST GUST DIRECTION    110
 AVERAGE WIND SPEED    MM

SKY COVER
  POSSIBLE SUNSHINE  MM            AVERAGE SKY COVER MM

WEATHER CONDITIONS
 THE FOLLOWING WEATHER WAS RECORDED TODAY.
SMOKE OR HAZE
FOG
RAIN


RELATIVE HUMIDITY
 HIGHEST RH     MM PERCENT       MM
 LOWEST  RH     MM PERCENT       MM
 AVERAGE RH     MM PERCENT       MM
...................................................................

THE ST PAUL CLIMATE NORMALS FOR TOMORROW
                        NORMAL    RECORD   YEAR
 MAXIMUM TEMPERATURE      43        53     2006
 MINIMUM TEMPERATURE      34        26     1981

SUNRISE AND SUNSET
 MAY 26 2015..........SUNRISE  6:43 AM      SUNSET 11:55 PM
 MAY 27 2015..........SUNRISE  6:41 AM      SUNSET 11:57 PM

-  INDICATES NEGATIVE NUMBERS.
R  INDICATES RECORD HAS BEEN SET OR TIED.
MM INDICATES DATA IS MISSING.
T  INDICATES TRACE OF PRECIPITATION.

&&
-------------------------------------------------------------------

AMOUNT OF DAYLIGHT TODAY  (HOUR:MIN)........17 HOURS 12 MINUTES
GAIN/LOSS SINCE YESTERDAY (HOUR:MIN:SEC)....+0:03:11

$$
WIW MAY 15
