000
CDAK48 PASN 302319
CLISNP

CLIMATE REPORT
NATIONAL WEATHER SERVICE ST PAUL, AK
319 PM AKDT SAT JUL 30 2016

...................................
...THE ST PAUL AIRPORT CLIMATE SUMMARY FOR JULY 30 2016...
VALID TODAY AS OF 2:00 PM LOCAL TIME

CLIMATE NORMAL PERIOD  1981 TO  2010
CLIMATE RECORD PERIOD  1892 TO  2016

WEATHER ITEM   OBSERVED TIME    RECORD YEAR NORMAL DEPARTURE LAST
               VALUE    (LST)   VALUE       VALUE  FROM      YEAR
                                                   NORMAL
...................................................................
TEMPERATURE
TODAY
 MAXIMUM            52  1259 PM    60  1958     52       0     56
 MINIMUM            51  0726 AM    34  1996     45       6     48
 AVERAGE            52                          48       4     52

PRECIPITATION
(INCHES)
 TODAY               T           0.59  1962   0.08   -0.08   0.01
 MONTH TO DATE    0.77                        1.78   -1.01   1.84
 SINCE JUN 1      2.46                        3.13   -0.67   2.76
 SINCE JAN 1      8.38                        9.29   -0.91   9.04

SNOWFALL
(INCHES)
 TODAY             0.0            0.0  2016    0.0     0.0    0.0
 MONTH TO DATE     0.0                         0.0     0.0    0.0
 SINCE JUN 1       0.0                         0.0     0.0    0.0
 SINCE JUL 1       0.0                         0.0     0.0    0.0
 SNOW DEPTH (IN)     0                                          0

DEGREE DAYS
 HEATING
  TODAY             13                          17      -4     13
  MONTH TO DATE    381                         536    -155    466
  SINCE JUN 1      913                        1215    -302   1086
  SINCE JUL 1      381                         536    -155    466

 COOLING
  TODAY              0                           0       0      0
  MONTH TO DATE      0                           0       0      0
  SINCE JUN 1        0                           0       0      0
  SINCE JAN 1        0                           0       0      0
...................................................................

WIND (MPH)
 HIGHEST WIND SPEED    24     HIGHEST WIND DIRECTION    220
 HIGHEST GUST SPEED    30     HIGHEST GUST DIRECTION    220
 AVERAGE WIND SPEED    MM

SKY COVER
  POSSIBLE SUNSHINE  MM            AVERAGE SKY COVER MM

WEATHER CONDITIONS
 THE FOLLOWING WEATHER WAS RECORDED TODAY.
  FOG
  RAIN


RELATIVE HUMIDITY
 HIGHEST RH     MM PERCENT       MM
 LOWEST  RH     MM PERCENT       MM
 AVERAGE RH     MM PERCENT       MM
...................................................................

THE ST PAUL CLIMATE NORMALS FOR TOMORROW
                        NORMAL    RECORD   YEAR
 MAXIMUM TEMPERATURE      52        63     2014
 MINIMUM TEMPERATURE      45        37     2000

SUNRISE AND SUNSET
 JUL 30 2016..........SUNRISE  7:17 AM      SUNSET 11:37 PM
 JUL 31 2016..........SUNRISE  7:19 AM      SUNSET 11:35 PM

-  INDICATES NEGATIVE NUMBERS.
R  INDICATES RECORD HAS BEEN SET OR TIED.
MM INDICATES DATA IS MISSING.
T  INDICATES TRACE OF PRECIPITATION.

&&
-------------------------------------------------------------------

AMOUNT OF DAYLIGHT TODAY  (HOUR:MIN)........16 HOURS 20 MINUTES
GAIN/LOSS SINCE YESTERDAY (HOUR:MIN:SEC)....-0:04:02

$$
HCH JUL 16
