000
CDAK48 PASN 281127
CLISNP

CLIMATE REPORT
NATIONAL WEATHER SERVICE ST PAUL, AK
227 AM AKST WED JAN 28 2015

...................................
...THE ST PAUL AIRPORT CLIMATE SUMMARY FOR JANUARY 27 2015...

CLIMATE NORMAL PERIOD  1981 TO  2010
CLIMATE RECORD PERIOD  1892 TO  2015

WEATHER ITEM   OBSERVED TIME    RECORD YEAR NORMAL DEPARTURE LAST
               VALUE    (LST)   VALUE       VALUE  FROM      YEAR
                                                   NORMAL
...................................................................
TEMPERATURE
YESTERDAY
 MAXIMUM            26  0625 PM    43  1963     28      -2     36
 MINIMUM            24  1128 AM    -5  1989     20       4     34
 AVERAGE            25                          24       1     35

PRECIPITATION
(INCHES)
 YESTERDAY        0.12           0.34  1996   0.05    0.07   0.29
 MONTH TO DATE    1.20                        1.40   -0.20   3.09
 SINCE DEC 1      4.16                        3.65    0.51   6.28
 SINCE JAN 1      1.20                        1.40   -0.20   3.09

SNOWFALL
(INCHES)
 YESTERDAY         5.9R           2.0  2007    0.4     5.5    0.0
 MONTH TO DATE    13.9                        11.1     2.8   16.7
 SINCE DEC 1      18.2                        23.2    -5.0   22.2
 SINCE JUL 1      18.9                        33.5   -14.6   24.9
 SNOW DEPTH (IN)     9                                          9

DEGREE DAYS
 HEATING
  YESTERDAY         40                          41      -1     30
  MONTH TO DATE    920                        1074    -154    946
  SINCE DEC 1     1884                        2195    -311   1929
  SINCE JUL 1     4789                        5615    -826   5211

 COOLING
  YESTERDAY          0                           0       0      0
  MONTH TO DATE      0                           0       0      0
  SINCE DEC 1        0                           0       0      0
  SINCE JAN 1        0                           0       0      0
...................................................................

WIND (MPH)
 HIGHEST WIND SPEED    38     HIGHEST WIND DIRECTION     20
 HIGHEST GUST SPEED    45     HIGHEST GUST DIRECTION     10
 AVERAGE WIND SPEED  30.8

SKY COVER
  POSSIBLE SUNSHINE    MM          AVERAGE SKY COVER     MM

WEATHER CONDITIONS
 THE FOLLOWING WEATHER WAS RECORDED YESTERDAY.
  FOG
BLOWING SNOW
SNOW


RELATIVE HUMIDITY
 HIGHEST RH     MM PERCENT       MM
 LOWEST  RH     MM PERCENT       MM
 AVERAGE RH     MM PERCENT       MM
...................................................................

THE ST PAUL CLIMATE NORMALS FOR TODAY
                           NORMAL    RECORD   YEAR
 MAXIMUM TEMPERATURE (F)     28        41     1963
 MINIMUM TEMPERATURE (F)     20        -7     1989

SUNRISE AND SUNSET
 JAN 28 2015..........SUNRISE 10:29 AM      SUNSET  6:41 PM
 JAN 29 2015..........SUNRISE 10:27 AM      SUNSET  6:43 PM

-  INDICATES NEGATIVE NUMBERS.
R  INDICATES RECORD HAS BEEN SET OR TIED.
MM INDICATES DATA IS MISSING.
T  INDICATES TRACE OF PRECIPITATION.

&&
-------------------------------------------------------------------

AMOUNT OF DAYLIGHT TODAY  (HOUR:MIN)........8 HOURS 12 MINUTES
GAIN/LOSS SINCE YESTERDAY (HOUR:MIN:SEC)....+0:04:05

$$
HCH JAN 15
