000
CDAK48 PASN 031132
CLISNP

CLIMATE REPORT
NATIONAL WEATHER SERVICE ST PAUL, AK
232 AM AKST TUE MAR 3 2015

...................................
...THE ST PAUL AIRPORT CLIMATE SUMMARY FOR MARCH 2 2015...

CLIMATE NORMAL PERIOD  1981 TO  2010
CLIMATE RECORD PERIOD  1892 TO  2015

WEATHER ITEM   OBSERVED TIME    RECORD YEAR NORMAL DEPARTURE LAST
               VALUE    (LST)   VALUE       VALUE  FROM      YEAR
                                                   NORMAL
...................................................................
TEMPERATURE
YESTERDAY
 MAXIMUM            40R 0435 PM    40  1996     29      11     33
 MINIMUM            34  1159 PM   -13  1956     20      14     30
 AVERAGE            37                          25      12     32

PRECIPITATION
(INCHES)
 YESTERDAY        0.17           0.41  1894   0.03    0.14   0.00
 MONTH TO DATE    0.17                        0.07    0.10      T
 SINCE MAR 1      0.17                        0.07    0.10   0.00
 SINCE JAN 1      2.49                        2.95   -0.46   4.33

SNOWFALL
(INCHES)
 YESTERDAY         0.0            3.4  2013    0.2    -0.2    0.0
 MONTH TO DATE     0.0                         0.5    -0.5      T
 SINCE MAR 1       0.0                         0.5    -0.5    0.0
 SINCE JUL 1      29.7                        45.5   -15.8   34.3
 SNOW DEPTH (IN)     T                                          6

DEGREE DAYS
 HEATING
  YESTERDAY         28                          40     -12     33
  MONTH TO DATE     57                          80     -23     65
  SINCE MAR 1       57                          80     -23     65
  SINCE JUL 1     6014                        6999    -985   6511

 COOLING
  YESTERDAY          0                           0       0      0
  MONTH TO DATE      0                           0       0      0
  SINCE MAR 1        0                           0       0      0
  SINCE JAN 1        0                           0       0      0
...................................................................

WIND (MPH)
 HIGHEST WIND SPEED    29     HIGHEST WIND DIRECTION    320
 HIGHEST GUST SPEED    39     HIGHEST GUST DIRECTION    330
 AVERAGE WIND SPEED  14.2

SKY COVER
  POSSIBLE SUNSHINE    MM          AVERAGE SKY COVER     MM

WEATHER CONDITIONS
 THE FOLLOWING WEATHER WAS RECORDED YESTERDAY.
FOG
DRIZZLE
RAIN


RELATIVE HUMIDITY
 HIGHEST RH     MM PERCENT       MM
 LOWEST  RH     MM PERCENT       MM
 AVERAGE RH     MM PERCENT       MM
...................................................................

THE ST PAUL CLIMATE NORMALS FOR TODAY
                           NORMAL    RECORD   YEAR
 MAXIMUM TEMPERATURE (F)     29        40     2003
 MINIMUM TEMPERATURE (F)     20       -10     1956

SUNRISE AND SUNSET
 MAR 3 2015..........SUNRISE  9:09 AM      SUNSET  7:58 PM
 MAR 4 2015..........SUNRISE  9:07 AM      SUNSET  8:01 PM

-  INDICATES NEGATIVE NUMBERS.
R  INDICATES RECORD HAS BEEN SET OR TIED.
MM INDICATES DATA IS MISSING.
T  INDICATES TRACE OF PRECIPITATION.

&&
-------------------------------------------------------------------

AMOUNT OF DAYLIGHT TODAY  (HOUR:MIN)........10 HOURS 49 MINUTES
GAIN/LOSS SINCE YESTERDAY (HOUR:MIN:SEC)....+0:04:51

$$
WIW MAR 15
