000
CDAK48 PAFC 231441 CCA
CLISNP

CLIMATE REPORT
NATIONAL WEATHER SERVICE ANCHORAGE, AK
429 AM AKST THU NOV 23 2017


...................................

...THE SAINT PAUL ISLAND CLIMATE SUMMARY FOR NOVEMBER 22 2017...

CLIMATE NORMAL PERIOD 1981 TO 2010
CLIMATE RECORD PERIOD 1892 TO 2017


WEATHER ITEM   OBSERVED TIME   RECORD YEAR NORMAL DEPARTURE LAST
                VALUE   (LST)  VALUE       VALUE  FROM      YEAR
                                                  NORMAL
..................................................................
TEMPERATURE (F)
 YESTERDAY
  MAXIMUM         45R   837 AM  43    2015  36      9       39
  MINIMUM         32   1011 PM  16    2007  28      4       27
                                      1972
  AVERAGE         39                        32      7       33

PRECIPITATION (IN)
  YESTERDAY        1.36R         0.34 1955   0.10   1.26     0.10
  MONTH TO DATE    3.60                      2.18   1.42     2.71
  SINCE SEP 1      8.70                      8.28   0.42    12.45
  SINCE JAN 1     21.37                     20.71   0.66    23.19

SNOWFALL (IN)
  YESTERDAY        T             2.8  1967   0.3   -0.3       T
  MONTH TO DATE    T                         5.5   -5.5      3.9
  SINCE SEP 1      2.4                       7.5   -5.1      3.9
  SINCE JUL 1      2.4                       7.5   -5.1      3.9
  SNOW DEPTH       T

DEGREE DAYS
 HEATING
  YESTERDAY       26                        33     -7       32
  MONTH TO DATE  544                       690   -146      662
  SINCE SEP 1   1872                      2098   -226     1697
  SINCE JUL 1   2863                      3151   -288     2310

 COOLING
  YESTERDAY        0                         0      0        0
  MONTH TO DATE    0                         0      0        0
  SINCE SEP 1      0                         0      0        0
  SINCE JAN 1      0                         0      0        0
..................................................................


WIND (MPH)
  RESULTANT WIND SPEED  26   RESULTANT WIND DIRECTION   W (250)
  HIGHEST WIND SPEED    52   HIGHEST WIND DIRECTION     W (290)
  HIGHEST GUST SPEED    69   HIGHEST GUST DIRECTION     W (290)
  AVERAGE WIND SPEED    37.0



WEATHER CONDITIONS
 THE FOLLOWING WEATHER WAS RECORDED YESTERDAY.
  LIGHT RAIN
  LIGHT SNOW
  FOG
  HAZE


..........................................................


THE SAINT PAUL ISLAND CLIMATE NORMALS FOR TODAY
                         NORMAL    RECORD    YEAR
 MAXIMUM TEMPERATURE (F)   36        44      2003
                                             1970
 MINIMUM TEMPERATURE (F)   28        11      1972


SUNRISE AND SUNSET
NOVEMBER 23 2017......SUNRISE  1021 AM AKST  SUNSET   553 PM AKST
NOVEMBER 24 2017......SUNRISE  1023 AM AKST  SUNSET   552 PM AKST


-  INDICATES NEGATIVE NUMBERS.
R  INDICATES RECORD WAS SET OR TIED.
MM INDICATES DATA IS MISSING.
T  INDICATES TRACE AMOUNT.




$$
