000
CDAK48 PASN 241301
CLISNP


CLIMATE REPORT
NATIONAL WEATHER SERVICE ANCHORAGE, AK
501 AM AKDT MON APR 24 2017


...................................

...THE SAINT PAUL ISLAND CLIMATE SUMMARY FOR APRIL 23 2017...

CLIMATE NORMAL PERIOD 1981 TO 2010
CLIMATE RECORD PERIOD 1892 TO 2017


WEATHER ITEM   OBSERVED TIME   RECORD YEAR NORMAL DEPARTURE LAST
                VALUE   (LST)  VALUE       VALUE  FROM      YEAR
                                                  NORMAL
..................................................................
TEMPERATURE (F)
 YESTERDAY
  MAXIMUM         38    532 PM  45    1978  35      3       MM
  MINIMUM         33    541 AM  -8    1976  27      6       MM
  AVERAGE         36                        31      5       MM

PRECIPITATION (IN)
  YESTERDAY        0.01          0.31 1998   0.04  -0.03      T
  MONTH TO DATE    0.95                      0.83   0.12     1.07
  SINCE MAR 1      1.05                      1.90  -0.85     2.09
  SINCE JAN 1      4.14                      4.78  -0.64     4.85

SNOWFALL (IN)
  YESTERDAY        T            MM      MM   0.1   -0.1     MM
  MONTH TO DATE    0.2                       4.8   -4.6      0.0
  SINCE MAR 1      0.6                      12.8  -12.2      0.0
  SINCE JUL 1     48.8                      57.8   -9.0     23.7
  SNOW DEPTH       0

DEGREE DAYS
 HEATING
  YESTERDAY       29                        34     -5       MM
  MONTH TO DATE  779                       841    -62      548
  SINCE MAR 1   1988                      2086    -98     1500
  SINCE JUL 1   7863                      9003  -1140     6685

 COOLING
  YESTERDAY        0                         0      0       MM
  MONTH TO DATE    0                         0      0        0
  SINCE MAR 1      0                         0      0        0
  SINCE JAN 1      0                         0      0        0
..................................................................


WIND (MPH)
  RESULTANT WIND SPEED  15   RESULTANT WIND DIRECTION   E (70)
  HIGHEST WIND SPEED    22   HIGHEST WIND DIRECTION     E (70)
  HIGHEST GUST SPEED    27   HIGHEST GUST DIRECTION     E (70)
  AVERAGE WIND SPEED    15.0



WEATHER CONDITIONS
 THE FOLLOWING WEATHER WAS RECORDED YESTERDAY.
  LIGHT SNOW
  FOG


..........................................................


THE SAINT PAUL ISLAND CLIMATE NORMALS FOR TODAY
                         NORMAL    RECORD    YEAR
 MAXIMUM TEMPERATURE (F)   35        43      1979
 MINIMUM TEMPERATURE (F)   27         2      1976


SUNRISE AND SUNSET
APRIL 24 2017.........SUNRISE   748 AM AKDT  SUNSET  1051 PM AKDT
APRIL 25 2017.........SUNRISE   745 AM AKDT  SUNSET  1053 PM AKDT


-  INDICATES NEGATIVE NUMBERS.
R  INDICATES RECORD WAS SET OR TIED.
MM INDICATES DATA IS MISSING.
T  INDICATES TRACE AMOUNT.




$$
