000
CDAK48 PASN 291147
CLISNP

CLIMATE REPORT
NATIONAL WEATHER SERVICE ST PAUL, AK
347 AM AKDT SUN MAY 29 2016

...................................
...THE ST PAUL AIRPORT CLIMATE SUMMARY FOR MAY 28 2016...

CLIMATE NORMAL PERIOD  1981 TO  2010
CLIMATE RECORD PERIOD  1892 TO  2016

WEATHER ITEM   OBSERVED TIME    RECORD YEAR NORMAL DEPARTURE LAST
               VALUE    (LST)   VALUE       VALUE  FROM      YEAR
                                                   NORMAL
...................................................................
TEMPERATURE
YESTERDAY
 MAXIMUM            51  0326 PM    59  1997     43       8     44
 MINIMUM            39  0549 AM    28  1987     34       5     40
 AVERAGE            45                          39       6     42

PRECIPITATION
(INCHES)
 YESTERDAY        0.00           0.60  1893   0.04   -0.04   0.22
 MONTH TO DATE    0.79                        1.02   -0.23   2.03
 SINCE MAR 1      3.10                        3.17   -0.07   3.96
 SINCE JAN 1      5.91                        6.05   -0.14   6.28

SNOWFALL
(INCHES)
 YESTERDAY         0.0              T  2001    0.0     0.0    0.0
 MONTH TO DATE       T                         1.1    -1.1    0.3
 SINCE MAR 1      11.8                        14.8    -3.0   18.9
 SINCE JUL 1      52.6                        59.8    -7.2   48.6
 SNOW DEPTH (IN)     0                                          0

DEGREE DAYS
 HEATING
  YESTERDAY         20                          27      -7     23
  MONTH TO DATE    683                         816    -133    707
  SINCE MAR 1     2667                        3124    -457   2936
  SINCE JUL 1     8692                       10043   -1351   8893

 COOLING
  YESTERDAY          0                           0       0      0
  MONTH TO DATE      0                           0       0      0
  SINCE MAR 1        0                           0       0      0
  SINCE JAN 1        0                           0       0      0
...................................................................

WIND (MPH)
 HIGHEST WIND SPEED    17     HIGHEST WIND DIRECTION    170
 HIGHEST GUST SPEED    21     HIGHEST GUST DIRECTION    140
 AVERAGE WIND SPEED  10.9

SKY COVER
  POSSIBLE SUNSHINE    MM          AVERAGE SKY COVER     MM

WEATHER CONDITIONS
 THE FOLLOWING WEATHER WAS RECORDED YESTERDAY.
  FOG
  HEAVY FOG

RELATIVE HUMIDITY
 HIGHEST RH     MM PERCENT       MM
 LOWEST  RH     MM PERCENT       MM
 AVERAGE RH     MM PERCENT       MM
...................................................................

THE ST PAUL CLIMATE NORMALS FOR TODAY
                           NORMAL    RECORD   YEAR
 MAXIMUM TEMPERATURE (F)     43        55     1979
 MINIMUM TEMPERATURE (F)     34        28     1971

SUNRISE AND SUNSET
 MAY 29 2016..........SUNRISE  6:38 AM      SUNSET 12:01 AM
 MAY 30 2016..........SUNRISE  6:36 AM      SUNSET 12:03 AM

-  INDICATES NEGATIVE NUMBERS.
R  INDICATES RECORD HAS BEEN SET OR TIED.
MM INDICATES DATA IS MISSING.
T  INDICATES TRACE OF PRECIPITATION.

&&
-------------------------------------------------------------------

AMOUNT OF DAYLIGHT TODAY  (HOUR:MIN)........17 HOURS 23 MINUTES
GAIN/LOSS SINCE YESTERDAY (HOUR:MIN:SEC)....+0:02:12

$$
WIW MAY 16
