000
CDUS46 KMTR 260848
CLISNS


CLIMATE REPORT
NATIONAL WEATHER SERVICE SAN FRANCISCO BAY AREA
148 AM PDT WED APR 26 2017


...................................

...THE SALINAS AIRPORT CLIMATE SUMMARY FOR APRIL 25 2017...

CLIMATE NORMAL PERIOD 1981 TO 2010
CLIMATE RECORD PERIOD 1930 TO 2017


WEATHER ITEM   OBSERVED TIME   RECORD YEAR NORMAL DEPARTURE LAST
                VALUE   (LST)  VALUE       VALUE  FROM      YEAR
                                                  NORMAL
..................................................................
TEMPERATURE (F)
 YESTERDAY
  MAXIMUM         65    153 PM  91    2004  68     -3       64
  MINIMUM         50    445 AM  34    1944  47      3       43
  AVERAGE         58                        58      0       54

PRECIPITATION (IN)
  YESTERDAY        0.00          0.53 1978   0.02  -0.02     0.00
  MONTH TO DATE    0.84                      0.83   0.01     0.45
  SINCE OCT 1     16.36                     12.09   4.27    13.29
  SINCE JAN 1     12.36                      8.18   4.18     8.39

DEGREE DAYS
 HEATING
  YESTERDAY        7                         8     -1       11
  MONTH TO DATE  167                       218    -51      128
  SINCE MAR 1    406                       538   -132      364
  SINCE JUL 1   2168                      2352   -184     1755

 COOLING
  YESTERDAY        0                         0      0        0
  MONTH TO DATE    3                         0      3       18
  SINCE MAR 1      4                         1      3       18
  SINCE JAN 1      4                         1      3       21
..................................................................


WIND (MPH)
  RESULTANT WIND SPEED   9   RESULTANT WIND DIRECTION  SW (240)
  HIGHEST WIND SPEED    20   HIGHEST WIND DIRECTION     W (260)
  HIGHEST GUST SPEED    26   HIGHEST GUST DIRECTION     W (260)
  AVERAGE WIND SPEED     9.2


SKY COVER
  POSSIBLE SUNSHINE  MM
  AVERAGE SKY COVER 0.4


WEATHER CONDITIONS
 THE FOLLOWING WEATHER WAS RECORDED YESTERDAY.
  NO SIGNIFICANT WEATHER WAS OBSERVED.


RELATIVE HUMIDITY (PERCENT)
 HIGHEST    89           400 AM
 LOWEST     56          1200 PM
 AVERAGE    73

..........................................................


THE SALINAS AIRPORT CLIMATE NORMALS FOR TODAY
                         NORMAL    RECORD    YEAR
 MAXIMUM TEMPERATURE (F)   68       100      2004
 MINIMUM TEMPERATURE (F)   48        33      1943


SUNRISE AND SUNSET
APRIL 26 2017.........SUNRISE   618 AM PDT   SUNSET   751 PM PDT
APRIL 27 2017.........SUNRISE   617 AM PDT   SUNSET   752 PM PDT


-  INDICATES NEGATIVE NUMBERS.
R  INDICATES RECORD WAS SET OR TIED.
MM INDICATES DATA IS MISSING.
T  INDICATES TRACE AMOUNT.




$$
