000
CDUS46 KMTR 200831
CLISNS


CLIMATE REPORT
NATIONAL WEATHER SERVICE SAN FRANCISCO BAY AREA
131 AM PDT WED AUG 20 2014


...................................

...THE SALINAS AIRPORT CLIMATE SUMMARY FOR AUGUST 19 2014...

CLIMATE NORMAL PERIOD 1981 TO 2010
CLIMATE RECORD PERIOD 1930 TO 2014


WEATHER ITEM   OBSERVED TIME   RECORD YEAR NORMAL DEPARTURE LAST
                VALUE   (LST)  VALUE       VALUE  FROM      YEAR
                                                  NORMAL
..................................................................
TEMPERATURE (F)
 YESTERDAY
  MAXIMUM         70    307 PM  88    1950  72     -2       76
  MINIMUM         59    118 AM  46    1934  56      3       56
  AVERAGE         65                        64      1       66

PRECIPITATION (IN)
  YESTERDAY        T             0.37 1976   0.00   0.00     0.00
  MONTH TO DATE    T                         0.02  -0.02     0.02
  SINCE JUL 1      0.01                      0.02  -0.01     0.02
  SINCE JAN 1      4.98                      8.74  -3.76     2.35

DEGREE DAYS
 HEATING
  YESTERDAY        0                         2     -2        0
  MONTH TO DATE    3                        38    -35       31
  SINCE JUN 1    155                       229    -74      199
  SINCE JUL 1     41                       116    -75      101

 COOLING
  YESTERDAY        0                         1     -1        1
  MONTH TO DATE   10                        16     -6       13
  SINCE JUN 1     53                        46      7       50
  SINCE JAN 1    103                        62     41       60
..................................................................


WIND (MPH)
  RESULTANT WIND SPEED   7   RESULTANT WIND DIRECTION   W (280)
  HIGHEST WIND SPEED    15   HIGHEST WIND DIRECTION     W (270)
  HIGHEST GUST SPEED    20   HIGHEST GUST DIRECTION     W (270)
  AVERAGE WIND SPEED     7.0


SKY COVER
  POSSIBLE SUNSHINE  MM
  AVERAGE SKY COVER 1.0


WEATHER CONDITIONS
 THE FOLLOWING WEATHER WAS RECORDED YESTERDAY.
  LIGHT RAIN
  FOG


RELATIVE HUMIDITY (PERCENT)
 HIGHEST    90          1200 AM
 LOWEST     61           100 PM
 AVERAGE    76

..........................................................


THE SALINAS AIRPORT CLIMATE NORMALS FOR TODAY
                         NORMAL    RECORD    YEAR
 MAXIMUM TEMPERATURE (F)   72        85      1948
 MINIMUM TEMPERATURE (F)   56        47      1949


SUNRISE AND SUNSET
AUGUST 20 2014........SUNRISE   528 AM PST   SUNSET   651 PM PST
AUGUST 21 2014........SUNRISE   529 AM PST   SUNSET   650 PM PST


-  INDICATES NEGATIVE NUMBERS.
R  INDICATES RECORD WAS SET OR TIED.
MM INDICATES DATA IS MISSING.
T  INDICATES TRACE AMOUNT.




$$
