000
CDUS46 KMTR 180831
CLISNS


CLIMATE REPORT
NATIONAL WEATHER SERVICE SAN FRANCISCO BAY AREA
1231 AM PST MON DEC 18 2017


...................................

...THE SALINAS AIRPORT CLIMATE SUMMARY FOR DECEMBER 17 2017...

CLIMATE NORMAL PERIOD 1981 TO 2010
CLIMATE RECORD PERIOD 1930 TO 2017


WEATHER ITEM   OBSERVED TIME   RECORD YEAR NORMAL DEPARTURE LAST
                VALUE   (LST)  VALUE       VALUE  FROM      YEAR
                                                  NORMAL
..................................................................
TEMPERATURE (F)
 YESTERDAY
  MAXIMUM         67    309 PM  77    1998  61      6       52
  MINIMUM         36    632 AM  30    2008  41     -5       33
                                      1965
  AVERAGE         52                        51      1       43

PRECIPITATION (IN)
  YESTERDAY        0.00          2.62 1977   0.07  -0.07     0.00
  MONTH TO DATE    T                         0.97  -0.97     1.26
  SINCE OCT 1      0.75                      2.95  -2.20     3.82
  SINCE JAN 1     13.24                     11.87   1.37    12.39

DEGREE DAYS
 HEATING
  YESTERDAY       13                        14     -1       22
  MONTH TO DATE  163                       232    -69      219
  SINCE DEC 1    163                       232    -69      219
  SINCE JUL 1    599                       850   -251      789

 COOLING
  YESTERDAY        0                         0      0        0
  MONTH TO DATE    0                         0      0        0
  SINCE DEC 1      0                         0      0        0
  SINCE JAN 1    283                       130    153      113
..................................................................


WIND (MPH)
  RESULTANT WIND SPEED   1   RESULTANT WIND DIRECTION   E (70)
  HIGHEST WIND SPEED    13   HIGHEST WIND DIRECTION     E (100)
  HIGHEST GUST SPEED    14   HIGHEST GUST DIRECTION     E (100)
  AVERAGE WIND SPEED     3.9


SKY COVER
  POSSIBLE SUNSHINE  MM
  AVERAGE SKY COVER 0.0


WEATHER CONDITIONS
 THE FOLLOWING WEATHER WAS RECORDED YESTERDAY.
  NO SIGNIFICANT WEATHER WAS OBSERVED.


RELATIVE HUMIDITY (PERCENT)
 HIGHEST    61           800 PM
 LOWEST     18           300 PM
 AVERAGE    40

..........................................................


THE SALINAS AIRPORT CLIMATE NORMALS FOR TODAY
                         NORMAL    RECORD    YEAR
 MAXIMUM TEMPERATURE (F)   61        74      1985
 MINIMUM TEMPERATURE (F)   41        26      1935


SUNRISE AND SUNSET
DECEMBER 18 2017......SUNRISE   714 AM PST   SUNSET   453 PM PST
DECEMBER 19 2017......SUNRISE   714 AM PST   SUNSET   453 PM PST


-  INDICATES NEGATIVE NUMBERS.
R  INDICATES RECORD WAS SET OR TIED.
MM INDICATES DATA IS MISSING.
T  INDICATES TRACE AMOUNT.




$$
