000
CDUS46 KMTR 040045
CLISNS


CLIMATE REPORT
NATIONAL WEATHER SERVICE SAN FRANCISCO BAY AREA
545 PM PDT MON AUG 3 2015


...................................

...THE SALINAS AIRPORT CLIMATE SUMMARY FOR AUGUST 3 2015...
VALID TODAY AS OF 0500 PM LOCAL TIME.

CLIMATE NORMAL PERIOD 1981 TO 2010
CLIMATE RECORD PERIOD 1930 TO 2015


WEATHER ITEM   OBSERVED TIME   RECORD YEAR NORMAL DEPARTURE LAST
                VALUE   (LST)  VALUE       VALUE  FROM      YEAR
                                                  NORMAL
..................................................................
TEMPERATURE (F)
 TODAY
  MAXIMUM         73    323 PM  89    1998  71      2       70
  MINIMUM         63    425 AM  46    1938  56      7       59
  AVERAGE         68                        63      5       65

PRECIPITATION (IN)
  TODAY            0.00          0.03 1950   0.00   0.00     0.00
  MONTH TO DATE    0.00                      0.00   0.00     0.00
  SINCE OCT 1      9.82                     12.63  -2.81     5.81
  SINCE JAN 1      1.83                      8.72  -6.89     4.98

DEGREE DAYS
 HEATING
  TODAY            0                         2     -2        0
  MONTH TO DATE    0                         6     -6        1
  SINCE JUN 1     83                       197   -114      153
  SINCE JUL 1      2                        84    -82       39

 COOLING
  TODAY            3                         0      3        0
  MONTH TO DATE   10                         0     10        0
  SINCE JUN 1     76                        30     46       43
  SINCE JAN 1    107                        46     61       93
..................................................................


WIND (MPH)
  RESULTANT WIND SPEED   9   RESULTANT WIND DIRECTION   W (270)
  HIGHEST WIND SPEED    18   HIGHEST WIND DIRECTION     W (260)
  HIGHEST GUST SPEED    24   HIGHEST GUST DIRECTION     W (280)
  AVERAGE WIND SPEED    10.2


SKY COVER
  POSSIBLE SUNSHINE  MM
  AVERAGE SKY COVER 0.5


WEATHER CONDITIONS
 THE FOLLOWING WEATHER WAS RECORDED TODAY.
  NO SIGNIFICANT WEATHER WAS OBSERVED.


RELATIVE HUMIDITY (PERCENT)
 HIGHEST    73          1200 AM
 LOWEST     49           100 PM
 AVERAGE    61

..........................................................


THE SALINAS AIRPORT CLIMATE NORMALS FOR TOMORROW
                         NORMAL    RECORD    YEAR
 MAXIMUM TEMPERATURE (F)   71        85      1998
 MINIMUM TEMPERATURE (F)   56        45      1934


SUNRISE AND SUNSET
AUGUST  3 2015........SUNRISE   514 AM PST   SUNSET   711 PM PST
AUGUST  4 2015........SUNRISE   515 AM PST   SUNSET   710 PM PST


-  INDICATES NEGATIVE NUMBERS.
R  INDICATES RECORD WAS SET OR TIED.
MM INDICATES DATA IS MISSING.
T  INDICATES TRACE AMOUNT.




$$
