000
CDUS46 KMTR 060026
CLISNS


CLIMATE REPORT
NATIONAL WEATHER SERVICE SAN FRANCISCO BAY AREA
526 PM PDT THU MAY 5 2016


...................................

...THE SALINAS AIRPORT CLIMATE SUMMARY FOR MAY 5 2016...
VALID TODAY AS OF 0500 PM LOCAL TIME.

CLIMATE NORMAL PERIOD 1981 TO 2010
CLIMATE RECORD PERIOD 1930 TO 2016


WEATHER ITEM   OBSERVED TIME   RECORD YEAR NORMAL DEPARTURE LAST
                VALUE   (LST)  VALUE       VALUE  FROM      YEAR
                                                  NORMAL
..................................................................
TEMPERATURE (F)
 TODAY
  MAXIMUM         69   1115 AM  93    1987  68      1       64
  MINIMUM         55    417 AM  39    1999  49      6       55
  AVERAGE         62                        58      4       60

PRECIPITATION (IN)
  TODAY            T             0.32 1998   0.01  -0.01     0.00
  MONTH TO DATE    T                         0.08  -0.08     0.00
  SINCE OCT 1     13.34                     12.27   1.07     9.46
  SINCE JAN 1      8.44                      8.36   0.08     1.47

DEGREE DAYS
 HEATING
  TODAY            3                         7     -4        5
  MONTH TO DATE   20                        35    -15       23
  SINCE MAR 1    424                       610   -186      313
  SINCE JUL 1   1815                      2424   -609     1162

 COOLING
  TODAY            0                         0      0        0
  MONTH TO DATE    0                         0      0        0
  SINCE MAR 1     18                         7     11       23
  SINCE JAN 1     21                         7     14       31
..................................................................


WIND (MPH)
  RESULTANT WIND SPEED   2   RESULTANT WIND DIRECTION   N (10)
  HIGHEST WIND SPEED    18   HIGHEST WIND DIRECTION    NW (320)
  HIGHEST GUST SPEED    22   HIGHEST GUST DIRECTION    NW (320)
  AVERAGE WIND SPEED     7.4


SKY COVER
  POSSIBLE SUNSHINE  MM
  AVERAGE SKY COVER 0.9


WEATHER CONDITIONS
 THE FOLLOWING WEATHER WAS RECORDED TODAY.
  LIGHT RAIN


RELATIVE HUMIDITY (PERCENT)
 HIGHEST    83          1200 AM
 LOWEST     49           100 PM
 AVERAGE    66

..........................................................


THE SALINAS AIRPORT CLIMATE NORMALS FOR TOMORROW
                         NORMAL    RECORD    YEAR
 MAXIMUM TEMPERATURE (F)   68        90      1949
 MINIMUM TEMPERATURE (F)   49        34      1933


SUNRISE AND SUNSET
MAY  5 2016...........SUNRISE   508 AM PST   SUNSET   659 PM PST
MAY  6 2016...........SUNRISE   507 AM PST   SUNSET   700 PM PST


-  INDICATES NEGATIVE NUMBERS.
R  INDICATES RECORD WAS SET OR TIED.
MM INDICATES DATA IS MISSING.
T  INDICATES TRACE AMOUNT.




$$
