000
CDUS46 KMTR 010837
CLISNS


CLIMATE REPORT
NATIONAL WEATHER SERVICE SAN FRANCISCO BAY AREA
137 AM PDT WED JUL 1 2015


...................................

...THE SALINAS AIRPORT CLIMATE SUMMARY FOR JUNE 30 2015...

CLIMATE NORMAL PERIOD 1981 TO 2010
CLIMATE RECORD PERIOD 1930 TO 2015


WEATHER ITEM   OBSERVED TIME   RECORD YEAR NORMAL DEPARTURE LAST
                VALUE   (LST)  VALUE       VALUE  FROM      YEAR
                                                  NORMAL
..................................................................
TEMPERATURE (F)
 YESTERDAY
  MAXIMUM         75   1012 AM  88    1937  71      4       70
  MINIMUM         56   1159 PM  42    1931  54      2       53
  AVERAGE         66                        63      3       62

PRECIPITATION (IN)
  YESTERDAY        0.00          0.00 2007   0.00   0.00     0.00
  MONTH TO DATE    0.15                      0.09   0.06     0.02
  SINCE OCT 1      9.81                     12.63  -2.82     5.80
  SINCE JAN 1      1.82                      8.72  -6.90     4.97

DEGREE DAYS
 HEATING
  YESTERDAY        0                         3     -3        3
  MONTH TO DATE   81                       113    -32      114
  SINCE JUN 1     81                       113    -32      114
  SINCE JUL 1   1391                      2686  -1295     2059

 COOLING
  YESTERDAY        1                         1      0        0
  MONTH TO DATE   12                        12      0        0
  SINCE JUN 1     12                        12      0        0
  SINCE JAN 1     43                        28     15       50
..................................................................


WIND (MPH)
  RESULTANT WIND SPEED   6   RESULTANT WIND DIRECTION   W (290)
  HIGHEST WIND SPEED    17   HIGHEST WIND DIRECTION    NW (300)
  HIGHEST GUST SPEED    22   HIGHEST GUST DIRECTION    NW (300)
  AVERAGE WIND SPEED     6.8


SKY COVER
  POSSIBLE SUNSHINE  MM
  AVERAGE SKY COVER 0.1


WEATHER CONDITIONS
 THE FOLLOWING WEATHER WAS RECORDED YESTERDAY.
  NO SIGNIFICANT WEATHER WAS OBSERVED.


RELATIVE HUMIDITY (PERCENT)
 HIGHEST    93          1100 PM
 LOWEST     50          1000 AM
 AVERAGE    72

..........................................................


THE SALINAS AIRPORT CLIMATE NORMALS FOR TODAY
                         NORMAL    RECORD    YEAR
 MAXIMUM TEMPERATURE (F)   71        99      1985
 MINIMUM TEMPERATURE (F)   54        44      1931


SUNRISE AND SUNSET
JULY  1 2015..........SUNRISE   451 AM PST   SUNSET   729 PM PST
JULY  2 2015..........SUNRISE   452 AM PST   SUNSET   729 PM PST


-  INDICATES NEGATIVE NUMBERS.
R  INDICATES RECORD WAS SET OR TIED.
MM INDICATES DATA IS MISSING.
T  INDICATES TRACE AMOUNT.




$$
