000
CDUS45 KPIH 110733
CLISNT


CLIMATE REPORT
NATIONAL WEATHER SERVICE POCATELLO ID
1231 AM MST MON DEC 11 2017


...................................

...THE STANLEY ID CLIMATE SUMMARY FOR DECEMBER 10 2017...

CLIMATE NORMAL PERIOD 1981 TO 2010
CLIMATE RECORD PERIOD 1916 TO 2017


WEATHER ITEM   OBSERVED TIME   RECORD YEAR NORMAL DEPARTURE LAST
                VALUE   (LST)  VALUE       VALUE  FROM      YEAR
                                                  NORMAL
..................................................................
TEMPERATURE (F)
 YESTERDAY
  MAXIMUM         23    258 PM  45    2014  25     -2       35
  MINIMUM         -3    839 AM -38    1972   4     -7        6
  AVERAGE         10                        15     -5       21

PRECIPITATION (IN)
  YESTERDAY        0.00          0.85 2015   0.04  -0.04     0.34
  MONTH TO DATE    0.37                      0.37   0.00     1.89
  SINCE OCT 1      7.27                      3.95   3.32     7.35
  SINCE JAN 1     27.32                     16.16  11.16    18.34

SNOWFALL (IN)
  YESTERDAY       MM
  MONTH TO DATE   MM
  SINCE DEC 1     MM
  SINCE JUL 1     MM
  SNOW DEPTH      MM

DEGREE DAYS
 HEATING
  YESTERDAY       55                        50      5       44
  MONTH TO DATE  495                       493      2      532
  SINCE DEC 1    495                       493      2      532
  SINCE JUL 1   3136                      3590   -454     3149

 COOLING
  YESTERDAY        0                         0      0        0
  MONTH TO DATE    0                         0      0        0
  SINCE DEC 1      0                         0      0        0
  SINCE JAN 1     25                         3     22        4
..................................................................


WIND (MPH)
  HIGHEST WIND SPEED     6   HIGHEST WIND DIRECTION     N (350)
  HIGHEST GUST SPEED     7   HIGHEST GUST DIRECTION     N (340)
  AVERAGE WIND SPEED     0.3


SKY COVER
  POSSIBLE SUNSHINE  MM
  AVERAGE SKY COVER 0.0


WEATHER CONDITIONS
 THE FOLLOWING WEATHER WAS RECORDED YESTERDAY.
  NO SIGNIFICANT WEATHER WAS OBSERVED.


RELATIVE HUMIDITY (PERCENT)
 HIGHEST    84           600 PM
 LOWEST     65           300 PM
 AVERAGE    75

..........................................................


THE STANLEY ID CLIMATE NORMALS FOR TODAY
                         NORMAL    RECORD    YEAR
 MAXIMUM TEMPERATURE (F)   25        49      2014
                                             2004
 MINIMUM TEMPERATURE (F)    4       -43      1985


SUNRISE AND SUNSET
DECEMBER 11 2017......SUNRISE   805 AM MST   SUNSET   501 PM MST
DECEMBER 12 2017......SUNRISE   806 AM MST   SUNSET   501 PM MST


-  INDICATES NEGATIVE NUMBERS.
R  INDICATES RECORD WAS SET OR TIED.
MM INDICATES DATA IS MISSING.
T  INDICATES TRACE AMOUNT.




$$
