230
CDUS45 KPIH 212324
CLISNT


CLIMATE REPORT
NATIONAL WEATHER SERVICE POCATELLO ID
522 PM MDT MON AUG 21 2017


...................................

...THE STANLEY ID CLIMATE SUMMARY FOR AUGUST 21 2017...
VALID TODAY AS OF 0500 PM LOCAL TIME.

CLIMATE NORMAL PERIOD 1981 TO 2010
CLIMATE RECORD PERIOD 1916 TO 2017


WEATHER ITEM   OBSERVED TIME   RECORD YEAR NORMAL DEPARTURE LAST
                VALUE   (LST)  VALUE       VALUE  FROM      YEAR
                                                  NORMAL
..................................................................
TEMPERATURE (F)
 TODAY
  MAXIMUM         82    359 PM  90    2009  76      6       82
                                      1969
  MINIMUM         35    619 AM  22    1928  34      1       34
  AVERAGE         59                        55      4       58

PRECIPITATION (IN)
  TODAY            0.00          0.33 1981   0.01  -0.01     0.00
  MONTH TO DATE    0.43                      0.39   0.04     0.02
  SINCE OCT 1     28.98                     15.85  13.13    17.15
  SINCE JAN 1     17.65                     11.00   6.65     9.58

SNOWFALL (IN)
  TODAY           MM
  MONTH TO DATE   MM
  SINCE JUN 1     MM
  SINCE JUL 1     MM
  SNOW DEPTH      MM

DEGREE DAYS
 HEATING
  TODAY            6                        10     -4        7
  MONTH TO DATE  106                       162    -56      144
  SINCE JUN 1    523                       857   -334      684
  SINCE JUL 1    179                       403   -224      380

 COOLING
  TODAY            0                         0      0        0
  MONTH TO DATE    0                         0      0        0
  SINCE JUN 1     21                         3     18        3
  SINCE JAN 1     21                         3     18        3
..................................................................


WIND (MPH)
  HIGHEST WIND SPEED    13   HIGHEST WIND DIRECTION    NW (320)
  HIGHEST GUST SPEED    17   HIGHEST GUST DIRECTION    NW (320)
  AVERAGE WIND SPEED     2.6


SKY COVER
  POSSIBLE SUNSHINE  MM
  AVERAGE SKY COVER 0.0


WEATHER CONDITIONS
 THE FOLLOWING WEATHER WAS RECORDED TODAY.
  NO SIGNIFICANT WEATHER WAS OBSERVED.


RELATIVE HUMIDITY (PERCENT)
 HIGHEST    75           500 AM
 LOWEST     12           300 PM
 AVERAGE    44

..........................................................


THE STANLEY ID CLIMATE NORMALS FOR TOMORROW
                         NORMAL    RECORD    YEAR
 MAXIMUM TEMPERATURE (F)   76        91      1969
 MINIMUM TEMPERATURE (F)   33        20      1969


SUNRISE AND SUNSET
AUGUST 21 2017........SUNRISE   650 AM MDT   SUNSET   834 PM MDT
AUGUST 22 2017........SUNRISE   652 AM MDT   SUNSET   832 PM MDT


-  INDICATES NEGATIVE NUMBERS.
R  INDICATES RECORD WAS SET OR TIED.
MM INDICATES DATA IS MISSING.
T  INDICATES TRACE AMOUNT.




$$
