000
CDUS45 KPIH 200731
CLISNT


CLIMATE REPORT
NATIONAL WEATHER SERVICE POCATELLO ID
1230 AM MST TUE FEB 20 2018


...................................

...THE STANLEY ID CLIMATE SUMMARY FOR FEBRUARY 19 2018...

CLIMATE NORMAL PERIOD 1981 TO 2010
CLIMATE RECORD PERIOD 1916 TO 2018


WEATHER ITEM   OBSERVED TIME   RECORD YEAR NORMAL DEPARTURE LAST
                VALUE   (LST)  VALUE       VALUE  FROM      YEAR
                                                  NORMAL
..................................................................
TEMPERATURE (F)
 YESTERDAY
  MAXIMUM         20    110 PM  56    1923  35    -15       37
  MINIMUM        -14    550 AM -27    1990   4    -18       25
  AVERAGE          3                        20    -17       31

PRECIPITATION (IN)
  YESTERDAY        0.04          0.76 1920   0.04   0.00     0.45
  MONTH TO DATE    0.88                      1.23  -0.35     5.40
  SINCE OCT 1     11.35                      7.60   3.75    16.99
  SINCE JAN 1      3.11                      2.75   0.36     5.66

SNOWFALL (IN)
  YESTERDAY       MM
  MONTH TO DATE   MM
  SINCE DEC 1     MM
  SINCE JUL 1     MM
  SNOW DEPTH      MM

DEGREE DAYS
 HEATING
  YESTERDAY       62                        46     16       34
  MONTH TO DATE  764                       910   -146      713
  SINCE DEC 1   3505                      4042   -537     4239
  SINCE JUL 1   6146                      7139   -993     6856

 COOLING
  YESTERDAY        0                         0      0        0
  MONTH TO DATE    0                         0      0        0
  SINCE DEC 1      0                         0      0        0
  SINCE JAN 1      0                         0      0        0
..................................................................


WIND (MPH)
  HIGHEST WIND SPEED    12   HIGHEST WIND DIRECTION    NW (320)
  HIGHEST GUST SPEED    16   HIGHEST GUST DIRECTION    NW (330)
  AVERAGE WIND SPEED     3.5


SKY COVER
  POSSIBLE SUNSHINE  MM
  AVERAGE SKY COVER 0.0


WEATHER CONDITIONS
 THE FOLLOWING WEATHER WAS RECORDED YESTERDAY.
  NO SIGNIFICANT WEATHER WAS OBSERVED.


RELATIVE HUMIDITY (PERCENT)
 HIGHEST    91          1000 AM
 LOWEST     43           200 PM
 AVERAGE    67

..........................................................


THE STANLEY ID CLIMATE NORMALS FOR TODAY
                         NORMAL    RECORD    YEAR
 MAXIMUM TEMPERATURE (F)   35        60      1923
 MINIMUM TEMPERATURE (F)    5       -27      1990


SUNRISE AND SUNSET
FEBRUARY 20 2018......SUNRISE   731 AM MST   SUNSET   616 PM MST
FEBRUARY 21 2018......SUNRISE   730 AM MST   SUNSET   617 PM MST


-  INDICATES NEGATIVE NUMBERS.
R  INDICATES RECORD WAS SET OR TIED.
MM INDICATES DATA IS MISSING.
T  INDICATES TRACE AMOUNT.




$$
