000
CDUS45 KPIH 200732
CLISNT


CLIMATE REPORT
NATIONAL WEATHER SERVICE POCATELLO ID
1229 AM MST FRI JAN 20 2017


...................................

...THE STANLEY ID CLIMATE SUMMARY FOR JANUARY 19 2017...

CLIMATE NORMAL PERIOD 1981 TO 2010
CLIMATE RECORD PERIOD 1916 TO 2017


WEATHER ITEM   OBSERVED TIME   RECORD YEAR NORMAL DEPARTURE LAST
                VALUE   (LST)  VALUE       VALUE  FROM      YEAR
                                                  NORMAL
..................................................................
TEMPERATURE (F)
 YESTERDAY
  MAXIMUM         34    136 PM  52    1971  27      7       32
  MINIMUM         20   1147 PM -42    1922   2     18        2
  AVERAGE         27                        14     13       17

PRECIPITATION (IN)
  YESTERDAY       MM             0.88 2012   0.05  MM        0.17
  MONTH TO DATE    0.05                      1.00  -0.95     1.39
  SINCE OCT 1     11.38                      5.85   5.53     8.96
  SINCE JAN 1      0.05                      1.00  -0.95     1.39

SNOWFALL (IN)
  YESTERDAY       MM
  MONTH TO DATE   MM
  SINCE DEC 1     MM
  SINCE JUL 1     MM
  SNOW DEPTH      MM

DEGREE DAYS
 HEATING
  YESTERDAY       38                        51    -13       48
  MONTH TO DATE 1160                       969    191      932
  SINCE DEC 1   2905                      2534    371     2435
  SINCE JUL 1   5522                      5631   -109     5207

 COOLING
  YESTERDAY        0                         0      0        0
  MONTH TO DATE    0                         0      0        0
  SINCE DEC 1      0                         0      0        0
  SINCE JAN 1      0                         0      0        0
..................................................................


WIND (MPH)
  HIGHEST WIND SPEED    14   HIGHEST WIND DIRECTION    SE (150)
  HIGHEST GUST SPEED    21   HIGHEST GUST DIRECTION    SE (150)
  AVERAGE WIND SPEED     6.6


SKY COVER
  POSSIBLE SUNSHINE  MM
  AVERAGE SKY COVER 0.0


WEATHER CONDITIONS
 THE FOLLOWING WEATHER WAS RECORDED YESTERDAY.
  NO SIGNIFICANT WEATHER WAS OBSERVED.


RELATIVE HUMIDITY (PERCENT)
 HIGHEST   100           700 PM
 LOWEST     78           500 PM
 AVERAGE    89

..........................................................


THE STANLEY ID CLIMATE NORMALS FOR TODAY
                         NORMAL    RECORD    YEAR
 MAXIMUM TEMPERATURE (F)   27        48      1986
 MINIMUM TEMPERATURE (F)    2       -37      1988


SUNRISE AND SUNSET
JANUARY 20 2017.......SUNRISE   808 AM MST   SUNSET   534 PM MST
JANUARY 21 2017.......SUNRISE   808 AM MST   SUNSET   535 PM MST


-  INDICATES NEGATIVE NUMBERS.
R  INDICATES RECORD WAS SET OR TIED.
MM INDICATES DATA IS MISSING.
T  INDICATES TRACE AMOUNT.




$$
