000
CDUS45 KPIH 292322
CLISNT


CLIMATE REPORT
NATIONAL WEATHER SERVICE POCATELLO ID
422 PM MST THU JAN 29 2015


...................................

...THE STANLEY ID CLIMATE SUMMARY FOR JANUARY 29 2015...
VALID TODAY AS OF 0400 PM LOCAL TIME.

CLIMATE NORMAL PERIOD 1981 TO 2010
CLIMATE RECORD PERIOD 1916 TO 2015


WEATHER ITEM   OBSERVED TIME   RECORD YEAR NORMAL DEPARTURE LAST
                VALUE   (LST)  VALUE       VALUE  FROM      YEAR
                                                  NORMAL
..................................................................
TEMPERATURE (F)
 TODAY
  MAXIMUM         31    358 PM  42    2011  29      2       37
                                      1986
  MINIMUM         11    809 AM -44    1979   1     10       21
  AVERAGE         21                        15      6       29

PRECIPITATION (IN)
  TODAY            0.00          0.71 2014   0.04  -0.04     0.71
  MONTH TO DATE    1.44                      1.44   0.00     1.91
  SINCE OCT 1      8.15                      6.29   1.86     5.52
  SINCE JAN 1      1.44                      1.44   0.00     1.91

SNOWFALL (IN)
  TODAY           MM
  MONTH TO DATE   MM
  SINCE DEC 1     MM
  SINCE JUL 1     MM
  SNOW DEPTH      MM

DEGREE DAYS
 HEATING
  TODAY           44                        50     -6       36
  MONTH TO DATE 1310                      1470   -160     1410
  SINCE DEC 1   2672                      3035   -363     3046
  SINCE JUL 1   5265                      6132   -867     5835

 COOLING
  TODAY            0                         0      0        0
  MONTH TO DATE    0                         0      0        0
  SINCE DEC 1      0                         0      0        0
  SINCE JAN 1      0                         0      0        0
..................................................................


WIND (MPH)
  HIGHEST WIND SPEED     6   HIGHEST WIND DIRECTION     E (90)
  HIGHEST GUST SPEED     6   HIGHEST GUST DIRECTION     E (90)
  AVERAGE WIND SPEED     1.1


SKY COVER
  POSSIBLE SUNSHINE  MM
  AVERAGE SKY COVER 0.0


WEATHER CONDITIONS
 THE FOLLOWING WEATHER WAS RECORDED TODAY.
  NO SIGNIFICANT WEATHER WAS OBSERVED.


RELATIVE HUMIDITY (PERCENT)
 HIGHEST    88          1200 AM
 LOWEST     58           400 PM
 AVERAGE    73

..........................................................


THE STANLEY ID CLIMATE NORMALS FOR TOMORROW
                         NORMAL    RECORD    YEAR
 MAXIMUM TEMPERATURE (F)   29        54      1971
 MINIMUM TEMPERATURE (F)    1       -43      1979


SUNRISE AND SUNSET
JANUARY 29 2015.......SUNRISE   801 AM MST   SUNSET   545 PM MST
JANUARY 30 2015.......SUNRISE   800 AM MST   SUNSET   547 PM MST


-  INDICATES NEGATIVE NUMBERS.
R  INDICATES RECORD WAS SET OR TIED.
MM INDICATES DATA IS MISSING.
T  INDICATES TRACE AMOUNT.




$$
