000
CDUS45 KPIH 090734
CLISNT


CLIMATE REPORT
NATIONAL WEATHER SERVICE POCATELLO ID
1233 AM MST TUE FEB 9 2016


...................................

...THE STANLEY ID CLIMATE SUMMARY FOR FEBRUARY 8 2016...

CLIMATE NORMAL PERIOD 1981 TO 2010
CLIMATE RECORD PERIOD 1916 TO 2016


WEATHER ITEM   OBSERVED TIME   RECORD YEAR NORMAL DEPARTURE LAST
                VALUE   (LST)  VALUE       VALUE  FROM      YEAR
                                                  NORMAL
..................................................................
TEMPERATURE (F)
 YESTERDAY
  MAXIMUM         42    301 PM  47    2015  31     11       47
                                      1995
  MINIMUM          3    826 AM -34    1989   2      1       32
  AVERAGE         23                        16      7       40

PRECIPITATION (IN)
  YESTERDAY        0.00          0.82 1996   0.08  -0.08     0.00
  MONTH TO DATE    0.03                      0.62  -0.59     1.39
  SINCE OCT 1     10.05                      6.99   3.06     9.54
  SINCE JAN 1      2.48                      2.14   0.34     2.83

SNOWFALL (IN)
  YESTERDAY       MM
  MONTH TO DATE   MM
  SINCE DEC 1     MM
  SINCE JUL 1     MM
  SNOW DEPTH      MM

DEGREE DAYS
 HEATING
  YESTERDAY       42                        48     -6       25
  MONTH TO DATE  401                       393      8      249
  SINCE DEC 1   3394                      3525   -131     3029
  SINCE JUL 1   6166                      6622   -456     5622

 COOLING
  YESTERDAY        0                         0      0        0
  MONTH TO DATE    0                         0      0        0
  SINCE DEC 1      0                         0      0        0
  SINCE JAN 1      0                         0      0        0
..................................................................


WIND (MPH)
  HIGHEST WIND SPEED     7   HIGHEST WIND DIRECTION     E (90)
  HIGHEST GUST SPEED     9   HIGHEST GUST DIRECTION     E (100)
  AVERAGE WIND SPEED     1.0


SKY COVER
  POSSIBLE SUNSHINE  MM
  AVERAGE SKY COVER 0.0


WEATHER CONDITIONS
 THE FOLLOWING WEATHER WAS RECORDED YESTERDAY.
  NO SIGNIFICANT WEATHER WAS OBSERVED.


RELATIVE HUMIDITY (PERCENT)
 HIGHEST    87           900 AM
 LOWEST     44           300 PM
 AVERAGE    66

..........................................................


THE STANLEY ID CLIMATE NORMALS FOR TODAY
                         NORMAL    RECORD    YEAR
 MAXIMUM TEMPERATURE (F)   31        46      1996
 MINIMUM TEMPERATURE (F)    2       -43      1923


SUNRISE AND SUNSET
FEBRUARY  9 2016......SUNRISE   748 AM MST   SUNSET   600 PM MST
FEBRUARY 10 2016......SUNRISE   747 AM MST   SUNSET   602 PM MST


-  INDICATES NEGATIVE NUMBERS.
R  INDICATES RECORD WAS SET OR TIED.
MM INDICATES DATA IS MISSING.
T  INDICATES TRACE AMOUNT.




$$
