000
CDUS45 KPIH 202336
CLISNT


CLIMATE REPORT
NATIONAL WEATHER SERVICE POCATELLO ID
534 PM MDT FRI OCT 20 2017


...................................

...THE STANLEY ID CLIMATE SUMMARY FOR OCTOBER 20 2017...
VALID TODAY AS OF 0500 PM LOCAL TIME.

CLIMATE NORMAL PERIOD 1981 TO 2010
CLIMATE RECORD PERIOD 1916 TO 2017


WEATHER ITEM   OBSERVED TIME   RECORD YEAR NORMAL DEPARTURE LAST
                VALUE   (LST)  VALUE       VALUE  FROM      YEAR
                                                  NORMAL
..................................................................
TEMPERATURE (F)
 TODAY
  MAXIMUM         53    412 AM  72    1921  52      1       52
  MINIMUM         32   1103 AM   8    1996  22     10       22
  AVERAGE         43                        37      6       37

PRECIPITATION (IN)
  TODAY            0.08          0.28 2012   0.06   0.02     0.00
  MONTH TO DATE    0.54                      0.70  -0.16     2.70
  SINCE OCT 1      0.54                      0.70  -0.16     2.70
  SINCE JAN 1     20.59                     12.91   7.68    13.69

SNOWFALL (IN)
  TODAY           MM
  MONTH TO DATE   MM
  SINCE SEP 1     MM
  SINCE JUL 1     MM
  SNOW DEPTH      MM

DEGREE DAYS
 HEATING
  TODAY           22                        28     -6       28
  MONTH TO DATE  564                       487     77      512
  SINCE SEP 1    997                      1008    -11      970
  SINCE JUL 1   1212                      1528   -316     1448

 COOLING
  TODAY            0                         0      0        0
  MONTH TO DATE    0                         0      0        0
  SINCE SEP 1      0                         0      0        0
  SINCE JAN 1     25                         3     22        4
..................................................................


WIND (MPH)
  HIGHEST WIND SPEED    18   HIGHEST WIND DIRECTION     S (180)
  HIGHEST GUST SPEED    31   HIGHEST GUST DIRECTION     S (180)
  AVERAGE WIND SPEED     8.4


SKY COVER
  POSSIBLE SUNSHINE  MM
  AVERAGE SKY COVER 0.0


WEATHER CONDITIONS
 THE FOLLOWING WEATHER WAS RECORDED TODAY.
  NO SIGNIFICANT WEATHER WAS OBSERVED.


RELATIVE HUMIDITY (PERCENT)
 HIGHEST    96           900 AM
 LOWEST     23          1200 AM
 AVERAGE    60

..........................................................


THE STANLEY ID CLIMATE NORMALS FOR TOMORROW
                         NORMAL    RECORD    YEAR
 MAXIMUM TEMPERATURE (F)   52        73      2003
 MINIMUM TEMPERATURE (F)   22         1      1996


SUNRISE AND SUNSET
OCTOBER 20 2017.......SUNRISE   801 AM MDT   SUNSET   647 PM MDT
OCTOBER 21 2017.......SUNRISE   803 AM MDT   SUNSET   645 PM MDT


-  INDICATES NEGATIVE NUMBERS.
R  INDICATES RECORD WAS SET OR TIED.
MM INDICATES DATA IS MISSING.
T  INDICATES TRACE AMOUNT.




$$
