000
CDUS45 KPIH 240736
CLISNT


CLIMATE REPORT
NATIONAL WEATHER SERVICE POCATELLO ID
132 AM MDT WED MAY 24 2017


...................................

...THE STANLEY ID CLIMATE SUMMARY FOR MAY 23 2017...

CLIMATE NORMAL PERIOD 1981 TO 2010
CLIMATE RECORD PERIOD 1916 TO 2017


WEATHER ITEM   OBSERVED TIME   RECORD YEAR NORMAL DEPARTURE LAST
                VALUE   (LST)  VALUE       VALUE  FROM      YEAR
                                                  NORMAL
..................................................................
TEMPERATURE (F)
 YESTERDAY
  MAXIMUM         74    306 PM  78    2001  60     14       53
  MINIMUM         30    552 AM  14    1966  30      0       30
  AVERAGE         52                        45      7       42

PRECIPITATION (IN)
  YESTERDAY        0.00          0.40 1965   0.06  -0.06     0.00
  MONTH TO DATE    1.14                      1.30  -0.16     0.99
  SINCE OCT 1     26.66                     12.99  13.67    16.41
  SINCE JAN 1     15.33                      8.14   7.19     8.84

SNOWFALL (IN)
  YESTERDAY       MM
  MONTH TO DATE   MM
  SINCE MAR 1     MM
  SINCE JUL 1     MM
  SNOW DEPTH      MM

DEGREE DAYS
 HEATING
  YESTERDAY       13                        20     -7       23
  MONTH TO DATE  470                       530    -60      456
  SINCE MAR 1   2422                      2656   -234     2272
  SINCE JUL 1   9679                     10190   -511     9222

 COOLING
  YESTERDAY        0                         0      0        0
  MONTH TO DATE    0                         0      0        0
  SINCE MAR 1      0                         0      0        0
  SINCE JAN 1      0                         0      0        0
..................................................................


WIND (MPH)
  HIGHEST WIND SPEED    12   HIGHEST WIND DIRECTION    NW (330)
  HIGHEST GUST SPEED    17   HIGHEST GUST DIRECTION     N (360)
  AVERAGE WIND SPEED     3.6


SKY COVER
  POSSIBLE SUNSHINE  MM
  AVERAGE SKY COVER 0.0


WEATHER CONDITIONS
 THE FOLLOWING WEATHER WAS RECORDED YESTERDAY.
  NO SIGNIFICANT WEATHER WAS OBSERVED.


RELATIVE HUMIDITY (PERCENT)
 HIGHEST    92           400 AM
 LOWEST     18           100 PM
 AVERAGE    55

..........................................................


THE STANLEY ID CLIMATE NORMALS FOR TODAY
                         NORMAL    RECORD    YEAR
 MAXIMUM TEMPERATURE (F)   60        81      2003
 MINIMUM TEMPERATURE (F)   30        19      1964


SUNRISE AND SUNSET
MAY 24 2017...........SUNRISE   604 AM MDT   SUNSET   909 PM MDT
MAY 25 2017...........SUNRISE   604 AM MDT   SUNSET   910 PM MDT


-  INDICATES NEGATIVE NUMBERS.
R  INDICATES RECORD WAS SET OR TIED.
MM INDICATES DATA IS MISSING.
T  INDICATES TRACE AMOUNT.




$$
