000
CDUS45 KCYS 200729
CLISNY


CLIMATE REPORT
NATIONAL WEATHER SERVICE CHEYENNE WY
129 AM MDT MON OCT 20 2014


...................................

...THE SIDNEY NE AIRPORT CLIMATE SUMMARY FOR OCTOBER 19 2014...

CLIMATE NORMAL PERIOD 1981 TO 2010
CLIMATE RECORD PERIOD 1948 TO 2014


WEATHER ITEM   OBSERVED TIME   RECORD YEAR NORMAL DEPARTURE LAST
                VALUE   (LST)  VALUE       VALUE  FROM      YEAR
                                                  NORMAL
..................................................................
TEMPERATURE (F)
 YESTERDAY
  MAXIMUM         74    312 PM  90    2003  64     10       62
  MINIMUM         36    507 AM  15    1989  34      2       29
  AVERAGE         55                        49      6       46

PRECIPITATION (IN)
  YESTERDAY        0.00          0.26 1957   0.03  -0.03     0.00
  MONTH TO DATE    0.81                      0.73   0.08     1.23
  SINCE JAN 1     15.48                     17.14  -1.66    16.45

DEGREE DAYS
 HEATING
  YESTERDAY       10                        16     -6       19
  MONTH TO DATE  225                       245    -20      322
  SINCE SEP 1    330                       374    -44      417
  SINCE JUL 1    342                       385    -43      426

 COOLING
  YESTERDAY        0                         0      0        0
  MONTH TO DATE    0                         1     -1        0
  SINCE SEP 1     79                        85     -6      155
  SINCE JAN 1    637                       827   -190      918
..................................................................


WIND (MPH)
  HIGHEST WIND SPEED    14   HIGHEST WIND DIRECTION    NW (310)
  HIGHEST GUST SPEED    16   HIGHEST GUST DIRECTION    NE (60)
  AVERAGE WIND SPEED     5.7


SKY COVER
  AVERAGE SKY COVER 0.0


WEATHER CONDITIONS
 THE FOLLOWING WEATHER WAS RECORDED YESTERDAY.
  NO SIGNIFICANT WEATHER WAS OBSERVED.


RELATIVE HUMIDITY (PERCENT)
 HIGHEST    92           100 AM
 LOWEST     27           100 PM
 AVERAGE    60

..........................................................


THE SIDNEY NE AIRPORT CLIMATE NORMALS FOR TODAY
                         NORMAL    RECORD    YEAR
 MAXIMUM TEMPERATURE (F)   63        81      2012
                                             1950
 MINIMUM TEMPERATURE (F)   34        15      1976


SUNRISE AND SUNSET
OCTOBER 20 2014.......SUNRISE   709 AM MDT   SUNSET   604 PM MDT
OCTOBER 21 2014.......SUNRISE   710 AM MDT   SUNSET   602 PM MDT


-  INDICATES NEGATIVE NUMBERS.
R  INDICATES RECORD WAS SET OR TIED.
MM INDICATES DATA IS MISSING.
T  INDICATES TRACE AMOUNT.




$$
