000
CDUS45 KCYS 100728
CLISNY


CLIMATE REPORT
NATIONAL WEATHER SERVICE CHEYENNE WY
1228 AM MST WED FEB 10 2016


...................................

...THE SIDNEY NE AIRPORT CLIMATE SUMMARY FOR FEBRUARY 9 2016...

CLIMATE NORMAL PERIOD 1981 TO 2010
CLIMATE RECORD PERIOD 1948 TO 2016


WEATHER ITEM   OBSERVED TIME   RECORD YEAR NORMAL DEPARTURE LAST
                VALUE   (LST)  VALUE       VALUE  FROM      YEAR
                                                  NORMAL
..................................................................
TEMPERATURE (F)
 YESTERDAY
  MAXIMUM         44    322 PM  70    1954  44      0       67
  MINIMUM         30    700 AM -23    1982  18     12       25
  AVERAGE         37                        31      6       46

PRECIPITATION (IN)
  YESTERDAY        0.00          0.31 1953   0.01  -0.01     0.00
  MONTH TO DATE    0.11                      0.08   0.03     0.22
  SINCE JAN 1      0.17                      0.28  -0.11     0.59

DEGREE DAYS
 HEATING
  YESTERDAY       28                        34     -6       19
  MONTH TO DATE  363                       314     49      229
  SINCE DEC 1   2720                      2549    171     2548
  SINCE JUL 1   4070                      3971     99     4038

 COOLING
  YESTERDAY        0                         0      0        0
  MONTH TO DATE    0                         0      0        0
  SINCE DEC 1      0                         0      0        0
  SINCE JAN 1      0                         0      0        0
..................................................................


WIND (MPH)
  HIGHEST WIND SPEED    21   HIGHEST WIND DIRECTION    NW (300)
  HIGHEST GUST SPEED    26   HIGHEST GUST DIRECTION    NW (320)
  AVERAGE WIND SPEED    15.2


SKY COVER
  AVERAGE SKY COVER 0.1


WEATHER CONDITIONS
 THE FOLLOWING WEATHER WAS RECORDED YESTERDAY.
  NO SIGNIFICANT WEATHER WAS OBSERVED.


RELATIVE HUMIDITY (PERCENT)
 HIGHEST    78           600 AM
 LOWEST     58           200 PM
 AVERAGE    68

..........................................................


THE SIDNEY NE AIRPORT CLIMATE NORMALS FOR TODAY
                         NORMAL    RECORD    YEAR
 MAXIMUM TEMPERATURE (F)   44        72      1999
                                             1962
 MINIMUM TEMPERATURE (F)   18       -11      1986


SUNRISE AND SUNSET
FEBRUARY 10 2016......SUNRISE   653 AM MST   SUNSET   519 PM MST
FEBRUARY 11 2016......SUNRISE   652 AM MST   SUNSET   521 PM MST


-  INDICATES NEGATIVE NUMBERS.
R  INDICATES RECORD WAS SET OR TIED.
MM INDICATES DATA IS MISSING.
T  INDICATES TRACE AMOUNT.




$$
