210
CDUS45 KCYS 060757
CLISNY


CLIMATE REPORT
NATIONAL WEATHER SERVICE CHEYENNE WY
1256 AM MST TUE DEC 6 2016


...................................

...THE SIDNEY NE AIRPORT CLIMATE SUMMARY FOR DECEMBER 5 2016...

CLIMATE NORMAL PERIOD 1981 TO 2010
CLIMATE RECORD PERIOD 1948 TO 2016


WEATHER ITEM   OBSERVED TIME   RECORD YEAR NORMAL DEPARTURE LAST
                VALUE   (LST)  VALUE       VALUE  FROM      YEAR
                                                  NORMAL
..................................................................
TEMPERATURE (F)
 YESTERDAY
  MAXIMUM         51   1034 AM  71    1980  42      9       49
  MINIMUM         16   1159 PM -14    1972  17     -1       24
  AVERAGE         34                        30      4       37

PRECIPITATION (IN)
  YESTERDAY        0.00          0.25 1992   0.02  -0.02     0.00
  MONTH TO DATE    0.00                      0.10  -0.10     0.00
  SINCE JAN 1     12.71                     18.10  -5.39    21.85

DEGREE DAYS
 HEATING
  YESTERDAY       31                        35     -4       28
  MONTH TO DATE  170                       173     -3      151
  SINCE DEC 1    170                       173     -3      151
  SINCE JUL 1   1321                      1595   -274     1501

 COOLING
  YESTERDAY        0                         0      0        0
  MONTH TO DATE    0                         0      0        0
  SINCE DEC 1      0                         0      0        0
  SINCE JAN 1    770                       830    -60      669
..................................................................


WIND (MPH)
  HIGHEST WIND SPEED    53   HIGHEST WIND DIRECTION    NW (310)
  HIGHEST GUST SPEED    67   HIGHEST GUST DIRECTION    NW (300)
  AVERAGE WIND SPEED    17.6


SKY COVER
  AVERAGE SKY COVER 0.5


WEATHER CONDITIONS
 THE FOLLOWING WEATHER WAS RECORDED YESTERDAY.
  HAZE


RELATIVE HUMIDITY (PERCENT)
 HIGHEST    67          1000 PM
 LOWEST     19           100 PM
 AVERAGE    43

..........................................................


THE SIDNEY NE AIRPORT CLIMATE NORMALS FOR TODAY
                         NORMAL    RECORD    YEAR
 MAXIMUM TEMPERATURE (F)   42        66      1988
 MINIMUM TEMPERATURE (F)   17       -22      1972


SUNRISE AND SUNSET
DECEMBER  6 2016......SUNRISE   703 AM MST   SUNSET   423 PM MST
DECEMBER  7 2016......SUNRISE   704 AM MST   SUNSET   423 PM MST


-  INDICATES NEGATIVE NUMBERS.
R  INDICATES RECORD WAS SET OR TIED.
MM INDICATES DATA IS MISSING.
T  INDICATES TRACE AMOUNT.




$$
