000
CDUS45 KCYS 212226
CLISNY


CLIMATE REPORT
NATIONAL WEATHER SERVICE CHEYENNE WY
326 PM MST FRI NOV 21 2014


...................................

...THE SIDNEY NE AIRPORT CLIMATE SUMMARY FOR NOVEMBER 21 2014...
VALID AS OF 0300 PM LOCAL TIME.

CLIMATE NORMAL PERIOD 1981 TO 2010
CLIMATE RECORD PERIOD 1948 TO 2014


WEATHER ITEM   OBSERVED TIME   RECORD YEAR NORMAL DEPARTURE LAST
                VALUE   (LST)  VALUE       VALUE  FROM      YEAR
                                                  NORMAL
..................................................................
TEMPERATURE (F)
 TODAY
  MAXIMUM         59    150 PM  72    2012  48     11       26
  MINIMUM         28    538 AM  -4    1977  22      6        8
  AVERAGE         44                        35      9       17

PRECIPITATION (IN)
  TODAY            0.00          1.22 1979   0.02  -0.02     0.14
  MONTH TO DATE    0.35                      0.41  -0.06     0.45
  SINCE JAN 1     15.88                     17.84  -1.96    16.92

DEGREE DAYS
 HEATING
  TODAY           21                        30     -9       48
  MONTH TO DATE  702                       532    170      525
  SINCE SEP 1   1196                      1124     72     1177
  SINCE JUL 1   1208                      1135     73     1186

 COOLING
  TODAY            0                         0      0        0
  MONTH TO DATE    0                         0      0        0
  SINCE SEP 1     79                        88     -9      155
  SINCE JAN 1    637                       830   -193      918
..................................................................


WIND (MPH)
  HIGHEST WIND SPEED    12   HIGHEST WIND DIRECTION    SW (240)
  HIGHEST GUST SPEED    14   HIGHEST GUST DIRECTION    NW (310)
  AVERAGE WIND SPEED     6.3


SKY COVER
  AVERAGE SKY COVER 0.4


WEATHER CONDITIONS
 THE FOLLOWING WEATHER WAS RECORDED TODAY.
  NO SIGNIFICANT WEATHER WAS OBSERVED.


RELATIVE HUMIDITY (PERCENT)
 HIGHEST    69           500 AM
 LOWEST     21           300 PM
 AVERAGE    45

..........................................................


THE SIDNEY NE AIRPORT CLIMATE NORMALS FOR TOMORROW
                         NORMAL    RECORD    YEAR
 MAXIMUM TEMPERATURE (F)   48        74      1998
                                             1974
 MINIMUM TEMPERATURE (F)   22       -10      1985


SUNRISE AND SUNSET
NOVEMBER 21 2014......SUNRISE   647 AM MST   SUNSET   429 PM MST
NOVEMBER 22 2014......SUNRISE   648 AM MST   SUNSET   428 PM MST


-  INDICATES NEGATIVE NUMBERS.
R  INDICATES RECORD WAS SET OR TIED.
MM INDICATES DATA IS MISSING.
T  INDICATES TRACE AMOUNT.




$$
