000
CDUS45 KPUB 011054
CLISPD


CLIMATE REPORT
NATIONAL WEATHER SERVICE PUEBLO
454 AM MDT MON SEP 1 2014


...................................

...THE SPRINGFIELD CO CLIMATE SUMMARY FOR AUGUST 31 2014...

CLIMATE NORMAL PERIOD 1981 TO 2010
CLIMATE RECORD PERIOD 9999 TO 9999


WEATHER ITEM   OBSERVED TIME   NORMAL DEPARTURE LAST
                VALUE   (LST)  VALUE  FROM      YEAR
                                      NORMAL
......................................................
TEMPERATURE (F)
 YESTERDAY
  MAXIMUM         97    217 PM  86     11      100
  MINIMUM         57   1159 PM  58     -1       62
  AVERAGE         77                            81

PRECIPITATION (IN)
  YESTERDAY        0.00          0.06  -0.06     0.00
  MONTH TO DATE    1.23          2.84  -1.61     2.29
  SINCE JUN 1      6.75          8.17  -1.42     7.76
  SINCE JAN 1     10.64         13.74  -3.10     9.74

DEGREE DAYS
 HEATING
  YESTERDAY        0             1     -1        0
  MONTH TO DATE    0             1     -1        1
  SINCE JUN 1     28            28      0       20
  SINCE JUL 1      6             7     -1        1

 COOLING
  YESTERDAY       12             7      5       16
  MONTH TO DATE  320           290     30      337
  SINCE JUN 1    857           847     10     1047
  SINCE JAN 1    915           901     14     1164
......................................................


WIND (MPH)
  HIGHEST WIND SPEED    29   HIGHEST WIND DIRECTION    NE (50)
  HIGHEST GUST SPEED    33   HIGHEST GUST DIRECTION    NE (50)
  AVERAGE WIND SPEED    13.3


SKY COVER
  POSSIBLE SUNSHINE  MM



RELATIVE HUMIDITY (PERCENT)
 HIGHEST    78          1000 PM
 LOWEST     14           100 PM
 AVERAGE    46

..........................................................


THE SPRINGFIELD CO CLIMATE NORMALS FOR TODAY
                         NORMAL    RECORD    YEAR
 MAXIMUM TEMPERATURE (F)   85        MM        MM
 MINIMUM TEMPERATURE (F)   57        MM        MM


SUNRISE AND SUNSET
SEPTEMBER  1 2014.....SUNRISE   621 AM MDT   SUNSET   719 PM MDT
SEPTEMBER  2 2014.....SUNRISE   622 AM MDT   SUNSET   718 PM MDT


-  INDICATES NEGATIVE NUMBERS.
R  INDICATES RECORD WAS SET OR TIED.
MM INDICATES DATA IS MISSING.
T  INDICATES TRACE AMOUNT.




$$
