000
CDUS45 KPUB 031033
CLISPD


CLIMATE REPORT
NATIONAL WEATHER SERVICE PUEBLO
433 AM MDT THU SEP 3 2015


...................................

...THE SPRINGFIELD CO CLIMATE SUMMARY FOR SEPTEMBER 2 2015...

CLIMATE NORMAL PERIOD 1981 TO 2010
CLIMATE RECORD PERIOD 9999 TO 9999


WEATHER ITEM   OBSERVED TIME   NORMAL DEPARTURE LAST
                VALUE   (LST)  VALUE  FROM      YEAR
                                      NORMAL
......................................................
TEMPERATURE (F)
 YESTERDAY
  MAXIMUM         97    101 PM  85     12       85
  MINIMUM         62    456 AM  57      5       58
  AVERAGE         80                            72

PRECIPITATION (IN)
  YESTERDAY        0.00          0.05  -0.05     0.00
  MONTH TO DATE    0.00          0.11  -0.11     0.00
  SINCE SEP 1      0.00          0.11  -0.11     0.00
  SINCE JAN 1     12.77         13.85  -1.08    10.64

DEGREE DAYS
 HEATING
  YESTERDAY        0             1     -1        0
  MONTH TO DATE    0             2     -2        0
  SINCE SEP 1      0             2     -2        0
  SINCE JUL 1      4             9     -5        6

 COOLING
  YESTERDAY       15             7      8        7
  MONTH TO DATE   24            14     10       11
  SINCE SEP 1     24            14     10       11
  SINCE JAN 1    934           915     19      926
......................................................


WIND (MPH)
  HIGHEST WIND SPEED    23   HIGHEST WIND DIRECTION     S (170)
  HIGHEST GUST SPEED    27   HIGHEST GUST DIRECTION     S (170)
  AVERAGE WIND SPEED    10.0


SKY COVER
  POSSIBLE SUNSHINE  MM



RELATIVE HUMIDITY (PERCENT)
 HIGHEST    68           200 AM
 LOWEST     17           100 PM
 AVERAGE    43

..........................................................


THE SPRINGFIELD CO CLIMATE NORMALS FOR TODAY
                         NORMAL    RECORD    YEAR
 MAXIMUM TEMPERATURE (F)   85        MM        MM
 MINIMUM TEMPERATURE (F)   57        MM        MM


SUNRISE AND SUNSET
SEPTEMBER  3 2015.....SUNRISE   622 AM MDT   SUNSET   717 PM MDT
SEPTEMBER  4 2015.....SUNRISE   623 AM MDT   SUNSET   715 PM MDT


-  INDICATES NEGATIVE NUMBERS.
R  INDICATES RECORD WAS SET OR TIED.
MM INDICATES DATA IS MISSING.
T  INDICATES TRACE AMOUNT.




$$
