000
CDUS43 KILX 230645
CLISPI


CLIMATE REPORT
NATIONAL WEATHER SERVICE LINCOLN IL
145 AM CDT THU OCT 23 2014


...................................

...THE SPRINGFIELD IL CLIMATE SUMMARY FOR OCTOBER 22 2014...

CLIMATE NORMAL PERIOD 1981 TO 2010
CLIMATE RECORD PERIOD 1879 TO 2014


WEATHER ITEM   OBSERVED TIME   RECORD YEAR NORMAL DEPARTURE LAST
                VALUE   (LST)  VALUE       VALUE  FROM      YEAR
                                                  NORMAL
..................................................................
TEMPERATURE (F)
 YESTERDAY
  MAXIMUM         63    213 PM  85    1963  64     -1       48
                                      1947
  MINIMUM         35    607 AM  23    1997  42     -7       28
                                      1976
  AVERAGE         49                        53     -4       38

PRECIPITATION (IN)
  YESTERDAY        0.00          1.85 1889   0.11  -0.11     0.09
  MONTH TO DATE    3.72                      2.22   1.50     1.33
  SINCE SEP 1      8.90                      5.12   3.78     2.58
  SINCE JAN 1     41.23                     30.77  10.46    33.25

SNOWFALL (IN)
  YESTERDAY        0.0           T    1937   0.0    0.0      0.0
                                      1916
  MONTH TO DATE    0.0                       0.0    0.0      0.0
  SINCE SEP 1      0.0                       0.0    0.0      0.0
  SINCE JUL 1      0.0                       0.0    0.0      0.0
  SNOW DEPTH       0

DEGREE DAYS
 HEATING
  YESTERDAY       16                        12      4       27
  MONTH TO DATE  199                       205     -6      186
  SINCE SEP 1    276                       281     -5      225
  SINCE JUL 1    279                       286     -7      236

 COOLING
  YESTERDAY        0                         0      0        0
  MONTH TO DATE    6                        19    -13       45
  SINCE SEP 1    122                       148    -26      205
  SINCE JAN 1   1155                      1118     37     1145
..................................................................


WIND (MPH)
  HIGHEST WIND SPEED    12   HIGHEST WIND DIRECTION    SE (130)
  HIGHEST GUST SPEED    17   HIGHEST GUST DIRECTION    SE (120)
  AVERAGE WIND SPEED     4.5


SKY COVER
  POSSIBLE SUNSHINE  MM
  AVERAGE SKY COVER 0.0


WEATHER CONDITIONS
 THE FOLLOWING WEATHER WAS RECORDED YESTERDAY.
  NO SIGNIFICANT WEATHER WAS OBSERVED.


RELATIVE HUMIDITY (PERCENT)
 HIGHEST    92           100 AM
 LOWEST     43           300 PM
 AVERAGE    68

..........................................................


THE SPRINGFIELD IL CLIMATE NORMALS FOR TODAY
                         NORMAL    RECORD    YEAR
 MAXIMUM TEMPERATURE (F)   64        85      1963
 MINIMUM TEMPERATURE (F)   42        24      1981


SUNRISE AND SUNSET
OCTOBER 23 2014.......SUNRISE   718 AM CDT   SUNSET   608 PM CDT
OCTOBER 24 2014.......SUNRISE   719 AM CDT   SUNSET   607 PM CDT


-  INDICATES NEGATIVE NUMBERS.
R  INDICATES RECORD WAS SET OR TIED.
MM INDICATES DATA IS MISSING.
T  INDICATES TRACE AMOUNT.




$$
