000
CDUS43 KILX 232238
CLISPI


CLIMATE REPORT
NATIONAL WEATHER SERVICE LINCOLN IL
437 PM CST FRI FEB 23 2018


...................................

...THE SPRINGFIELD IL CLIMATE SUMMARY FOR FEBRUARY 23 2018...
VALID TODAY AS OF 0400 PM LOCAL TIME.

CLIMATE NORMAL PERIOD 1981 TO 2010
CLIMATE RECORD PERIOD 1879 TO 2018


WEATHER ITEM   OBSERVED TIME   RECORD YEAR NORMAL DEPARTURE LAST
                VALUE   (LST)  VALUE       VALUE  FROM      YEAR
                                                  NORMAL
..................................................................
TEMPERATURE (F)
 TODAY
  MAXIMUM         47    320 AM  70    1996  43      4       62
  MINIMUM         40    359 PM  -5    2015  25     15       42
                                      1889
  AVERAGE         44                        34     10       52

PRECIPITATION (IN)
  TODAY            0.06          0.84 1906   0.07  -0.01     0.01
  MONTH TO DATE    3.45                      1.43   2.02     0.32
  SINCE DEC 1      4.35                      5.77  -1.42     2.25
  SINCE JAN 1      3.98                      3.25   0.73     1.34

SNOWFALL (IN)
  TODAY           MM             7.7  1963   0.2   MM        0.0
  MONTH TO DATE    1.3                       4.7   -3.4      2.1
  SINCE DEC 1      7.0                      16.7   -9.7      5.7
  SINCE JUL 1      7.0                      17.3  -10.3      5.7
  SNOW DEPTH       0

DEGREE DAYS
 HEATING
  TODAY           21                        31    -10       13
  MONTH TO DATE  776                       796    -20      508
  SINCE DEC 1   3027                      3054    -27     2503
  SINCE JUL 1   3892                      4122   -230     3154

 COOLING
  TODAY            0                         0      0        0
  MONTH TO DATE    0                         0      0        0
  SINCE DEC 1      0                         0      0        0
  SINCE JAN 1      0                         0      0        0
..................................................................


WIND (MPH)
  HIGHEST WIND SPEED    20   HIGHEST WIND DIRECTION     W (280)
  HIGHEST GUST SPEED    24   HIGHEST GUST DIRECTION     W (280)
  AVERAGE WIND SPEED    10.3


SKY COVER
  POSSIBLE SUNSHINE  MM
  AVERAGE SKY COVER 1.0


WEATHER CONDITIONS
 THE FOLLOWING WEATHER WAS RECORDED TODAY.
  LIGHT RAIN
  FOG


RELATIVE HUMIDITY (PERCENT)
 HIGHEST    93          1200 AM
 LOWEST     82           200 PM
 AVERAGE    88

..........................................................


THE SPRINGFIELD IL CLIMATE NORMALS FOR TOMORROW
                         NORMAL    RECORD    YEAR
 MAXIMUM TEMPERATURE (F)   43        78      1930
 MINIMUM TEMPERATURE (F)   25        -8      2015


SUNRISE AND SUNSET
FEBRUARY 23 2018......SUNRISE   641 AM CST   SUNSET   544 PM CST
FEBRUARY 24 2018......SUNRISE   639 AM CST   SUNSET   545 PM CST


-  INDICATES NEGATIVE NUMBERS.
R  INDICATES RECORD WAS SET OR TIED.
MM INDICATES DATA IS MISSING.
T  INDICATES TRACE AMOUNT.




$$
