000
CDUS43 KILX 252132
CLISPI


CLIMATE REPORT
NATIONAL WEATHER SERVICE LINCOLN IL
431 PM CDT THU MAY 25 2017


...................................

...THE SPRINGFIELD IL CLIMATE SUMMARY FOR MAY 25 2017...
VALID TODAY AS OF 0400 PM LOCAL TIME.

CLIMATE NORMAL PERIOD 1981 TO 2010
CLIMATE RECORD PERIOD 1879 TO 2017


WEATHER ITEM   OBSERVED TIME   RECORD YEAR NORMAL DEPARTURE LAST
                VALUE   (LST)  VALUE       VALUE  FROM      YEAR
                                                  NORMAL
..................................................................
TEMPERATURE (F)
 TODAY
  MAXIMUM         74    245 PM  95    1967  77     -3       84
  MINIMUM         55    606 AM  35    1925  56     -1       63
  AVERAGE         65                        66     -1       74

PRECIPITATION (IN)
  TODAY            0.00          2.36 1909   0.15  -0.15     0.00
  MONTH TO DATE    4.05                      3.39   0.66     1.92
  SINCE MAR 1     15.23                      9.53   5.70    10.28
  SINCE JAN 1     16.70                     13.16   3.54    12.61

SNOWFALL (IN)
  TODAY            0.0           0.0    MM   0.0    0.0      0.0
  MONTH TO DATE    0.0                       0.0    0.0      0.0
  SINCE MAR 1      4.6                       2.8    1.8      0.1
  SINCE JUL 1     10.3                      20.9  -10.6     15.7
  SNOW DEPTH       0

DEGREE DAYS
 HEATING
  TODAY            0                         2     -2        0
  MONTH TO DATE  110                       114     -4      119
  SINCE MAR 1    909                      1188   -279      891
  SINCE JUL 1   4164                      5459  -1295     4317

 COOLING
  TODAY            0                         4     -4        9
  MONTH TO DATE   73                        58     15       42
  SINCE MAR 1    110                        78     32       62
  SINCE JAN 1    110                        78     32       62
..................................................................


WIND (MPH)
  HIGHEST WIND SPEED    16   HIGHEST WIND DIRECTION    NW (310)
  HIGHEST GUST SPEED    20   HIGHEST GUST DIRECTION    NW (320)
  AVERAGE WIND SPEED    10.3


SKY COVER
  POSSIBLE SUNSHINE  MM
  AVERAGE SKY COVER 0.7


WEATHER CONDITIONS
 THE FOLLOWING WEATHER WAS RECORDED TODAY.
  NO SIGNIFICANT WEATHER WAS OBSERVED.


RELATIVE HUMIDITY (PERCENT)
 HIGHEST    93           300 AM
 LOWEST     57           200 PM
 AVERAGE    75

..........................................................


THE SPRINGFIELD IL CLIMATE NORMALS FOR TOMORROW
                         NORMAL    RECORD    YEAR
 MAXIMUM TEMPERATURE (F)   78        95      1911
 MINIMUM TEMPERATURE (F)   56        38      1961
                                             1925


SUNRISE AND SUNSET
MAY 25 2017...........SUNRISE   536 AM CDT   SUNSET   816 PM CDT
MAY 26 2017...........SUNRISE   535 AM CDT   SUNSET   817 PM CDT


-  INDICATES NEGATIVE NUMBERS.
R  INDICATES RECORD WAS SET OR TIED.
MM INDICATES DATA IS MISSING.
T  INDICATES TRACE AMOUNT.




$$
