000
CDUS43 KILX 280008
CLISPI


CLIMATE REPORT
NATIONAL WEATHER SERVICE LINCOLN IL
705 PM CDT THU AUG 27 2015


...................................

...THE SPRINGFIELD IL CLIMATE SUMMARY FOR AUGUST 27 2015...
VALID TODAY AS OF 0400 PM LOCAL TIME.

CLIMATE NORMAL PERIOD 1981 TO 2010
CLIMATE RECORD PERIOD 1879 TO 2015


WEATHER ITEM   OBSERVED TIME   RECORD YEAR NORMAL DEPARTURE LAST
                VALUE   (LST)  VALUE       VALUE  FROM      YEAR
                                                  NORMAL
..................................................................
TEMPERATURE (F)
 TODAY
  MAXIMUM         79    314 PM  97    1983  84     -5       86
  MINIMUM         51R   539 AM  51    1967  62    -11       69
                                      1910
                                      1885
  AVERAGE         65                        73     -8       78

PRECIPITATION (IN)
  TODAY            0.00          0.67 1907   0.11  -0.11     0.02
  MONTH TO DATE    1.54                      2.83  -1.29     4.12
  SINCE JUN 1     14.84                     11.23   3.61    15.52
  SINCE JAN 1     27.75                     25.24   2.51    29.81

SNOWFALL (IN)
  TODAY            0.0           0.0    MM   0.0    0.0      0.0
  MONTH TO DATE    0.0                       0.0    0.0      0.0
  SINCE JUN 1      0.0                       0.0    0.0      0.0
  SINCE JUL 1      0.0                       0.0    0.0      0.0
  SNOW DEPTH       0

DEGREE DAYS
 HEATING
  TODAY            0                         0      0        0
  MONTH TO DATE    2                         0      2        0
  SINCE JUN 1      9                        16     -7        3
  SINCE JUL 1      6                         1      5        3

 COOLING
  TODAY            0                         8     -8       13
  MONTH TO DATE  224                       259    -35      280
  SINCE JUN 1    886                       834     52      798
  SINCE JAN 1   1052                       938    114      974
..................................................................


WIND (MPH)
  HIGHEST WIND SPEED    10   HIGHEST WIND DIRECTION     E (110)
  HIGHEST GUST SPEED    13   HIGHEST GUST DIRECTION     E (110)
  AVERAGE WIND SPEED     2.0


SKY COVER
  POSSIBLE SUNSHINE  MM
  AVERAGE SKY COVER 0.0


WEATHER CONDITIONS
 THE FOLLOWING WEATHER WAS RECORDED TODAY.
  NO SIGNIFICANT WEATHER WAS OBSERVED.


RELATIVE HUMIDITY (PERCENT)
 HIGHEST    93           300 AM
 LOWEST     80          1200 AM
 AVERAGE    87

..........................................................


THE SPRINGFIELD IL CLIMATE NORMALS FOR TOMORROW
                         NORMAL    RECORD    YEAR
 MAXIMUM TEMPERATURE (F)   84        97      2007
                                             1984
 MINIMUM TEMPERATURE (F)   62        44      1986


SUNRISE AND SUNSET
AUGUST 27 2015........SUNRISE   622 AM CDT   SUNSET   738 PM CDT
AUGUST 28 2015........SUNRISE   623 AM CDT   SUNSET   737 PM CDT


-  INDICATES NEGATIVE NUMBERS.
R  INDICATES RECORD WAS SET OR TIED.
MM INDICATES DATA IS MISSING.
T  INDICATES TRACE AMOUNT.




$$
