000
CDUS43 KILX 252133
CLISPI


CLIMATE REPORT
NATIONAL WEATHER SERVICE LINCOLN IL
433 PM CDT TUE APR 25 2017


...................................

...THE SPRINGFIELD IL CLIMATE SUMMARY FOR APRIL 25 2017...
VALID TODAY AS OF 0400 PM LOCAL TIME.

CLIMATE NORMAL PERIOD 1981 TO 2010
CLIMATE RECORD PERIOD 1879 TO 2017


WEATHER ITEM   OBSERVED TIME   RECORD YEAR NORMAL DEPARTURE LAST
                VALUE   (LST)  VALUE       VALUE  FROM      YEAR
                                                  NORMAL
..................................................................
TEMPERATURE (F)
 TODAY
  MAXIMUM         83    237 PM  90    1986  68     15       85
  MINIMUM         52    219 AM  32    1972  46      6       63
                                      1968
  AVERAGE         68                        57     11       74

PRECIPITATION (IN)
  TODAY            0.00          1.59 1904   0.13  -0.13     0.00
  MONTH TO DATE    2.79                      2.86  -0.07     1.52
  SINCE MAR 1      7.05                      5.49   1.56     7.11
  SINCE JAN 1      8.52                      9.12  -0.60     9.44

SNOWFALL (IN)
  TODAY            0.0           T    1910   0.0    0.0      0.0
  MONTH TO DATE    0.0                       0.3   -0.3      0.0
  SINCE MAR 1      4.6                       2.8    1.8      0.1
  SINCE JUL 1     10.3                      20.9  -10.6     15.7
  SNOW DEPTH       0

DEGREE DAYS
 HEATING
  TODAY            0                         9     -9        0
  MONTH TO DATE  161                       325   -164      278
  SINCE MAR 1    758                      1036   -278      742
  SINCE JUL 1   4013                      5307  -1294     4168

 COOLING
  TODAY            3                         1      2        9
  MONTH TO DATE   36                        14     22       20
  SINCE MAR 1     36                        16     20       20
  SINCE JAN 1     36                        16     20       20
..................................................................


WIND (MPH)
  HIGHEST WIND SPEED    30   HIGHEST WIND DIRECTION     S (160)
  HIGHEST GUST SPEED    39   HIGHEST GUST DIRECTION     S (170)
  AVERAGE WIND SPEED    13.2


SKY COVER
  POSSIBLE SUNSHINE  MM
  AVERAGE SKY COVER 0.0


WEATHER CONDITIONS
 THE FOLLOWING WEATHER WAS RECORDED TODAY.
  NO SIGNIFICANT WEATHER WAS OBSERVED.


RELATIVE HUMIDITY (PERCENT)
 HIGHEST    62           600 AM
 LOWEST     28           200 PM
 AVERAGE    45

..........................................................


THE SPRINGFIELD IL CLIMATE NORMALS FOR TOMORROW
                         NORMAL    RECORD    YEAR
 MAXIMUM TEMPERATURE (F)   69        89      1986
 MINIMUM TEMPERATURE (F)   46        32      1976


SUNRISE AND SUNSET
APRIL 25 2017.........SUNRISE   607 AM CDT   SUNSET   747 PM CDT
APRIL 26 2017.........SUNRISE   605 AM CDT   SUNSET   748 PM CDT


-  INDICATES NEGATIVE NUMBERS.
R  INDICATES RECORD WAS SET OR TIED.
MM INDICATES DATA IS MISSING.
T  INDICATES TRACE AMOUNT.




$$
