000
CDUS43 KILX 252138
CLISPI


CLIMATE REPORT
NATIONAL WEATHER SERVICE LINCOLN IL
428 PM CDT MON SEP 25 2017


...................................

...THE SPRINGFIELD IL CLIMATE SUMMARY FOR SEPTEMBER 25 2017...
VALID TODAY AS OF 0400 PM LOCAL TIME.

CLIMATE NORMAL PERIOD 1981 TO 2010
CLIMATE RECORD PERIOD 1879 TO 2017


WEATHER ITEM   OBSERVED TIME   RECORD YEAR NORMAL DEPARTURE LAST
                VALUE   (LST)  VALUE       VALUE  FROM      YEAR
                                                  NORMAL
..................................................................
TEMPERATURE (F)
 TODAY
  MAXIMUM         94R   214 PM  94    1891  75     19       93
  MINIMUM         63    542 AM  36    2001  50     13       66
  AVERAGE         79                        63     16       80

PRECIPITATION (IN)
  TODAY            0.00          1.95 1886   0.10  -0.10     0.00
  MONTH TO DATE    0.01                      2.43  -2.42     1.45
  SINCE SEP 1      0.01                      2.43  -2.42     1.45
  SINCE JAN 1     25.05                     28.08  -3.03    37.30

SNOWFALL (IN)
  TODAY            0.0           T    1942   0.0    0.0      0.0
  MONTH TO DATE    0.0                       0.0    0.0      0.0
  SINCE SEP 1      0.0                       0.0    0.0      0.0
  SINCE JUL 1      0.0                       0.0    0.0      0.0
  SNOW DEPTH       0

DEGREE DAYS
 HEATING
  TODAY            0                         5     -5        0
  MONTH TO DATE   26                        49    -23        0
  SINCE SEP 1     26                        49    -23        0
  SINCE JUL 1     26                        54    -28        1

 COOLING
  TODAY           14                         2     12       15
  MONTH TO DATE  191                       118     73      258
  SINCE SEP 1    191                       118     73      258
  SINCE JAN 1   1303                      1088    215     1534
..................................................................


WIND (MPH)
  HIGHEST WIND SPEED    13   HIGHEST WIND DIRECTION     S (160)
  HIGHEST GUST SPEED    17   HIGHEST GUST DIRECTION    SE (120)
  AVERAGE WIND SPEED     4.5


SKY COVER
  POSSIBLE SUNSHINE  MM
  AVERAGE SKY COVER 0.0


WEATHER CONDITIONS
 THE FOLLOWING WEATHER WAS RECORDED TODAY.
  NO SIGNIFICANT WEATHER WAS OBSERVED.


RELATIVE HUMIDITY (PERCENT)
 HIGHEST    93           600 AM
 LOWEST     33           200 PM
 AVERAGE    63

..........................................................


THE SPRINGFIELD IL CLIMATE NORMALS FOR TOMORROW
                         NORMAL    RECORD    YEAR
 MAXIMUM TEMPERATURE (F)   75        92      1897
                                             1891
 MINIMUM TEMPERATURE (F)   50        35      2000
                                             1928


SUNRISE AND SUNSET
SEPTEMBER 25 2017.....SUNRISE   649 AM CDT   SUNSET   650 PM CDT
SEPTEMBER 26 2017.....SUNRISE   650 AM CDT   SUNSET   649 PM CDT


-  INDICATES NEGATIVE NUMBERS.
R  INDICATES RECORD WAS SET OR TIED.
MM INDICATES DATA IS MISSING.
T  INDICATES TRACE AMOUNT.




$$
