000
CDUS43 KILX 090656
CLISPI


CLIMATE REPORT
NATIONAL WEATHER SERVICE LINCOLN IL
1256 AM CST TUE FEB 9 2016


...................................

...THE SPRINGFIELD IL CLIMATE SUMMARY FOR FEBRUARY 8 2016...

CLIMATE NORMAL PERIOD 1981 TO 2010
CLIMATE RECORD PERIOD 1879 TO 2016


WEATHER ITEM   OBSERVED TIME   RECORD YEAR NORMAL DEPARTURE LAST
                VALUE   (LST)  VALUE       VALUE  FROM      YEAR
                                                  NORMAL
..................................................................
TEMPERATURE (F)
 YESTERDAY
  MAXIMUM         36   1245 AM  65    2001  38     -2       57
                                      1925
  MINIMUM         20   1159 PM -20    1895  21     -1       33
  AVERAGE         28                        29     -1       45

PRECIPITATION (IN)
  YESTERDAY        0.12          1.08 1969   0.06   0.06      T
  MONTH TO DATE    0.54                      0.45   0.09     0.47
  SINCE DEC 1      8.19                      4.79   3.40     3.82
  SINCE JAN 1      1.63                      2.27  -0.64     1.87

SNOWFALL (IN)
  YESTERDAY        1.3           5.3  1903   0.2    1.1      0.0
  MONTH TO DATE    1.3                       1.7   -0.4      3.0
  SINCE DEC 1      8.1                      13.7   -5.6      6.9
  SINCE JUL 1      8.6                      14.3   -5.7     10.6
  SNOW DEPTH       T

DEGREE DAYS
 HEATING
  YESTERDAY       37                        36      1       20
  MONTH TO DATE  228                       293    -65      295
  SINCE DEC 1   2033                      2551   -518     2388
  SINCE JUL 1   2803                      3619   -816     3624

 COOLING
  YESTERDAY        0                         0      0        0
  MONTH TO DATE    0                         0      0        0
  SINCE DEC 1      0                         0      0        0
  SINCE JAN 1      0                         0      0        0
..................................................................


WIND (MPH)
  HIGHEST WIND SPEED    26   HIGHEST WIND DIRECTION    NW (310)
  HIGHEST GUST SPEED    36   HIGHEST GUST DIRECTION    NW (300)
  AVERAGE WIND SPEED    14.4


SKY COVER
  POSSIBLE SUNSHINE  MM
  AVERAGE SKY COVER 1.0


WEATHER CONDITIONS
 THE FOLLOWING WEATHER WAS RECORDED YESTERDAY.
  LIGHT SNOW
  FOG


RELATIVE HUMIDITY (PERCENT)
 HIGHEST    92           600 AM
 LOWEST     67          1100 PM
 AVERAGE    80

..........................................................


THE SPRINGFIELD IL CLIMATE NORMALS FOR TODAY
                         NORMAL    RECORD    YEAR
 MAXIMUM TEMPERATURE (F)   38        66      2009
                                             1943
 MINIMUM TEMPERATURE (F)   21       -21      1899


SUNRISE AND SUNSET
FEBRUARY  9 2016......SUNRISE   659 AM CST   SUNSET   527 PM CST
FEBRUARY 10 2016......SUNRISE   658 AM CST   SUNSET   528 PM CST


-  INDICATES NEGATIVE NUMBERS.
R  INDICATES RECORD WAS SET OR TIED.
MM INDICATES DATA IS MISSING.
T  INDICATES TRACE AMOUNT.




$$
