000
CDUS43 KILX 220644
CLISPI


CLIMATE REPORT
NATIONAL WEATHER SERVICE LINCOLN IL
139 AM CDT SAT JUL 22 2017


...................................

...THE SPRINGFIELD IL CLIMATE SUMMARY FOR JULY 21 2017...

CLIMATE NORMAL PERIOD 1981 TO 2010
CLIMATE RECORD PERIOD 1879 TO 2017


WEATHER ITEM   OBSERVED TIME   RECORD YEAR NORMAL DEPARTURE LAST
                VALUE   (LST)  VALUE       VALUE  FROM      YEAR
                                                  NORMAL
..................................................................
TEMPERATURE (F)
 YESTERDAY
  MAXIMUM         96    438 PM 106    1934  86     10       94
                                      1901
  MINIMUM         76    350 AM  50    1970  65     11       77
  AVERAGE         86                        76     10       86

PRECIPITATION (IN)
  YESTERDAY        0.00          2.56 1990   0.13  -0.13     0.00
  MONTH TO DATE    2.20                      2.73  -0.53     4.83
  SINCE JUN 1      3.77                      7.19  -3.42     6.76
  SINCE JAN 1     20.49                     21.20  -0.71    20.35

SNOWFALL (IN)
  YESTERDAY        0.0           0.0    MM   0.0    0.0      0.0
  MONTH TO DATE    0.0                       0.0    0.0      0.0
  SINCE JUN 1      0.0                       0.0    0.0      0.0
  SINCE JUL 1      0.0                       0.0    0.0      0.0
  SNOW DEPTH       0

DEGREE DAYS
 HEATING
  YESTERDAY        0                         0      0        0
  MONTH TO DATE    0                         0      0        1
  SINCE JUN 1      2                        15    -13        1
  SINCE JUL 1      0                         0      0        1

 COOLING
  YESTERDAY       21                        11     10       21
  MONTH TO DATE  309                       231     78      251
  SINCE JUN 1    628                       471    157      618
  SINCE JAN 1    772                       575    197      743
..................................................................


WIND (MPH)
  HIGHEST WIND SPEED    15   HIGHEST WIND DIRECTION     S (200)
  HIGHEST GUST SPEED    21   HIGHEST GUST DIRECTION     S (200)
  AVERAGE WIND SPEED     6.5


SKY COVER
  POSSIBLE SUNSHINE  MM
  AVERAGE SKY COVER 0.0


WEATHER CONDITIONS
 THE FOLLOWING WEATHER WAS RECORDED YESTERDAY.
  NO SIGNIFICANT WEATHER WAS OBSERVED.


RELATIVE HUMIDITY (PERCENT)
 HIGHEST    97           600 AM
 LOWEST     49           500 PM
 AVERAGE    73

..........................................................


THE SPRINGFIELD IL CLIMATE NORMALS FOR TODAY
                         NORMAL    RECORD    YEAR
 MAXIMUM TEMPERATURE (F)   86       107      1901
 MINIMUM TEMPERATURE (F)   65        52      2000


SUNRISE AND SUNSET
JULY 22 2017..........SUNRISE   549 AM CDT   SUNSET   821 PM CDT
JULY 23 2017..........SUNRISE   550 AM CDT   SUNSET   820 PM CDT


-  INDICATES NEGATIVE NUMBERS.
R  INDICATES RECORD WAS SET OR TIED.
MM INDICATES DATA IS MISSING.
T  INDICATES TRACE AMOUNT.




$$
