000
CDUS43 KILX 240640
CLISPI


CLIMATE REPORT
NATIONAL WEATHER SERVICE LINCOLN IL
140 AM CDT SUN JUL 24 2016


...................................

...THE SPRINGFIELD IL CLIMATE SUMMARY FOR JULY 23 2016...

CLIMATE NORMAL PERIOD 1981 TO 2010
CLIMATE RECORD PERIOD 1879 TO 2016


WEATHER ITEM   OBSERVED TIME   RECORD YEAR NORMAL DEPARTURE LAST
                VALUE   (LST)  VALUE       VALUE  FROM      YEAR
                                                  NORMAL
..................................................................
TEMPERATURE (F)
 YESTERDAY
  MAXIMUM         92    307 PM 104    1934  86      6       85
  MINIMUM         73    456 AM  54    2007  65      8       63
                                      1985
                                      1947
  AVERAGE         83                        76      7       74

PRECIPITATION (IN)
  YESTERDAY        0.00          2.62 1917   0.13  -0.13     0.00
  MONTH TO DATE    5.27                      2.99   2.28     4.00
  SINCE JUN 1      7.20                      7.45  -0.25    13.14
  SINCE JAN 1     20.79                     21.46  -0.67    26.05

SNOWFALL (IN)
  YESTERDAY        0.0           0.0    MM   0.0    0.0      0.0
  MONTH TO DATE    0.0                       0.0    0.0      0.0
  SINCE JUN 1      0.0                       0.0    0.0      0.0
  SINCE JUL 1      0.0                       0.0    0.0      0.0
  SNOW DEPTH       0

DEGREE DAYS
 HEATING
  YESTERDAY        0                         0      0        0
  MONTH TO DATE    1                         0      1        4
  SINCE JUN 1      1                        15    -14        7
  SINCE JUL 1      1                         0      1        4

 COOLING
  YESTERDAY       18                        11      7        9
  MONTH TO DATE  285                       253     32      247
  SINCE JUN 1    652                       493    159      545
  SINCE JAN 1    777                       597    180      711
..................................................................


WIND (MPH)
  HIGHEST WIND SPEED    12   HIGHEST WIND DIRECTION     S (180)
  HIGHEST GUST SPEED    15   HIGHEST GUST DIRECTION     S (170)
  AVERAGE WIND SPEED     5.1


SKY COVER
  POSSIBLE SUNSHINE  MM
  AVERAGE SKY COVER 0.0


WEATHER CONDITIONS
 THE FOLLOWING WEATHER WAS RECORDED YESTERDAY.
  NO SIGNIFICANT WEATHER WAS OBSERVED.


RELATIVE HUMIDITY (PERCENT)
 HIGHEST    94           200 AM
 LOWEST     60           100 PM
 AVERAGE    77

..........................................................


THE SPRINGFIELD IL CLIMATE NORMALS FOR TODAY
                         NORMAL    RECORD    YEAR
 MAXIMUM TEMPERATURE (F)   86       107      1934
 MINIMUM TEMPERATURE (F)   65        50      2000


SUNRISE AND SUNSET
JULY 24 2016..........SUNRISE   551 AM CDT   SUNSET   819 PM CDT
JULY 25 2016..........SUNRISE   552 AM CDT   SUNSET   818 PM CDT


-  INDICATES NEGATIVE NUMBERS.
R  INDICATES RECORD WAS SET OR TIED.
MM INDICATES DATA IS MISSING.
T  INDICATES TRACE AMOUNT.




$$
