000
CDUS44 KOUN 120655 RRC
CLISPS

OUNCLISPS 000
TTAA00 KOUN 120635


CLIMATE REPORT
NATIONAL WEATHER SERVICE NORMAN OK
1235 AM CST TUE DEC 12 2017


...................................

...THE WICHITA FALLS CLIMATE SUMMARY FOR DECEMBER 11 2017...

CLIMATE NORMAL PERIOD 1981 TO 2010
CLIMATE RECORD PERIOD 1897 TO 2017


WEATHER ITEM   OBSERVED TIME   RECORD YEAR NORMAL DEPARTURE LAST
                VALUE   (LST)  VALUE       VALUE  FROM      YEAR
                                                  NORMAL
..................................................................
TEMPERATURE (F)
 YESTERDAY
  MAXIMUM         72    250 PM  81    2015  55     17       70
  MINIMUM         37    626 AM  14    1957  31      6       37
  AVERAGE         55                        43     12       54

PRECIPITATION (IN)
  YESTERDAY        0.00          1.49 1946   0.05  -0.05     0.00
  MONTH TO DATE    0.00                      0.61  -0.61     0.82
  SINCE DEC 1      0.00                      0.61  -0.61     0.82
  SINCE JAN 1     24.62                     27.91  -3.29    37.16

SNOWFALL (IN)
  YESTERDAY        0.0

DEGREE DAYS
 HEATING
  YESTERDAY       10                        22    -12       11
  MONTH TO DATE  166                       226    -60      251
  SINCE DEC 1    166                       226    -60      251
  SINCE JUL 1    580                       733   -153      502

 COOLING
  YESTERDAY        0                         0      0        0
  MONTH TO DATE    1                         0      1        0
  SINCE DEC 1      1                         0      1        0
  SINCE JAN 1   2326                      2388    -62     2532
..................................................................


WIND (MPH)
  HIGHEST WIND SPEED    22   HIGHEST WIND DIRECTION     N (10)
  HIGHEST GUST SPEED    25   HIGHEST GUST DIRECTION     N (10)
  AVERAGE WIND SPEED    11.1


SKY COVER
  AVERAGE SKY COVER 0.1


WEATHER CONDITIONS
 THE FOLLOWING WEATHER WAS RECORDED YESTERDAY.
  NO SIGNIFICANT WEATHER WAS OBSERVED.


RELATIVE HUMIDITY (PERCENT)
 HIGHEST    40           300 AM
 LOWEST     14           200 PM
 AVERAGE    27

..........................................................


THE WICHITA FALLS CLIMATE NORMALS FOR TODAY
                         NORMAL    RECORD    YEAR
 MAXIMUM TEMPERATURE (F)   55        81      1973
 MINIMUM TEMPERATURE (F)   31        10      1989


SUNRISE AND SUNSET
DECEMBER 12 2017......SUNRISE   730 AM CST   SUNSET   526 PM CST
DECEMBER 13 2017......SUNRISE   731 AM CST   SUNSET   526 PM CST


-  INDICATES NEGATIVE NUMBERS.
R  INDICATES RECORD WAS SET OR TIED.
MM INDICATES DATA IS MISSING.
T  INDICATES TRACE AMOUNT.




$$
