000
CDUS44 KOUN 010627 RRA
CLISPS

CLIMATE REPORT
NATIONAL WEATHER SERVICE NORMAN OK
1226 AM CST WED MAR 1 2017


...................................

...THE WICHITA FALLS CLIMATE SUMMARY FOR FEBRUARY 28 2017...

CLIMATE NORMAL PERIOD 1981 TO 2010
CLIMATE RECORD PERIOD 1897 TO 2017


WEATHER ITEM   OBSERVED TIME   RECORD YEAR NORMAL DEPARTURE LAST
                VALUE   (LST)  VALUE       VALUE  FROM      YEAR
                                                  NORMAL
..................................................................
TEMPERATURE (F)
 YESTERDAY
  MAXIMUM         76    243 PM  87    2006  62     14       76
  MINIMUM         62    416 AM  13    1962  37     25       51
  AVERAGE         69                        49     20       64

PRECIPITATION (IN)
  YESTERDAY        0.00          1.74 1981   0.08  -0.08     0.00
  MONTH TO DATE    2.10                      1.75   0.35     1.27
  SINCE JAN 1      3.97                      2.89   1.08     1.70

SNOWFALL (IN)
  YESTERDAY        0.0                       0.0    0.0      0.0
  MONTH TO DATE    0.0                       0.7   -0.7      0.0
  SINCE JUL 1      T                         3.4   -3.4      2.6
  SNOW DEPTH       0

DEGREE DAYS
 HEATING
  YESTERDAY        0                        16    -16        1
  MONTH TO DATE  316                       537   -221      388
  SINCE JUL 1   1844                      2446   -602     1957
..................................................................


WIND (MPH)
  HIGHEST WIND SPEED    23   HIGHEST WIND DIRECTION     S (170)
  HIGHEST GUST SPEED    34   HIGHEST GUST DIRECTION    SW (220)
  AVERAGE WIND SPEED    15.9


SKY COVER
  AVERAGE SKY COVER 0.7


WEATHER CONDITIONS
 THE FOLLOWING WEATHER WAS RECORDED YESTERDAY.
  NO SIGNIFICANT WEATHER WAS OBSERVED.


RELATIVE HUMIDITY (PERCENT)
 HIGHEST    90           500 AM
 LOWEST     54           300 PM
 AVERAGE    72

..........................................................


THE WICHITA FALLS CLIMATE NORMALS FOR TODAY
                         NORMAL    RECORD    YEAR
 MAXIMUM TEMPERATURE (F)   62        98      2006
 MINIMUM TEMPERATURE (F)   37        12      1980


SUNRISE AND SUNSET
MARCH  1 2017.........SUNRISE   702 AM CST   SUNSET   631 PM CST
MARCH  2 2017.........SUNRISE   701 AM CST   SUNSET   631 PM CST


-  INDICATES NEGATIVE NUMBERS.
R  INDICATES RECORD WAS SET OR TIED.
MM INDICATES DATA IS MISSING.
T  INDICATES TRACE AMOUNT.




$$
