000
CDUS44 KOUN 250649
CLISPS

CLIMATE REPORT
NATIONAL WEATHER SERVICE NORMAN OK
147 AM CDT SUN SEP 25 2016


...................................

...THE WICHITA FALLS CLIMATE SUMMARY FOR SEPTEMBER 24 2016...

CLIMATE NORMAL PERIOD 1981 TO 2010
CLIMATE RECORD PERIOD 1897 TO 2016


WEATHER ITEM   OBSERVED TIME   RECORD YEAR NORMAL DEPARTURE LAST
                VALUE   (LST)  VALUE       VALUE  FROM      YEAR
                                                  NORMAL
..................................................................
TEMPERATURE (F)
 YESTERDAY
  MAXIMUM         90    310 PM 101    1926  85      5       92
  MINIMUM         69   1159 PM  38    1989  60      9       67
  AVERAGE         80                        72      8       80

PRECIPITATION (IN)
  YESTERDAY        5.43R         3.10 1974   0.10   5.33     0.00
  MONTH TO DATE    9.64                      2.32   7.32     1.46
  SINCE JAN 1     32.02                     22.05   9.97    35.04

DEGREE DAYS
 HEATING
  YESTERDAY        0                         1     -1        0
  MONTH TO DATE    0                         6     -6        0
  SINCE JUL 1      0                         6     -6        0

 COOLING
  YESTERDAY       15                         8      7       15
  MONTH TO DATE  383                       292     91      393
  SINCE JAN 1   2319                      2237     82     2278
..................................................................


WIND (MPH)
  HIGHEST WIND SPEED    36   HIGHEST WIND DIRECTION     W (270)
  HIGHEST GUST SPEED    47   HIGHEST GUST DIRECTION     W (280)
  AVERAGE WIND SPEED    13.9


SKY COVER
  AVERAGE SKY COVER 0.4


WEATHER CONDITIONS
 THE FOLLOWING WEATHER WAS RECORDED YESTERDAY.
  THUNDERSTORM
  HEAVY RAIN
  RAIN
  LIGHT RAIN
  FOG


RELATIVE HUMIDITY (PERCENT)
 HIGHEST   100           900 PM
 LOWEST     52           300 PM
 AVERAGE    76

..........................................................


THE WICHITA FALLS CLIMATE NORMALS FOR TODAY
                         NORMAL    RECORD    YEAR
 MAXIMUM TEMPERATURE (F)   84       103      1977
 MINIMUM TEMPERATURE (F)   60        44      2000
                                             1989


SUNRISE AND SUNSET
SEPTEMBER 25 2016.....SUNRISE   724 AM CDT   SUNSET   726 PM CDT
SEPTEMBER 26 2016.....SUNRISE   725 AM CDT   SUNSET   724 PM CDT


-  INDICATES NEGATIVE NUMBERS.
R  INDICATES RECORD WAS SET OR TIED.
MM INDICATES DATA IS MISSING.
T  INDICATES TRACE AMOUNT.




$$
