000
CDUS44 KOUN 192320 RRA
CLISPS

CLIMATE REPORT
NATIONAL WEATHER SERVICE NORMAN OK
519 PM CST MON FEB 19 2018


...................................

...THE WICHITA FALLS CLIMATE SUMMARY FOR FEBRUARY 19 2018...
VALID TODAY AS OF 0500 PM LOCAL TIME.

CLIMATE NORMAL PERIOD 1981 TO 2010
CLIMATE RECORD PERIOD 1897 TO 2018


WEATHER ITEM   OBSERVED TIME   RECORD YEAR NORMAL DEPARTURE LAST
                VALUE   (LST)  VALUE       VALUE  FROM      YEAR
                                                  NORMAL
..................................................................
TEMPERATURE (F)
 TODAY
  MAXIMUM         79    146 PM  86    1986  59     20       75
  MINIMUM         57    641 AM  10    1978  34     23       51
  AVERAGE         68                        47     21       63

PRECIPITATION (IN)
  TODAY            0.00          0.78 1983   0.07  -0.07     0.57
  MONTH TO DATE    0.09                      1.09  -1.00     1.97
  SINCE DEC 1      1.07                      3.85  -2.78     4.67
  SINCE JAN 1      0.10                      2.23  -2.13     3.84

SNOWFALL (IN)
  TODAY            0.0           T    1969   0.0    0.0      0.0
  MONTH TO DATE    0.0                       0.5   -0.5      0.0
  SINCE DEC 1      T                         2.9   -2.9       T
  SINCE JUL 1      T                         3.2   -3.2       T

DEGREE DAYS
 HEATING
  TODAY            0                        18    -18        2
  MONTH TO DATE  410                       384     26      248
  SINCE DEC 1   1800                      1787     13     1525
  SINCE JUL 1   2214                      2294    -80     1776

 COOLING
  TODAY            3                         0      3        0
  MONTH TO DATE    9                         0      9       10
  SINCE DEC 1     10                         2      8       13
  SINCE JAN 1      9                         1      8       10
..................................................................


WIND (MPH)
  HIGHEST WIND SPEED    35   HIGHEST WIND DIRECTION    SW (210)
  HIGHEST GUST SPEED    42   HIGHEST GUST DIRECTION     S (190)
  AVERAGE WIND SPEED    17.5


SKY COVER
  AVERAGE SKY COVER 0.3


WEATHER CONDITIONS
 THE FOLLOWING WEATHER WAS RECORDED TODAY.
  NO SIGNIFICANT WEATHER WAS OBSERVED.


RELATIVE HUMIDITY (PERCENT)
 HIGHEST    93           600 AM
 LOWEST     48           200 PM
 AVERAGE    71

..........................................................


THE WICHITA FALLS CLIMATE NORMALS FOR TOMORROW
                         NORMAL    RECORD    YEAR
 MAXIMUM TEMPERATURE (F)   59        89      1976
 MINIMUM TEMPERATURE (F)   35        19      1955


SUNRISE AND SUNSET
FEBRUARY 19 2018......SUNRISE   714 AM CST   SUNSET   622 PM CST
FEBRUARY 20 2018......SUNRISE   713 AM CST   SUNSET   623 PM CST


-  INDICATES NEGATIVE NUMBERS.
R  INDICATES RECORD WAS SET OR TIED.
MM INDICATES DATA IS MISSING.
T  INDICATES TRACE AMOUNT.




$$
