000
CDUS44 KOUN 280650 RRA
CLISPS

CLIMATE REPORT
NATIONAL WEATHER SERVICE NORMAN OK
1249 AM CST SUN DEC 28 2014


...................................

...THE WICHITA FALLS CLIMATE SUMMARY FOR DECEMBER 27 2014...

CLIMATE NORMAL PERIOD 1981 TO 2010
CLIMATE RECORD PERIOD 1897 TO 2014


WEATHER ITEM   OBSERVED TIME   RECORD YEAR NORMAL DEPARTURE LAST
                VALUE   (LST)  VALUE       VALUE  FROM      YEAR
                                                  NORMAL
..................................................................
TEMPERATURE (F)
 YESTERDAY
  MAXIMUM         41    102 AM  77    2005  53    -12       58
                                      1976
                                      1946
  MINIMUM         27   1000 PM  15    1950  30     -3       22
  AVERAGE         34                        41     -7       40

PRECIPITATION (IN)
  YESTERDAY        0.15          1.09 1927   0.04   0.11     0.00
  MONTH TO DATE    0.95                      1.44  -0.49     1.29
  SINCE JAN 1     23.77                     28.74  -4.97    21.33

SNOWFALL (IN)
  YESTERDAY        2.0                       0.0    2.0      0.0
  MONTH TO DATE    2.0                       0.8    1.2      0.5
  SINCE JUL 1      2.3                       1.1    1.2      0.7
  SNOW DEPTH       0

DEGREE DAYS
 HEATING
  YESTERDAY       31                        24      7       25
  MONTH TO DATE  458                       596   -138      703
  SINCE JUL 1    970                      1103   -133     1261
..................................................................


WIND (MPH)
  HIGHEST WIND SPEED    25   HIGHEST WIND DIRECTION     N (10)
  HIGHEST GUST SPEED    29   HIGHEST GUST DIRECTION     N (10)
  AVERAGE WIND SPEED    12.7


SKY COVER
  AVERAGE SKY COVER 0.7


WEATHER CONDITIONS
 THE FOLLOWING WEATHER WAS RECORDED YESTERDAY.
  SNOW
  LIGHT SNOW
  FOG


RELATIVE HUMIDITY (PERCENT)
 HIGHEST   100           900 AM
 LOWEST     64           400 PM
 AVERAGE    82

..........................................................


THE WICHITA FALLS CLIMATE NORMALS FOR TODAY
                         NORMAL    RECORD    YEAR
 MAXIMUM TEMPERATURE (F)   53        75      1928
 MINIMUM TEMPERATURE (F)   30         5      1924


SUNRISE AND SUNSET
DECEMBER 28 2014......SUNRISE   738 AM CST   SUNSET   533 PM CST
DECEMBER 29 2014......SUNRISE   739 AM CST   SUNSET   534 PM CST


-  INDICATES NEGATIVE NUMBERS.
R  INDICATES RECORD WAS SET OR TIED.
MM INDICATES DATA IS MISSING.
T  INDICATES TRACE AMOUNT.

$$
