000
CDUS44 KOUN 250638
CLISPS

CLIMATE REPORT
NATIONAL WEATHER SERVICE NORMAN OK
1237 AM CST SUN JAN 25 2015

...................................

...THE WICHITA FALLS CLIMATE SUMMARY FOR JANUARY 24 2015...

CLIMATE NORMAL PERIOD 1981 TO 2010
CLIMATE RECORD PERIOD 1897 TO 2015


WEATHER ITEM   OBSERVED TIME   RECORD YEAR NORMAL DEPARTURE LAST
                VALUE   (LST)  VALUE       VALUE  FROM      YEAR
                                                  NORMAL
..................................................................
TEMPERATURE (F)
 YESTERDAY
  MAXIMUM         61    422 PM  85    1950  55      6       46
  MINIMUM         32    616 AM   5    1963  30      2        8
  AVERAGE         47                        42      5       27

PRECIPITATION (IN)
  YESTERDAY        0.00          0.94 2012   0.04  -0.04     0.00
  MONTH TO DATE    1.44                      0.86   0.58      T
  SINCE JAN 1      1.44                      0.86   0.58      T

SNOWFALL (IN)
  YESTERDAY        0.0                       0.0    0.0      0.0
  MONTH TO DATE    T                         1.1   -1.1      0.0
  SINCE JUL 1      2.3                       2.4   -0.1      0.7
  SNOW DEPTH       0

DEGREE DAYS
 HEATING
  YESTERDAY       18                        23     -5       38
  MONTH TO DATE  625                       560     65      558
  SINCE JUL 1   1727                      1757    -30     1931
..................................................................


WIND (MPH)
  HIGHEST WIND SPEED    15   HIGHEST WIND DIRECTION    SW (220)
  HIGHEST GUST SPEED    20   HIGHEST GUST DIRECTION     W (280)
  AVERAGE WIND SPEED    11.1


SKY COVER
  AVERAGE SKY COVER 0.0


WEATHER CONDITIONS
 THE FOLLOWING WEATHER WAS RECORDED YESTERDAY.
  NO SIGNIFICANT WEATHER WAS OBSERVED.


RELATIVE HUMIDITY (PERCENT)
 HIGHEST    82           700 AM
 LOWEST     36           400 PM
 AVERAGE    59

..........................................................


THE WICHITA FALLS CLIMATE NORMALS FOR TODAY
                         NORMAL    RECORD    YEAR
 MAXIMUM TEMPERATURE (F)   55        82      1952
                                             1946
 MINIMUM TEMPERATURE (F)   30        10      1940


SUNRISE AND SUNSET
JANUARY 25 2015.......SUNRISE   735 AM CST   SUNSET   557 PM CST
JANUARY 26 2015.......SUNRISE   735 AM CST   SUNSET   558 PM CST


-  INDICATES NEGATIVE NUMBERS.
R  INDICATES RECORD WAS SET OR TIED.
MM INDICATES DATA IS MISSING.
T  INDICATES TRACE AMOUNT.




$$
