000
CDUS44 KOUN 270640
CLISPS

CLIMATE REPORT
NATIONAL WEATHER SERVICE NORMAN OK
140 AM CDT FRI MAR 27 2015


...................................

...THE WICHITA FALLS CLIMATE SUMMARY FOR MARCH 26 2015...

CLIMATE NORMAL PERIOD 1981 TO 2010
CLIMATE RECORD PERIOD 1897 TO 2015


WEATHER ITEM   OBSERVED TIME   RECORD YEAR NORMAL DEPARTURE LAST
                VALUE   (LST)  VALUE       VALUE  FROM      YEAR
                                                  NORMAL
..................................................................
TEMPERATURE (F)
 YESTERDAY
  MAXIMUM         64    429 PM  92    1956  70     -6       60
  MINIMUM         42    650 AM  19    1955  44     -2       37
  AVERAGE         53                        57     -4       49

PRECIPITATION (IN)
  YESTERDAY        0.00          2.10 1898   0.06  -0.06     0.25
  MONTH TO DATE    1.31                      1.88  -0.57     2.18
  SINCE JAN 1      3.91                      4.77  -0.86     2.53

SNOWFALL (IN)
  YESTERDAY        0.0                       0.0    0.0      0.0
  MONTH TO DATE    1.8                       0.5    1.3       T
  SINCE JUL 1      6.5                       3.9    2.6      5.0
  SNOW DEPTH       0

DEGREE DAYS
 HEATING
  YESTERDAY       12                         9      3       16
  MONTH TO DATE  324                       316      8      425
  SINCE JUL 1   2763                      2762      1     3195

 COOLING
  YESTERDAY        0                         1     -1        0
  MONTH TO DATE    9                        12     -3        4
  SINCE JAN 1      9                        15     -6        4
..................................................................


WIND (MPH)
  HIGHEST WIND SPEED    38   HIGHEST WIND DIRECTION     N (360)
  HIGHEST GUST SPEED    48   HIGHEST GUST DIRECTION     N (10)
  AVERAGE WIND SPEED    16.7


SKY COVER
  AVERAGE SKY COVER 0.2


WEATHER CONDITIONS
 THE FOLLOWING WEATHER WAS RECORDED YESTERDAY.
  NO SIGNIFICANT WEATHER WAS OBSERVED.


RELATIVE HUMIDITY (PERCENT)
 HIGHEST    76           300 AM
 LOWEST     30           500 PM
 AVERAGE    53

..........................................................


THE WICHITA FALLS CLIMATE NORMALS FOR TODAY
                         NORMAL    RECORD    YEAR
 MAXIMUM TEMPERATURE (F)   71       100      1971
 MINIMUM TEMPERATURE (F)   44        19      1931


SUNRISE AND SUNSET
MARCH 27 2015.........SUNRISE   728 AM CDT   SUNSET   751 PM CDT
MARCH 28 2015.........SUNRISE   727 AM CDT   SUNSET   752 PM CDT


-  INDICATES NEGATIVE NUMBERS.
R  INDICATES RECORD WAS SET OR TIED.
MM INDICATES DATA IS MISSING.
T  INDICATES TRACE AMOUNT.




$$
