000
CDUS44 KOUN 212207
CLISPS

CLIMATE REPORT
NATIONAL WEATHER SERVICE NORMAN OK
506 PM CDT THU AUG 21 2014


...................................

...THE WICHITA FALLS CLIMATE SUMMARY FOR AUGUST 21 2014...
VALID TODAY AS OF 0500 PM LOCAL TIME.

CLIMATE NORMAL PERIOD 1981 TO 2010
CLIMATE RECORD PERIOD 1897 TO 2014


WEATHER ITEM   OBSERVED TIME   RECORD YEAR NORMAL DEPARTURE LAST
                VALUE   (LST)  VALUE       VALUE  FROM      YEAR
                                                  NORMAL
..................................................................
TEMPERATURE (F)
 TODAY
  MAXIMUM        104    305 PM 107    1934  96      8       95
  MINIMUM         78    640 AM  57    1956  71      7       68
                                      1950
  AVERAGE         91                        84      7       82

PRECIPITATION (IN)
  TODAY            0.00          1.17 1991   0.08  -0.08     0.00
  MONTH TO DATE    1.12                      1.61  -0.49     1.49
  SINCE JAN 1     14.89                     18.84  -3.95    15.48

DEGREE DAYS
 COOLING
  TODAY           26                        19      7       17
  MONTH TO DATE  394                       414    -20      407
  SINCE JAN 1   1784                      1770     14     1853
..................................................................


WIND (MPH)
  HIGHEST WIND SPEED    28   HIGHEST WIND DIRECTION    SE (150)
  HIGHEST GUST SPEED    35   HIGHEST GUST DIRECTION    SE (150)
  AVERAGE WIND SPEED    16.3


SKY COVER
  AVERAGE SKY COVER 0.1


WEATHER CONDITIONS
 THE FOLLOWING WEATHER WAS RECORDED TODAY.
  NO SIGNIFICANT WEATHER WAS OBSERVED.


RELATIVE HUMIDITY (PERCENT)
 HIGHEST    74           700 AM
 LOWEST     29           300 PM
 AVERAGE    52

..........................................................


THE WICHITA FALLS CLIMATE NORMALS FOR TOMORROW
                         NORMAL    RECORD    YEAR
 MAXIMUM TEMPERATURE (F)   96       108      1980
 MINIMUM TEMPERATURE (F)   71        60      1949


SUNRISE AND SUNSET
AUGUST 21 2014........SUNRISE   700 AM CDT   SUNSET   814 PM CDT
AUGUST 22 2014........SUNRISE   701 AM CDT   SUNSET   812 PM CDT


-  INDICATES NEGATIVE NUMBERS.
R  INDICATES RECORD WAS SET OR TIED.
MM INDICATES DATA IS MISSING.
T  INDICATES TRACE AMOUNT.

$$
