000
CDUS42 KTBW 282229
CLISRQ


CLIMATE REPORT
NATIONAL WEATHER SERVICE TAMPA BAY FL
527 PM EST WED JAN 28 2015


...................................

...THE SARASOTA BRADENTON CLIMATE SUMMARY FOR JANUARY 28 2015...
VALID TODAY AS OF 0500 PM LOCAL TIME.

CLIMATE NORMAL PERIOD 1981 TO 2010
CLIMATE RECORD PERIOD 1911 TO 2015


WEATHER ITEM   OBSERVED TIME   RECORD YEAR NORMAL DEPARTURE LAST
                VALUE   (LST)  VALUE       VALUE  FROM      YEAR
                                                  NORMAL
..................................................................
TEMPERATURE (F)
 TODAY
  MAXIMUM         62    419 PM  84    1975  71     -9       76
  MINIMUM         47    723 AM  26    1986  52     -5       53
  AVERAGE         55                        62     -7       65

PRECIPITATION (IN)
  TODAY            0.00          1.64 1925   0.06  -0.06     0.00
  MONTH TO DATE    1.07                      2.33  -1.26     0.98
  SINCE DEC 1      1.54                      4.86  -3.32     1.19
  SINCE JAN 1      1.07                      2.33  -1.26     0.98

DEGREE DAYS
 HEATING
  TODAY           10                         5      5        0
  MONTH TO DATE  101                       149    -48      185
  SINCE DEC 1    200                       271    -71      209
  SINCE JUL 1    285                       304    -19      227

 COOLING
  TODAY            0                         2     -2        0
  MONTH TO DATE   59                        56      3       31
  SINCE DEC 1    148                       130     18      188
  SINCE JAN 1     59                        56      3       31
..................................................................


WIND (MPH)
  RESULTANT WIND SPEED   7   RESULTANT WIND DIRECTION   N (10)
  HIGHEST WIND SPEED    15   HIGHEST WIND DIRECTION     N (350)
  HIGHEST GUST SPEED    21   HIGHEST GUST DIRECTION    NW (330)
  AVERAGE WIND SPEED     7.7


SKY COVER
  POSSIBLE SUNSHINE  MM
  AVERAGE SKY COVER 0.0


WEATHER CONDITIONS
 THE FOLLOWING WEATHER WAS RECORDED TODAY.
  NO SIGNIFICANT WEATHER WAS OBSERVED.


RELATIVE HUMIDITY (PERCENT)
 HIGHEST    80           500 AM
 LOWEST     35           100 PM

..........................................................


THE SARASOTA BRADENTON CLIMATE NORMALS FOR TOMORROW
                         NORMAL    RECORD    YEAR
 MAXIMUM TEMPERATURE (F)   72        84      2013
                                             1959
 MINIMUM TEMPERATURE (F)   52        23      1940


SUNRISE AND SUNSET
JANUARY 28 2015.......SUNRISE   718 AM EST   SUNSET   608 PM EST
JANUARY 29 2015.......SUNRISE   718 AM EST   SUNSET   609 PM EST


-  INDICATES NEGATIVE NUMBERS.
R  INDICATES RECORD WAS SET OR TIED.
MM INDICATES DATA IS MISSING.
T  INDICATES TRACE AMOUNT.




$$


&&
------------------------------------------------------------------
******************** SUPPLEMENTAL DATA ***************************

...GULF WATER TEMPERATURE AT NEW PASS 62
