000
CDUS42 KTBW 260833
CLISRQ


CLIMATE REPORT
NATIONAL WEATHER SERVICE TAMPA BAY FL
431 AM EDT FRI MAY 26 2017


...................................

...THE SARASOTA BRADENTON CLIMATE SUMMARY FOR MAY 25 2017...

CLIMATE NORMAL PERIOD 1981 TO 2010
CLIMATE RECORD PERIOD 1911 TO 2017


WEATHER ITEM   OBSERVED TIME   RECORD YEAR NORMAL DEPARTURE LAST
                VALUE   (LST)  VALUE       VALUE  FROM      YEAR
                                                  NORMAL
..................................................................
TEMPERATURE (F)
 YESTERDAY
  MAXIMUM         83    407 PM  94    2016  87     -4       94
                                      2013
                                      2012
  MINIMUM         67   1159 PM  58    1931  69     -2       72
  AVERAGE         75                        78     -3       83

PRECIPITATION (IN)
  YESTERDAY        T             1.55 1963   0.08  -0.08     0.00
  MONTH TO DATE    5.05                      1.62   3.43     4.77
  SINCE MAR 1      5.79                      7.92  -2.13     6.60
  SINCE JAN 1      8.28                     13.11  -4.83    12.28

DEGREE DAYS
 HEATING
  YESTERDAY        0                         0      0        0
  MONTH TO DATE    0                         0      0        0
  SINCE MAR 1     54                        59     -5       14
  SINCE JUL 1    202                       477   -275      320

 COOLING
  YESTERDAY       10                        13     -3       18
  MONTH TO DATE  354                       273     81      327
  SINCE MAR 1    779                       566    213      807
  SINCE JAN 1    953                       670    283      873
..................................................................


WIND (MPH)
  HIGHEST WIND SPEED    22   HIGHEST WIND DIRECTION    SW (240)
  HIGHEST GUST SPEED    29   HIGHEST GUST DIRECTION    SW (240)
  AVERAGE WIND SPEED    10.7


SKY COVER
  POSSIBLE SUNSHINE  MM
  AVERAGE SKY COVER 0.6


WEATHER CONDITIONS
 THE FOLLOWING WEATHER WAS RECORDED YESTERDAY.
  NO SIGNIFICANT WEATHER WAS OBSERVED.


RELATIVE HUMIDITY (PERCENT)
 HIGHEST    79          1200 AM
 LOWEST     47           300 PM

..........................................................


THE SARASOTA BRADENTON CLIMATE NORMALS FOR TODAY
                         NORMAL    RECORD    YEAR
 MAXIMUM TEMPERATURE (F)   87        94      2012
                                             1995
                                             1986
 MINIMUM TEMPERATURE (F)   69        55      1979


SUNRISE AND SUNSET
MAY 26 2017...........SUNRISE   637 AM EDT   SUNSET   818 PM EDT
MAY 27 2017...........SUNRISE   636 AM EDT   SUNSET   819 PM EDT


-  INDICATES NEGATIVE NUMBERS.
R  INDICATES RECORD WAS SET OR TIED.
MM INDICATES DATA IS MISSING.
T  INDICATES TRACE AMOUNT.




$$


&&
------------------------------------------------------------------
******************** SUPPLEMENTAL DATA ***************************

...GULF WATER TEMPERATURE AT VENICE 81 DEGREES
