000
CDUS42 KTBW 212126
CLISRQ


CLIMATE REPORT
NATIONAL WEATHER SERVICE TAMPA BAY FL
521 PM EDT SUN SEP 21 2014


...................................

...THE SARASOTA BRADENTON CLIMATE SUMMARY FOR SEPTEMBER 21 2014...
VALID TODAY AS OF 0500 PM LOCAL TIME.

CLIMATE NORMAL PERIOD 1981 TO 2010
CLIMATE RECORD PERIOD 1911 TO 2014


WEATHER ITEM   OBSERVED TIME   RECORD YEAR NORMAL DEPARTURE LAST
                VALUE   (LST)  VALUE       VALUE  FROM      YEAR
                                                  NORMAL
..................................................................
TEMPERATURE (F)
 TODAY
  MAXIMUM         87    240 PM  96    1951  89     -2       87
  MINIMUM         73    646 AM  59    1981  74     -1       71
  AVERAGE         80                        81     -1       79

PRECIPITATION (IN)
  TODAY            T            10.26 1962   0.19  -0.19     0.00
  MONTH TO DATE    3.30                      5.62  -2.32     5.05
  SINCE SEP 1      3.30                      5.62  -2.32     5.05
  SINCE JAN 1     34.78                     43.95  -9.17    43.66

DEGREE DAYS
 HEATING
  TODAY            0                         0      0        0
  MONTH TO DATE    0                         0      0        0
  SINCE SEP 1      0                         0      0        0
  SINCE JUL 1      0                         0      0        0

 COOLING
  TODAY           15                        16     -1       14
  MONTH TO DATE  315                       353    -38      371
  SINCE SEP 1    315                       353    -38      371
  SINCE JAN 1   2861                      2650    211     2871
..................................................................


WIND (MPH)
  RESULTANT WIND SPEED   0   RESULTANT WIND DIRECTION   S (200)
  HIGHEST WIND SPEED    10   HIGHEST WIND DIRECTION     W (250)
  HIGHEST GUST SPEED    14   HIGHEST GUST DIRECTION     W (270)
  AVERAGE WIND SPEED     5.7


SKY COVER
  POSSIBLE SUNSHINE  MM
  AVERAGE SKY COVER 0.3


WEATHER CONDITIONS
 THE FOLLOWING WEATHER WAS RECORDED TODAY.
  LIGHT RAIN


RELATIVE HUMIDITY (PERCENT)
 HIGHEST   100           300 AM
 LOWEST     65           200 PM

..........................................................


THE SARASOTA BRADENTON CLIMATE NORMALS FOR TOMORROW
                         NORMAL    RECORD    YEAR
 MAXIMUM TEMPERATURE (F)   89        94      1992
                                             1974
 MINIMUM TEMPERATURE (F)   74        60      1913


SUNRISE AND SUNSET
SEPTEMBER 21 2014.....SUNRISE   718 AM EDT   SUNSET   728 PM EDT
SEPTEMBER 22 2014.....SUNRISE   719 AM EDT   SUNSET   727 PM EDT


-  INDICATES NEGATIVE NUMBERS.
R  INDICATES RECORD WAS SET OR TIED.
MM INDICATES DATA IS MISSING.
T  INDICATES TRACE AMOUNT.




$$


&&
------------------------------------------------------------------
******************** SUPPLEMENTAL DATA ***************************

...GULF WATER TEMPERATURE AT NEW PASS 85
