000
CDUS42 KTBW 272224
CLISRQ


CLIMATE REPORT
NATIONAL WEATHER SERVICE TAMPA BAY FL
522 PM EST SAT DEC 27 2014


...................................

...THE SARASOTA BRADENTON CLIMATE SUMMARY FOR DECEMBER 27 2014...
VALID TODAY AS OF 0500 PM LOCAL TIME.

CLIMATE NORMAL PERIOD 1981 TO 2010
CLIMATE RECORD PERIOD 1911 TO 2014


WEATHER ITEM   OBSERVED TIME   RECORD YEAR NORMAL DEPARTURE LAST
                VALUE   (LST)  VALUE       VALUE  FROM      YEAR
                                                  NORMAL
..................................................................
TEMPERATURE (F)
 TODAY
  MAXIMUM         78    157 PM  86    1988  72      6       80
  MINIMUM         63    454 AM  24    1983  52     11       63
  AVERAGE         71                        62      9       72

PRECIPITATION (IN)
  TODAY            0.00          2.90 1997   0.09  -0.09     0.00
  MONTH TO DATE    0.40                      2.27  -1.87     0.03
  SINCE DEC 1      0.40                      2.27  -1.87     0.03
  SINCE JAN 1     50.98                     52.75  -1.77    52.49

DEGREE DAYS
 HEATING
  TODAY            0                         5     -5        0
  MONTH TO DATE   99                       100     -1       23
  SINCE DEC 1     99                       100     -1       23
  SINCE JUL 1    184                       133     51       41

 COOLING
  TODAY            6                         2      4        7
  MONTH TO DATE   75                        68      7      141
  SINCE DEC 1     75                        68      7      141
  SINCE JAN 1   3487                      3368    119     3769
..................................................................


WIND (MPH)
  RESULTANT WIND SPEED   4   RESULTANT WIND DIRECTION   E (70)
  HIGHEST WIND SPEED    10   HIGHEST WIND DIRECTION    SE (130)
  HIGHEST GUST SPEED    14   HIGHEST GUST DIRECTION    SE (130)
  AVERAGE WIND SPEED     6.3


SKY COVER
  POSSIBLE SUNSHINE  MM
  AVERAGE SKY COVER 0.7


WEATHER CONDITIONS
 THE FOLLOWING WEATHER WAS RECORDED TODAY.
  NO SIGNIFICANT WEATHER WAS OBSERVED.


RELATIVE HUMIDITY (PERCENT)
 HIGHEST    93           500 AM
 LOWEST     68          1200 AM

..........................................................


THE SARASOTA BRADENTON CLIMATE NORMALS FOR TOMORROW
                         NORMAL    RECORD    YEAR
 MAXIMUM TEMPERATURE (F)   71        84      1991
 MINIMUM TEMPERATURE (F)   52        27      2010


SUNRISE AND SUNSET
DECEMBER 27 2014......SUNRISE   719 AM EST   SUNSET   544 PM EST
DECEMBER 28 2014......SUNRISE   719 AM EST   SUNSET   545 PM EST


-  INDICATES NEGATIVE NUMBERS.
R  INDICATES RECORD WAS SET OR TIED.
MM INDICATES DATA IS MISSING.
T  INDICATES TRACE AMOUNT.




$$


&&
------------------------------------------------------------------
******************** SUPPLEMENTAL DATA ***************************

...GULF WATER TEMPERATURE AT NEW PASS 69
