000
CDUS42 KTBW 052122
CLISRQ


CLIMATE REPORT
NATIONAL WEATHER SERVICE TAMPA BAY FL
520 PM EDT THU MAY 5 2016


...................................

...THE SARASOTA BRADENTON CLIMATE SUMMARY FOR MAY 5 2016...
VALID TODAY AS OF 0500 PM LOCAL TIME.

CLIMATE NORMAL PERIOD 1981 TO 2010
CLIMATE RECORD PERIOD 1911 TO 2016


WEATHER ITEM   OBSERVED TIME   RECORD YEAR NORMAL DEPARTURE LAST
                VALUE   (LST)  VALUE       VALUE  FROM      YEAR
                                                  NORMAL
..................................................................
TEMPERATURE (F)
 TODAY
  MAXIMUM         83    119 PM  92    2002  84     -1       86
  MINIMUM         69    614 AM  49    1971  65      4       65
  AVERAGE         76                        74      2       76

PRECIPITATION (IN)
  TODAY            0.00          3.69 1978   0.06  -0.06     0.00
  MONTH TO DATE    3.40                      0.31   3.09      T
  SINCE MAR 1      5.23                      6.61  -1.38     2.64
  SINCE JAN 1     10.91                     11.80  -0.89     7.52

DEGREE DAYS
 HEATING
  TODAY            0                         0      0        0
  MONTH TO DATE    0                         0      0        0
  SINCE MAR 1     14                        59    -45       13
  SINCE JUL 1    320                       477   -157      470

 COOLING
  TODAY           11                         9      2       11
  MONTH TO DATE   65                        45     20       43
  SINCE MAR 1    545                       338    207      599
  SINCE JAN 1    611                       442    169      668
..................................................................


WIND (MPH)
  RESULTANT WIND SPEED  13   RESULTANT WIND DIRECTION  NW (310)
  HIGHEST WIND SPEED    22   HIGHEST WIND DIRECTION     W (290)
  HIGHEST GUST SPEED    27   HIGHEST GUST DIRECTION    NW (320)
  AVERAGE WIND SPEED    14.0


SKY COVER
  POSSIBLE SUNSHINE  MM
  AVERAGE SKY COVER 0.1


WEATHER CONDITIONS
 THE FOLLOWING WEATHER WAS RECORDED TODAY.
  NO SIGNIFICANT WEATHER WAS OBSERVED.


RELATIVE HUMIDITY (PERCENT)
 HIGHEST    68          1200 AM
 LOWEST     40          1200 PM

..........................................................


THE SARASOTA BRADENTON CLIMATE NORMALS FOR TOMORROW
                         NORMAL    RECORD    YEAR
 MAXIMUM TEMPERATURE (F)   84        94      2002
 MINIMUM TEMPERATURE (F)   65        47      1945


SUNRISE AND SUNSET
MAY  5 2016...........SUNRISE   648 AM EDT   SUNSET   806 PM EDT
MAY  6 2016...........SUNRISE   647 AM EDT   SUNSET   807 PM EDT


-  INDICATES NEGATIVE NUMBERS.
R  INDICATES RECORD WAS SET OR TIED.
MM INDICATES DATA IS MISSING.
T  INDICATES TRACE AMOUNT.




$$


&&
------------------------------------------------------------------
******************** SUPPLEMENTAL DATA ***************************

...GULF WATER TEMPERATURE AT VENICE 81 DEGREES
