000
CDUS42 KTBW 260831
CLISRQ


CLIMATE REPORT
NATIONAL WEATHER SERVICE TAMPA BAY FL
429 AM EDT TUE JUL 26 2016


...................................

...THE SARASOTA BRADENTON CLIMATE SUMMARY FOR JULY 25 2016...

CLIMATE NORMAL PERIOD 1981 TO 2010
CLIMATE RECORD PERIOD 1911 TO 2016


WEATHER ITEM   OBSERVED TIME   RECORD YEAR NORMAL DEPARTURE LAST
                VALUE   (LST)  VALUE       VALUE  FROM      YEAR
                                                  NORMAL
..................................................................
TEMPERATURE (F)
 YESTERDAY
  MAXIMUM         91    400 PM 100    1998  90      1       83
  MINIMUM         77    517 AM  65    1948  75      2       75
  AVERAGE         84                        82      2       79

PRECIPITATION (IN)
  YESTERDAY        0.31          2.38 2010   0.26   0.05     0.34
  MONTH TO DATE    4.65                      6.38  -1.73     3.37
  SINCE JUN 1     11.38                     13.89  -2.51     7.10
  SINCE JAN 1     23.66                     27.59  -3.93    19.42

DEGREE DAYS
 HEATING
  YESTERDAY        0                         0      0        0
  MONTH TO DATE    0                         0      0        0
  SINCE JUN 1      0                         0      0        0
  SINCE JUL 1      0                         0      0        0

 COOLING
  YESTERDAY       19                        18      1       14
  MONTH TO DATE  513                       434     79      444
  SINCE JUN 1   1070                       906    164      945
  SINCE JAN 1   2034                      1657    377     1985
..................................................................


WIND (MPH)
  HIGHEST WIND SPEED    16   HIGHEST WIND DIRECTION     S (200)
  HIGHEST GUST SPEED    19   HIGHEST GUST DIRECTION     S (200)
  AVERAGE WIND SPEED     7.1


SKY COVER
  POSSIBLE SUNSHINE  MM
  AVERAGE SKY COVER 0.2


WEATHER CONDITIONS
 THE FOLLOWING WEATHER WAS RECORDED YESTERDAY.
  THUNDERSTORM
  HEAVY RAIN
  LIGHT RAIN


RELATIVE HUMIDITY (PERCENT)
 HIGHEST    85          1200 AM
 LOWEST     52          1100 AM

..........................................................


THE SARASOTA BRADENTON CLIMATE NORMALS FOR TODAY
                         NORMAL    RECORD    YEAR
 MAXIMUM TEMPERATURE (F)   90        97      1923
 MINIMUM TEMPERATURE (F)   75        67      1970
                                             1929


SUNRISE AND SUNSET
JULY 26 2016..........SUNRISE   651 AM EDT   SUNSET   822 PM EDT
JULY 27 2016..........SUNRISE   651 AM EDT   SUNSET   822 PM EDT


-  INDICATES NEGATIVE NUMBERS.
R  INDICATES RECORD WAS SET OR TIED.
MM INDICATES DATA IS MISSING.
T  INDICATES TRACE AMOUNT.




$$


&&
------------------------------------------------------------------
******************** SUPPLEMENTAL DATA ***************************

...GULF WATER TEMPERATURE AT VENICE 88 DEGREES
