000
CDUS42 KJAX 122227
CLISSI


CLIMATE REPORT
NATIONAL WEATHER SERVICE JACKSONVILLE FL
527 PM EST FRI FEB 12 2016


...................................

...THE ST SIMONS ISLAND CLIMATE SUMMARY FOR FEBRUARY 12 2016...
VALID TODAY AS OF 0500 PM LOCAL TIME.

CLIMATE NORMAL PERIOD 1981 TO 2010
CLIMATE RECORD PERIOD 1948 TO 2016


WEATHER ITEM   OBSERVED TIME   RECORD YEAR NORMAL DEPARTURE LAST
                VALUE   (LST)  VALUE       VALUE  FROM      YEAR
                                                  NORMAL
..................................................................
TEMPERATURE (F)
 TODAY
  MAXIMUM         74    408 PM  78    1999  63     11       68
  MINIMUM         51    257 AM  24    1981  45      6       43
  AVERAGE         63                        54      9       56

PRECIPITATION (IN)
  TODAY            0.00          0.93 2010   0.11  -0.11     0.00
  MONTH TO DATE    3.39                      1.41   1.98     0.98
  SINCE DEC 1      7.89                      7.27   0.62     5.33
  SINCE JAN 1      6.54                      4.63   1.91     4.01

SNOWFALL (IN)
  TODAY            0.0           T    2010                   0.0
  MONTH TO DATE    0.0                                       0.0
  SINCE DEC 1      0.0                                       0.0
  SINCE JUL 1      0.0                                       0.0

DEGREE DAYS
 HEATING
  TODAY            2                        11     -9        9
  MONTH TO DATE  147                       144      3      165
  SINCE DEC 1    679                       915   -236      822
  SINCE JUL 1    744                      1095   -351     1108

 COOLING
  TODAY            0                         0      0        0
  MONTH TO DATE    0                         0      0        0
  SINCE DEC 1     90                        16     74       12
  SINCE JAN 1      0                         3     -3        6
..................................................................


WIND (MPH)
  HIGHEST WIND SPEED    21   HIGHEST WIND DIRECTION    SW (240)
  HIGHEST GUST SPEED    30   HIGHEST GUST DIRECTION    SW (230)
  AVERAGE WIND SPEED    10.0


SKY COVER
  POSSIBLE SUNSHINE  MM
  AVERAGE SKY COVER 0.7


WEATHER CONDITIONS
 THE FOLLOWING WEATHER WAS RECORDED TODAY.
  NO SIGNIFICANT WEATHER WAS OBSERVED.


RELATIVE HUMIDITY (PERCENT)
 HIGHEST   100           400 AM
 LOWEST     41           300 PM
 AVERAGE    71

..........................................................


THE ST SIMONS ISLAND CLIMATE NORMALS FOR TOMORROW
                         NORMAL    RECORD    YEAR
 MAXIMUM TEMPERATURE (F)   63        83      2013
 MINIMUM TEMPERATURE (F)   45        22      1955


SUNRISE AND SUNSET
FEBRUARY 12 2016......SUNRISE   710 AM EST   SUNSET   610 PM EST
FEBRUARY 13 2016......SUNRISE   709 AM EST   SUNSET   611 PM EST


-  INDICATES NEGATIVE NUMBERS.
R  INDICATES RECORD WAS SET OR TIED.
MM INDICATES DATA IS MISSING.
T  INDICATES TRACE AMOUNT.




$$
