809
CDUS42 KJAX 080532
CLISSI


CLIMATE REPORT
NATIONAL WEATHER SERVICE JACKSONVILLE FL
1232 AM EST THU DEC 8 2016


...................................

...THE ST SIMONS ISLAND CLIMATE SUMMARY FOR DECEMBER 7 2016...

CLIMATE NORMAL PERIOD 1981 TO 2010
CLIMATE RECORD PERIOD 1948 TO 2016


WEATHER ITEM   OBSERVED TIME   RECORD YEAR NORMAL DEPARTURE LAST
                VALUE   (LST)  VALUE       VALUE  FROM      YEAR
                                                  NORMAL
..................................................................
TEMPERATURE (F)
 YESTERDAY
  MAXIMUM         67    238 PM  79    2011  65      2       68
                                      1971
  MINIMUM         55    445 AM  26    1984  47      8       50
  AVERAGE         61                        56      5       59

PRECIPITATION (IN)
  YESTERDAY        0.00          0.65 1969   0.08  -0.08     0.33
  MONTH TO DATE    1.98                      0.56   1.42     0.43
  SINCE DEC 1      1.98                      0.56   1.42     0.43
  SINCE JAN 1     45.23                     42.92   2.31    52.43

SNOWFALL (IN)
  YESTERDAY        0.0           0.0    MM                   0.0
  MONTH TO DATE    0.0                                       0.0
  SINCE DEC 1      0.0                                       0.0
  SINCE JUL 1      0.0                                       0.0
  SNOW DEPTH       0

DEGREE DAYS
 HEATING
  YESTERDAY        4                        10     -6        6
  MONTH TO DATE   23                        63    -40       32
  SINCE DEC 1     23                        63    -40       32
  SINCE JUL 1    128                       243   -115       97

 COOLING
  YESTERDAY        0                         1     -1        0
  MONTH TO DATE   13                         7      6        8
  SINCE DEC 1     13                         7      6        8
  SINCE JAN 1   3014                      2622    392     2817
..................................................................


WIND (MPH)
  HIGHEST WIND SPEED     9   HIGHEST WIND DIRECTION    SE (130)
  HIGHEST GUST SPEED    14   HIGHEST GUST DIRECTION    SE (140)
  AVERAGE WIND SPEED     3.5


SKY COVER
  POSSIBLE SUNSHINE  MM
  AVERAGE SKY COVER 0.4


WEATHER CONDITIONS
 THE FOLLOWING WEATHER WAS RECORDED YESTERDAY.
  NO SIGNIFICANT WEATHER WAS OBSERVED.


RELATIVE HUMIDITY (PERCENT)
 HIGHEST    97          1000 PM
 LOWEST     68           200 PM
 AVERAGE    83

..........................................................


THE ST SIMONS ISLAND CLIMATE NORMALS FOR TODAY
                         NORMAL    RECORD    YEAR
 MAXIMUM TEMPERATURE (F)   64        81      1998
 MINIMUM TEMPERATURE (F)   47        30      2010


SUNRISE AND SUNSET
DECEMBER  8 2016......SUNRISE   712 AM EST   SUNSET   523 PM EST
DECEMBER  9 2016......SUNRISE   713 AM EST   SUNSET   523 PM EST


-  INDICATES NEGATIVE NUMBERS.
R  INDICATES RECORD WAS SET OR TIED.
MM INDICATES DATA IS MISSING.
T  INDICATES TRACE AMOUNT.




$$
