000
CDUS42 KJAX 262126
CLISSI


CLIMATE REPORT
NATIONAL WEATHER SERVICE JACKSONVILLE FL
526 PM EDT FRI AUG 26 2016


...................................

...THE ST SIMONS ISLAND CLIMATE SUMMARY FOR AUGUST 26 2016...
VALID TODAY AS OF 0500 PM LOCAL TIME.

CLIMATE NORMAL PERIOD 1981 TO 2010
CLIMATE RECORD PERIOD 1948 TO 2016


WEATHER ITEM   OBSERVED TIME   RECORD YEAR NORMAL DEPARTURE LAST
                VALUE   (LST)  VALUE       VALUE  FROM      YEAR
                                                  NORMAL
..................................................................
TEMPERATURE (F)
 TODAY
  MAXIMUM         89    209 PM  95    1998  88      1       92
  MINIMUM         75    623 AM  68    1997  75      0       73
  AVERAGE         82                        81      1       83

PRECIPITATION (IN)
  TODAY            T             3.77 1961   0.25  -0.25     0.07
  MONTH TO DATE    1.41                      5.09  -3.68     2.78
  SINCE JUN 1      8.39                     14.01  -5.62    16.02
  SINCE JAN 1     21.42                     28.93  -7.51    30.14

SNOWFALL (IN)
  TODAY            0.0           0.0    MM                   0.0
  MONTH TO DATE    0.0                                       0.0
  SINCE JUN 1      0.0                                       0.0
  SINCE JUL 1      0.0                                       0.0

DEGREE DAYS
 HEATING
  TODAY            0                         0      0        0
  MONTH TO DATE    0                         0      0        0
  SINCE JUN 1      0                         0      0        0
  SINCE JUL 1      0                         0      0        0

 COOLING
  TODAY           17                        16      1       18
  MONTH TO DATE  499                       444     55      446
  SINCE JUN 1   1655                      1456    199     1504
  SINCE JAN 1   2179                      1898    281     2052
..................................................................


WIND (MPH)
  HIGHEST WIND SPEED    16   HIGHEST WIND DIRECTION     E (70)
  HIGHEST GUST SPEED    23   HIGHEST GUST DIRECTION     E (70)
  AVERAGE WIND SPEED     8.1


SKY COVER
  POSSIBLE SUNSHINE  MM
  AVERAGE SKY COVER 0.4


WEATHER CONDITIONS
 THE FOLLOWING WEATHER WAS RECORDED TODAY.
  LIGHT RAIN


RELATIVE HUMIDITY (PERCENT)
 HIGHEST    94           400 AM
 LOWEST     55           300 PM
 AVERAGE    75

..........................................................


THE ST SIMONS ISLAND CLIMATE NORMALS FOR TOMORROW
                         NORMAL    RECORD    YEAR
 MAXIMUM TEMPERATURE (F)   88        99      2011
 MINIMUM TEMPERATURE (F)   75        67      1952


SUNRISE AND SUNSET
AUGUST 26 2016........SUNRISE   658 AM EDT   SUNSET   756 PM EDT
AUGUST 27 2016........SUNRISE   659 AM EDT   SUNSET   754 PM EDT


-  INDICATES NEGATIVE NUMBERS.
R  INDICATES RECORD WAS SET OR TIED.
MM INDICATES DATA IS MISSING.
T  INDICATES TRACE AMOUNT.




$$
