000
CDUS42 KJAX 210532
CLISSI


CLIMATE REPORT
NATIONAL WEATHER SERVICE JACKSONVILLE FL
132 AM EDT SUN SEP 21 2014


...................................

...THE ST SIMONS ISLAND CLIMATE SUMMARY FOR SEPTEMBER 20 2014...

CLIMATE NORMAL PERIOD 1981 TO 2010
CLIMATE RECORD PERIOD 1948 TO 2014


WEATHER ITEM   OBSERVED TIME   RECORD YEAR NORMAL DEPARTURE LAST
                VALUE   (LST)  VALUE       VALUE  FROM      YEAR
                                                  NORMAL
..................................................................
TEMPERATURE (F)
 YESTERDAY
  MAXIMUM         78   1216 AM  93    1955  84     -6       83
  MINIMUM         69   1159 PM  56    1981  71     -2       69
  AVERAGE         74                        78     -4       76

PRECIPITATION (IN)
  YESTERDAY        0.83          5.22 1953   0.18   0.65     0.00
  MONTH TO DATE    4.02                      3.97   0.05     5.64
  SINCE SEP 1      4.02                      3.97   0.05     5.64
  SINCE JAN 1     34.77                     34.08   0.69    40.58

SNOWFALL (IN)
  YESTERDAY        0.0           0.0    MM                   0.0
  MONTH TO DATE    0.0                                       0.0
  SINCE SEP 1      0.0                                       0.0
  SINCE JUL 1      0.0                                       0.0
  SNOW DEPTH       0

DEGREE DAYS
 HEATING
  YESTERDAY        0                         0      0        0
  MONTH TO DATE    0                         0      0        0
  SINCE SEP 1      0                         0      0        0
  SINCE JUL 1      0                         0      0        0

 COOLING
  YESTERDAY        9                        12     -3       11
  MONTH TO DATE  299                       284     15      319
  SINCE SEP 1    299                       284     15      319
  SINCE JAN 1   2304                      2260     44     2264
..................................................................


WIND (MPH)
  HIGHEST WIND SPEED    22   HIGHEST WIND DIRECTION     N (10)
  HIGHEST GUST SPEED    28   HIGHEST GUST DIRECTION     N (10)
  AVERAGE WIND SPEED    10.4


SKY COVER
  POSSIBLE SUNSHINE  MM
  AVERAGE SKY COVER 0.5


WEATHER CONDITIONS
 THE FOLLOWING WEATHER WAS RECORDED YESTERDAY.
  THUNDERSTORM
  HEAVY RAIN
  RAIN
  LIGHT RAIN


RELATIVE HUMIDITY (PERCENT)
 HIGHEST    93           400 AM
 LOWEST     74          1200 AM
 AVERAGE    84

..........................................................


THE ST SIMONS ISLAND CLIMATE NORMALS FOR TODAY
                         NORMAL    RECORD    YEAR
 MAXIMUM TEMPERATURE (F)   84        92      1993
 MINIMUM TEMPERATURE (F)   71        60      2006


SUNRISE AND SUNSET
SEPTEMBER 21 2014.....SUNRISE   713 AM EDT   SUNSET   723 PM EDT
SEPTEMBER 22 2014.....SUNRISE   714 AM EDT   SUNSET   722 PM EDT


-  INDICATES NEGATIVE NUMBERS.
R  INDICATES RECORD WAS SET OR TIED.
MM INDICATES DATA IS MISSING.
T  INDICATES TRACE AMOUNT.




$$
