838
CDUS42 KJAX 300537
CLISSI


CLIMATE REPORT
NATIONAL WEATHER SERVICE JACKSONVILLE FL
137 AM EDT MON MAY 30 2016


...................................

...THE ST SIMONS ISLAND CLIMATE SUMMARY FOR MAY 29 2016...

CLIMATE NORMAL PERIOD 1981 TO 2010
CLIMATE RECORD PERIOD 1948 TO 2016


WEATHER ITEM   OBSERVED TIME   RECORD YEAR NORMAL DEPARTURE LAST
                VALUE   (LST)  VALUE       VALUE  FROM      YEAR
                                                  NORMAL
..................................................................
TEMPERATURE (F)
 YESTERDAY
  MAXIMUM         85    515 PM  93    1986  85      0       83
  MINIMUM         68    606 AM  57    1968  70     -2       73
  AVERAGE         77                        78     -1       78

PRECIPITATION (IN)
  YESTERDAY        0.00          1.68 2012   0.09  -0.09     0.00
  MONTH TO DATE    1.68                      1.66   0.02     1.22
  SINCE MAR 1      5.89                      8.03  -2.14     7.02
  SINCE JAN 1     13.03                     14.72  -1.69    12.74

SNOWFALL (IN)
  YESTERDAY        0.0           0.0    MM                   0.0
  MONTH TO DATE    0.0                                       0.0
  SINCE MAR 1      0.0                                       0.0
  SINCE JUL 1      0.0                                       0.0
  SNOW DEPTH       0

DEGREE DAYS
 HEATING
  YESTERDAY        0                         0      0        0
  MONTH TO DATE    4                         2      2        1
  SINCE MAR 1    115                       235   -120      115
  SINCE JUL 1   1021                      1486   -465     1495

 COOLING
  YESTERDAY       12                        13     -1       13
  MONTH TO DATE  285                       272     13      313
  SINCE MAR 1    488                       406     82      518
  SINCE JAN 1    492                       415     77      524
..................................................................


WIND (MPH)
  HIGHEST WIND SPEED    20   HIGHEST WIND DIRECTION     W (280)
  HIGHEST GUST SPEED    27   HIGHEST GUST DIRECTION    NW (330)
  AVERAGE WIND SPEED     9.1


SKY COVER
  POSSIBLE SUNSHINE  MM
  AVERAGE SKY COVER 0.1


WEATHER CONDITIONS
 THE FOLLOWING WEATHER WAS RECORDED YESTERDAY.
  NO SIGNIFICANT WEATHER WAS OBSERVED.


RELATIVE HUMIDITY (PERCENT)
 HIGHEST    90           100 AM
 LOWEST     43           500 PM
 AVERAGE    67

..........................................................


THE ST SIMONS ISLAND CLIMATE NORMALS FOR TODAY
                         NORMAL    RECORD    YEAR
 MAXIMUM TEMPERATURE (F)   85        95      2004
 MINIMUM TEMPERATURE (F)   71        55      1971


SUNRISE AND SUNSET
MAY 30 2016...........SUNRISE   623 AM EDT   SUNSET   824 PM EDT
MAY 31 2016...........SUNRISE   622 AM EDT   SUNSET   824 PM EDT


-  INDICATES NEGATIVE NUMBERS.
R  INDICATES RECORD WAS SET OR TIED.
MM INDICATES DATA IS MISSING.
T  INDICATES TRACE AMOUNT.




$$
