000
CDUS42 KJAX 260532
CLISSI


CLIMATE REPORT
NATIONAL WEATHER SERVICE JACKSONVILLE FL
1232 AM EST FRI DEC 26 2014


...................................

...THE ST SIMONS ISLAND CLIMATE SUMMARY FOR DECEMBER 25 2014...

CLIMATE NORMAL PERIOD 1981 TO 2010
CLIMATE RECORD PERIOD 1948 TO 2014


WEATHER ITEM   OBSERVED TIME   RECORD YEAR NORMAL DEPARTURE LAST
                VALUE   (LST)  VALUE       VALUE  FROM      YEAR
                                                  NORMAL
..................................................................
TEMPERATURE (F)
 YESTERDAY
  MAXIMUM         64    115 AM  80    2008  61      3       53
  MINIMUM         44   1159 PM  12    1983  44      0       40
  AVERAGE         54                        52      2       47

PRECIPITATION (IN)
  YESTERDAY        0.00          1.44 2006   0.08  -0.08     0.00
  MONTH TO DATE    1.22                      2.13  -0.91     1.31
  SINCE DEC 1      1.22                      2.13  -0.91     1.31
  SINCE JAN 1     43.94                     44.49  -0.55    51.48

SNOWFALL (IN)
  YESTERDAY        0.0           0.0    MM                   0.0
  MONTH TO DATE    0.0                                       0.0
  SINCE DEC 1      0.0                                       0.0
  SINCE JUL 1      0.0                                       0.0
  SNOW DEPTH       0

DEGREE DAYS
 HEATING
  YESTERDAY       11                        13     -2       18
  MONTH TO DATE  217                       270    -53      172
  SINCE DEC 1    217                       270    -53      172
  SINCE JUL 1    503                       450     53      362

 COOLING
  YESTERDAY        0                         0      0        0
  MONTH TO DATE    2                         9     -7       18
  SINCE DEC 1      2                         9     -7       18
  SINCE JAN 1   2588                      2624    -36     2605
..................................................................


WIND (MPH)
  HIGHEST WIND SPEED    17   HIGHEST WIND DIRECTION     W (290)
  HIGHEST GUST SPEED    29   HIGHEST GUST DIRECTION     W (280)
  AVERAGE WIND SPEED     6.1


SKY COVER
  POSSIBLE SUNSHINE  MM
  AVERAGE SKY COVER 0.5


WEATHER CONDITIONS
 THE FOLLOWING WEATHER WAS RECORDED YESTERDAY.
  NO SIGNIFICANT WEATHER WAS OBSERVED.


RELATIVE HUMIDITY (PERCENT)
 HIGHEST    90           200 AM
 LOWEST     47           400 PM
 AVERAGE    69

..........................................................


THE ST SIMONS ISLAND CLIMATE NORMALS FOR TODAY
                         NORMAL    RECORD    YEAR
 MAXIMUM TEMPERATURE (F)   61        79      1971
 MINIMUM TEMPERATURE (F)   43        14      1983


SUNRISE AND SUNSET
DECEMBER 26 2014......SUNRISE   722 AM EST   SUNSET   530 PM EST
DECEMBER 27 2014......SUNRISE   723 AM EST   SUNSET   531 PM EST


-  INDICATES NEGATIVE NUMBERS.
R  INDICATES RECORD WAS SET OR TIED.
MM INDICATES DATA IS MISSING.
T  INDICATES TRACE AMOUNT.




$$
