000
CDUS42 KJAX 242140
CLISSI


CLIMATE REPORT
NATIONAL WEATHER SERVICE JACKSONVILLE
540 PM EDT THU APR 24 2014


...................................

...THE ST SIMONS ISLAND CLIMATE SUMMARY FOR APRIL 24 2014...
VALID TODAY AS OF 0500 PM LOCAL TIME.

CLIMATE NORMAL PERIOD 1981 TO 2010
CLIMATE RECORD PERIOD 1948 TO 2014


WEATHER ITEM   OBSERVED TIME   RECORD YEAR NORMAL DEPARTURE LAST
                VALUE   (LST)  VALUE       VALUE  FROM      YEAR
                                                  NORMAL
..................................................................
TEMPERATURE (F)
 TODAY
  MAXIMUM         78    212 PM  93    1999  77      1       75
  MINIMUM         62    621 AM  47    1986  60      2       53
  AVERAGE         70                        68      2       64

PRECIPITATION (IN)
  TODAY            0.00          1.43 2000   0.07  -0.07     0.00
  MONTH TO DATE    7.92                      2.10   5.82     2.32
  SINCE MAR 1     10.46                      5.98   4.48     4.43
  SINCE JAN 1     16.94                     12.67   4.27     8.54

SNOWFALL (IN)
  TODAY            0.0           0.0    MM                   0.0
  MONTH TO DATE    0.0                                       0.0
  SINCE MAR 1      0.0                                       0.0
  SINCE JUL 1      T                                         0.0

DEGREE DAYS
 HEATING
  TODAY            0                         1     -1        1
  MONTH TO DATE   37                        51    -14       39
  SINCE MAR 1    265                       228     37      352
  SINCE JUL 1   1493                      1479     14     1267

 COOLING
  TODAY            5                         5      0        0
  MONTH TO DATE   62                        72    -10       73
  SINCE MAR 1     76                       103    -27       84
  SINCE JAN 1     84                       112    -28      112
..................................................................


WIND (MPH)
  HIGHEST WIND SPEED    15   HIGHEST WIND DIRECTION     E (100)
  HIGHEST GUST SPEED    18   HIGHEST GUST DIRECTION     E (90)
  AVERAGE WIND SPEED     4.7


SKY COVER
  POSSIBLE SUNSHINE  MM
  AVERAGE SKY COVER 0.3


WEATHER CONDITIONS
 THE FOLLOWING WEATHER WAS RECORDED TODAY.
  FOG


RELATIVE HUMIDITY (PERCENT)
 HIGHEST    93           200 AM
 LOWEST     60           100 PM
 AVERAGE    77

..........................................................


THE ST SIMONS ISLAND CLIMATE NORMALS FOR TOMORROW
                         NORMAL    RECORD    YEAR
 MAXIMUM TEMPERATURE (F)   77        90      2002
 MINIMUM TEMPERATURE (F)   60        45      2005


SUNRISE AND SUNSET
APRIL 24 2014.........SUNRISE   648 AM EDT   SUNSET   800 PM EDT
APRIL 25 2014.........SUNRISE   647 AM EDT   SUNSET   801 PM EDT


-  INDICATES NEGATIVE NUMBERS.
R  INDICATES RECORD WAS SET OR TIED.
MM INDICATES DATA IS MISSING.
T  INDICATES TRACE AMOUNT.




$$
