000
CDUS42 KJAX 240527
CLISSI


CLIMATE REPORT
NATIONAL WEATHER SERVICE JACKSONVILLE FL
1227 AM EST SAT FEB 24 2018


...................................

...THE ST SIMONS ISLAND CLIMATE SUMMARY FOR FEBRUARY 23 2018...

CLIMATE NORMAL PERIOD 1981 TO 2010
CLIMATE RECORD PERIOD 1948 TO 2018


WEATHER ITEM   OBSERVED TIME   RECORD YEAR NORMAL DEPARTURE LAST
                VALUE   (LST)  VALUE       VALUE  FROM      YEAR
                                                  NORMAL
..................................................................
TEMPERATURE (F)
 YESTERDAY
  MAXIMUM         78    142 PM  82    2012  65     13       74
  MINIMUM         61    648 AM  26    1963  47     14       63
  AVERAGE         70                        56     14       69

PRECIPITATION (IN)
  YESTERDAY        0.00          1.83 2013   0.13  -0.13     0.00
  MONTH TO DATE    0.90                      2.82  -1.92     0.86
  SINCE DEC 1      7.20                      8.68  -1.48     8.88
  SINCE JAN 1      4.37                      6.04  -1.67     5.86

SNOWFALL (IN)
  YESTERDAY        0.0           0.0    MM                   0.0
  MONTH TO DATE    0.0                                       0.0
  SINCE DEC 1      0.0                                       0.0
  SINCE JUL 1      0.0                                       0.0
  SNOW DEPTH       0

DEGREE DAYS
 HEATING
  YESTERDAY        0                         9     -9        0
  MONTH TO DATE   93                       257   -164       98
  SINCE DEC 1    919                      1028   -109      501
  SINCE JUL 1   1049                      1208   -159      606

 COOLING
  YESTERDAY        5                         0      5        4
  MONTH TO DATE   43                         0     43       20
  SINCE DEC 1     60                        16     44       64
  SINCE JAN 1     44                         3     41       39
..................................................................


WIND (MPH)
  HIGHEST WIND SPEED    14   HIGHEST WIND DIRECTION    SE (120)
  HIGHEST GUST SPEED    20   HIGHEST GUST DIRECTION     E (110)
  AVERAGE WIND SPEED     4.6


SKY COVER
  POSSIBLE SUNSHINE  MM
  AVERAGE SKY COVER 0.1


WEATHER CONDITIONS
 THE FOLLOWING WEATHER WAS RECORDED YESTERDAY.
  FOG


RELATIVE HUMIDITY (PERCENT)
 HIGHEST   100           100 AM
 LOWEST     73           400 PM
 AVERAGE    87

..........................................................


THE ST SIMONS ISLAND CLIMATE NORMALS FOR TODAY
                         NORMAL    RECORD    YEAR
 MAXIMUM TEMPERATURE (F)   65        84      2012
 MINIMUM TEMPERATURE (F)   48        26      1989


SUNRISE AND SUNSET
FEBRUARY 24 2018......SUNRISE   658 AM EST   SUNSET   620 PM EST
FEBRUARY 25 2018......SUNRISE   657 AM EST   SUNSET   621 PM EST


-  INDICATES NEGATIVE NUMBERS.
R  INDICATES RECORD WAS SET OR TIED.
MM INDICATES DATA IS MISSING.
T  INDICATES TRACE AMOUNT.




$$
