000
CDUS42 KJAX 260536
CLISSI


CLIMATE REPORT
NATIONAL WEATHER SERVICE JACKSONVILLE FL
135 AM EDT MON SEP 26 2016


...................................

...THE ST SIMONS ISLAND CLIMATE SUMMARY FOR SEPTEMBER 25 2016...

CLIMATE NORMAL PERIOD 1981 TO 2010
CLIMATE RECORD PERIOD 1948 TO 2016


WEATHER ITEM   OBSERVED TIME   RECORD YEAR NORMAL DEPARTURE LAST
                VALUE   (LST)  VALUE       VALUE  FROM      YEAR
                                                  NORMAL
..................................................................
TEMPERATURE (F)
 YESTERDAY
  MAXIMUM         86    201 PM  94    1961  83      3       80
  MINIMUM         73    620 AM  57    1990  70      3       64
  AVERAGE         80                        76      4       72

PRECIPITATION (IN)
  YESTERDAY        0.00          2.75 1953   0.18  -0.18     0.00
  MONTH TO DATE    8.14                      4.86   3.28     8.81
  SINCE SEP 1      8.14                      4.86   3.28     8.81
  SINCE JAN 1     31.95                     34.97  -3.02    42.93

SNOWFALL (IN)
  YESTERDAY        0.0           0.0    MM                   0.0
  MONTH TO DATE    0.0                                       0.0
  SINCE SEP 1      0.0                                       0.0
  SINCE JUL 1      0.0                                       0.0
  SNOW DEPTH       0

DEGREE DAYS
 HEATING
  YESTERDAY        0                         0      0        0
  MONTH TO DATE    0                         0      0        0
  SINCE SEP 1      0                         0      0        0
  SINCE JUL 1      0                         0      0        0

 COOLING
  YESTERDAY       15                        11      4        7
  MONTH TO DATE  366                       343     23      318
  SINCE SEP 1    366                       343     23      318
  SINCE JAN 1   2637                      2319    318     2445
..................................................................


WIND (MPH)
  HIGHEST WIND SPEED    18   HIGHEST WIND DIRECTION    NE (60)
  HIGHEST GUST SPEED    23   HIGHEST GUST DIRECTION    NE (50)
  AVERAGE WIND SPEED     8.2


SKY COVER
  POSSIBLE SUNSHINE  MM
  AVERAGE SKY COVER 0.2


WEATHER CONDITIONS
 THE FOLLOWING WEATHER WAS RECORDED YESTERDAY.
  FOG


RELATIVE HUMIDITY (PERCENT)
 HIGHEST    93           200 AM
 LOWEST     61           300 PM
 AVERAGE    77

..........................................................


THE ST SIMONS ISLAND CLIMATE NORMALS FOR TODAY
                         NORMAL    RECORD    YEAR
 MAXIMUM TEMPERATURE (F)   83        93      1961
 MINIMUM TEMPERATURE (F)   69        58      1956


SUNRISE AND SUNSET
SEPTEMBER 26 2016.....SUNRISE   716 AM EDT   SUNSET   716 PM EDT
SEPTEMBER 27 2016.....SUNRISE   717 AM EDT   SUNSET   715 PM EDT


-  INDICATES NEGATIVE NUMBERS.
R  INDICATES RECORD WAS SET OR TIED.
MM INDICATES DATA IS MISSING.
T  INDICATES TRACE AMOUNT.




$$
