000
CDUS43 KMPX 280055
CLISTC


CLIMATE REPORT
NATIONAL WEATHER SERVICE CHANHASSEN MN
755 PM CDT THU APR 27 2017


...................................

...THE ST CLOUD MN CLIMATE SUMMARY FOR APRIL 27 2017...
VALID TODAY AS OF 0700 PM LOCAL TIME.

CLIMATE NORMAL PERIOD 1981 TO 2010
CLIMATE RECORD PERIOD 1893 TO 2017


WEATHER ITEM   OBSERVED TIME   RECORD YEAR NORMAL DEPARTURE LAST
                VALUE   (LST)  VALUE       VALUE  FROM      YEAR
                                                  NORMAL
..................................................................
TEMPERATURE (F)
 TODAY
  MAXIMUM         32    559 PM  86    1977  63    -31       52
                                      1952
                                      1910
  MINIMUM         29   1116 AM  12    1909  38     -9       36
  AVERAGE         31                        50    -19       44

PRECIPITATION (IN)
  TODAY            0.00          2.06 1969   0.10  -0.10     0.04
  MONTH TO DATE    2.87                      2.26   0.61     1.56
  SINCE MAR 1      3.54                      3.81  -0.27     3.06
  SINCE JAN 1      4.86                      5.05  -0.19     4.00

SNOWFALL (IN)
  TODAY            0.0           3.0  1971   0.0    0.0      0.0
  MONTH TO DATE    T                         2.9   -2.9      1.6
  SINCE MAR 1      2.0                      11.4   -9.4      4.6
  SINCE JUL 1     30.9                      45.6  -14.7     30.3
  SNOW DEPTH       0

DEGREE DAYS
 HEATING
  TODAY           34                        15     19       21
  MONTH TO DATE  493                       575    -82      544
  SINCE MAR 1   1553                      1679   -126     1361
  SINCE JUL 1   6909                      8125  -1216     6812

 COOLING
  TODAY            0                         0      0        0
  MONTH TO DATE    0                         0      0        5
  SINCE MAR 1      0                         0      0        5
  SINCE JAN 1      0                         0      0        5
..................................................................


WIND (MPH)
  HIGHEST WIND SPEED    18   HIGHEST WIND DIRECTION    NW (310)
  HIGHEST GUST SPEED    23   HIGHEST GUST DIRECTION    NW (320)
  AVERAGE WIND SPEED    10.9


SKY COVER
  POSSIBLE SUNSHINE  MM
  AVERAGE SKY COVER 1.0


WEATHER CONDITIONS
 THE FOLLOWING WEATHER WAS RECORDED TODAY.
  FOG


RELATIVE HUMIDITY (PERCENT)
 HIGHEST   100          1200 AM
 LOWEST     69           200 PM
 AVERAGE    85

..........................................................


THE ST CLOUD MN CLIMATE NORMALS FOR TOMORROW
                         NORMAL    RECORD    YEAR
 MAXIMUM TEMPERATURE (F)   63        92      2004
 MINIMUM TEMPERATURE (F)   38        18      1950


SUNRISE AND SUNSET
APRIL 27 2017.........SUNRISE   610 AM CDT   SUNSET   818 PM CDT
APRIL 28 2017.........SUNRISE   608 AM CDT   SUNSET   820 PM CDT


-  INDICATES NEGATIVE NUMBERS.
R  INDICATES RECORD WAS SET OR TIED.
MM INDICATES DATA IS MISSING.
T  INDICATES TRACE AMOUNT.




$$
