000
CDUS43 KEAX 180636
CLISTJ


CLIMATE REPORT
NATIONAL WEATHER SERVICE KANSAS CITY/PLEASANT HILL MO
135 AM CDT WED OCT 18 2017


...................................

...THE ST. JOSEPH MO CLIMATE SUMMARY FOR OCTOBER 17 2017...

CLIMATE NORMAL PERIOD 1981 TO 2010
CLIMATE RECORD PERIOD 1892 TO 2017


WEATHER ITEM   OBSERVED TIME   RECORD YEAR NORMAL DEPARTURE LAST
                VALUE   (LST)  VALUE       VALUE  FROM      YEAR
                                                  NORMAL
..................................................................
TEMPERATURE (F)
 YESTERDAY
  MAXIMUM         75    251 PM  89    2016  67      8       89
                                      1991
  MINIMUM         41    624 AM  24    1976  42     -1       69
  AVERAGE         58                        54      4       79

PRECIPITATION (IN)
  YESTERDAY        0.00          1.67 1898   0.09  -0.09     0.00
  MONTH TO DATE    2.19                      1.59   0.60     1.47
  SINCE SEP 1      3.22                      5.01  -1.79    10.13
  SINCE JAN 1     23.47                     31.31  -7.84    40.25

DEGREE DAYS
 HEATING
  YESTERDAY        7                        11     -4        0
  MONTH TO DATE   82                       147    -65       85
  SINCE SEP 1    105                       222   -117      110
  SINCE JUL 1    111                       227   -116      112

 COOLING
  YESTERDAY        0                         0      0       14
  MONTH TO DATE   37                        18     19       34
  SINCE SEP 1    227                       140     87      256
  SINCE JAN 1   1271                      1217     54     1528
..................................................................


WIND (MPH)
  HIGHEST WIND SPEED    20   HIGHEST WIND DIRECTION     S (180)
  HIGHEST GUST SPEED    28   HIGHEST GUST DIRECTION    SW (210)
  AVERAGE WIND SPEED     9.6


SKY COVER
  POSSIBLE SUNSHINE  MM
  AVERAGE SKY COVER 0.0


WEATHER CONDITIONS
 THE FOLLOWING WEATHER WAS RECORDED YESTERDAY.
  NO SIGNIFICANT WEATHER WAS OBSERVED.


RELATIVE HUMIDITY (PERCENT)
 HIGHEST    92           500 AM
 LOWEST     35           100 PM
 AVERAGE    64

..........................................................


THE ST. JOSEPH MO CLIMATE NORMALS FOR TODAY
                         NORMAL    RECORD    YEAR
 MAXIMUM TEMPERATURE (F)   66        88      1945
 MINIMUM TEMPERATURE (F)   42        27      1999


SUNRISE AND SUNSET
OCTOBER 18 2017.......SUNRISE   733 AM CDT   SUNSET   636 PM CDT
OCTOBER 19 2017.......SUNRISE   734 AM CDT   SUNSET   634 PM CDT


-  INDICATES NEGATIVE NUMBERS.
R  INDICATES RECORD WAS SET OR TIED.
MM INDICATES DATA IS MISSING.
T  INDICATES TRACE AMOUNT.




$$
