000
CDUS43 KEAX 290033
CLISTJ


CLIMATE REPORT
NATIONAL WEATHER SERVICE KANSAS CITY/PLEASANT HILL MO
733 PM CDT THU AUG 28 2014


...................................

...THE ST. JOSEPH MO CLIMATE SUMMARY FOR AUGUST 28 2014...
VALID TODAY AS OF 0700 PM LOCAL TIME.

CLIMATE NORMAL PERIOD 1981 TO 2010
CLIMATE RECORD PERIOD 1892 TO 2014


WEATHER ITEM   OBSERVED TIME   RECORD YEAR NORMAL DEPARTURE LAST
                VALUE   (LST)  VALUE       VALUE  FROM      YEAR
                                                  NORMAL
..................................................................
TEMPERATURE (F)
 TODAY
  MAXIMUM         91    251 PM 104    1984  85      6       93
  MINIMUM         73    752 AM  41    1986  61     12       63
  AVERAGE         82                        73      9       78

PRECIPITATION (IN)
  TODAY            T             1.80 1977   0.14  -0.14     0.00
  MONTH TO DATE    1.49                      3.55  -2.06     1.26
  SINCE JUN 1     13.81                     12.92   0.89     5.62
  SINCE JAN 1     21.58                     25.87  -4.29    19.67

DEGREE DAYS
 HEATING
  TODAY            0                         0      0        0
  MONTH TO DATE    0                         0      0        0
  SINCE JUN 1      7                         9     -2       17
  SINCE JUL 1      6                         1      5        2

 COOLING
  TODAY           17                         8      9       13
  MONTH TO DATE  316                       300     16      272
  SINCE JUN 1    854                       941    -87      893
  SINCE JAN 1   1015                      1054    -39     1019
..................................................................


WIND (MPH)
  HIGHEST WIND SPEED    18   HIGHEST WIND DIRECTION     S (170)
  HIGHEST GUST SPEED    22   HIGHEST GUST DIRECTION     S (170)
  AVERAGE WIND SPEED     5.7


SKY COVER
  AVERAGE SKY COVER 0.1


WEATHER CONDITIONS
 THE FOLLOWING WEATHER WAS RECORDED TODAY.
  NO SIGNIFICANT WEATHER WAS OBSERVED.


RELATIVE HUMIDITY (PERCENT)
 HIGHEST    93           300 AM
 LOWEST     56           300 PM
 AVERAGE    75

..........................................................


THE ST. JOSEPH MO CLIMATE NORMALS FOR TOMORROW
                         NORMAL    RECORD    YEAR
 MAXIMUM TEMPERATURE (F)   85       106      1984
 MINIMUM TEMPERATURE (F)   61        45      1988


SUNRISE AND SUNSET
AUGUST 28 2014........SUNRISE   644 AM CDT   SUNSET   757 PM CDT
AUGUST 29 2014........SUNRISE   645 AM CDT   SUNSET   755 PM CDT


-  INDICATES NEGATIVE NUMBERS.
R  INDICATES RECORD WAS SET OR TIED.
MM INDICATES DATA IS MISSING.
T  INDICATES TRACE AMOUNT.




$$
