286
CDUS43 KEAX 250632
CLISTJ


CLIMATE REPORT
NATIONAL WEATHER SERVICE KANSAS CITY/PLEASANT HILL MO
132 AM CDT WED MAY 25 2016


...................................

...THE ST. JOSEPH MO CLIMATE SUMMARY FOR MAY 24 2016...

CLIMATE NORMAL PERIOD 1981 TO 2010
CLIMATE RECORD PERIOD 1892 TO 2016


WEATHER ITEM   OBSERVED TIME   RECORD YEAR NORMAL DEPARTURE LAST
                VALUE   (LST)  VALUE       VALUE  FROM      YEAR
                                                  NORMAL
..................................................................
TEMPERATURE (F)
 YESTERDAY
  MAXIMUM         80    530 PM  97    1967  78      2       71
  MINIMUM         63    609 AM  38    1924  56      7       61
  AVERAGE         72                        67      5       66

PRECIPITATION (IN)
  YESTERDAY        0.09          1.20 2011   0.18  -0.09     0.40
  MONTH TO DATE    2.37                      4.27  -1.90     8.00
  SINCE MAR 1      9.67                     10.31  -0.64    12.18
  SINCE JAN 1     10.58                     11.80  -1.22    13.93

DEGREE DAYS
 HEATING
  YESTERDAY        0                         2     -2        0
  MONTH TO DATE  126                       103     23       91
  SINCE MAR 1    901                      1133   -232      970
  SINCE JUL 1   4519                      5441   -922     5494

 COOLING
  YESTERDAY        7                         4      3        1
  MONTH TO DATE   23                        56    -33       43
  SINCE MAR 1     42                        77    -35       48
  SINCE JAN 1     42                        77    -35       48
..................................................................


WIND (MPH)
  HIGHEST WIND SPEED    25   HIGHEST WIND DIRECTION    NE (40)
  HIGHEST GUST SPEED    27   HIGHEST GUST DIRECTION    NE (40)
  AVERAGE WIND SPEED     7.7


SKY COVER
  POSSIBLE SUNSHINE  MM
  AVERAGE SKY COVER 0.3


WEATHER CONDITIONS
 THE FOLLOWING WEATHER WAS RECORDED YESTERDAY.
  THUNDERSTORM
  RAIN
  LIGHT RAIN
  FOG


RELATIVE HUMIDITY (PERCENT)
 HIGHEST    93           300 AM
 LOWEST     54           300 PM
 AVERAGE    74

..........................................................


THE ST. JOSEPH MO CLIMATE NORMALS FOR TODAY
                         NORMAL    RECORD    YEAR
 MAXIMUM TEMPERATURE (F)   79        98      1967
 MINIMUM TEMPERATURE (F)   57        36      1925


SUNRISE AND SUNSET
MAY 25 2016...........SUNRISE   557 AM CDT   SUNSET   837 PM CDT
MAY 26 2016...........SUNRISE   556 AM CDT   SUNSET   838 PM CDT


-  INDICATES NEGATIVE NUMBERS.
R  INDICATES RECORD WAS SET OR TIED.
MM INDICATES DATA IS MISSING.
T  INDICATES TRACE AMOUNT.




$$
