000
CDUS43 KEAX 300635
CLISTJ


CLIMATE REPORT
NATIONAL WEATHER SERVICE KANSAS CITY/PLEASANT HILL MO
134 AM CDT TUE SEP 30 2014


...................................

...THE ST. JOSEPH MO CLIMATE SUMMARY FOR SEPTEMBER 29 2014...

CLIMATE NORMAL PERIOD 1981 TO 2010
CLIMATE RECORD PERIOD 1892 TO 2014


WEATHER ITEM   OBSERVED TIME   RECORD YEAR NORMAL DEPARTURE LAST
                VALUE   (LST)  VALUE       VALUE  FROM      YEAR
                                                  NORMAL
..................................................................
TEMPERATURE (F)
 YESTERDAY
  MAXIMUM         87    209 PM  94    2002  74     13       75
  MINIMUM         50    540 AM  30    1984  49      1       42
  AVERAGE         69                        61      8       59

PRECIPITATION (IN)
  YESTERDAY        0.00          1.60 1954   0.09  -0.09     0.00
  MONTH TO DATE    1.71                      3.34  -1.63     3.55
  SINCE SEP 1      1.71                      3.34  -1.63     3.55
  SINCE JAN 1     24.26                     29.64  -5.38    23.22

DEGREE DAYS
 HEATING
  YESTERDAY        0                         6     -6        6
  MONTH TO DATE   78                        70      8       32
  SINCE SEP 1     78                        70      8       32
  SINCE JUL 1     84                        75      9       34

 COOLING
  YESTERDAY        4                         2      2        0
  MONTH TO DATE  112                       118     -6      189
  SINCE SEP 1    112                       118     -6      189
  SINCE JAN 1   1161                      1195    -34     1259
..................................................................


WIND (MPH)
  HIGHEST WIND SPEED    12   HIGHEST WIND DIRECTION     S (190)
  HIGHEST GUST SPEED    14   HIGHEST GUST DIRECTION     S (160)
  AVERAGE WIND SPEED     1.9


SKY COVER
  POSSIBLE SUNSHINE  MM
  AVERAGE SKY COVER 0.3


WEATHER CONDITIONS
 THE FOLLOWING WEATHER WAS RECORDED YESTERDAY.
  FOG
  FOG W/VISIBILITY <= 1/4 MILE


RELATIVE HUMIDITY (PERCENT)
 HIGHEST   100           200 AM
 LOWEST     37           100 PM
 AVERAGE    69

..........................................................


THE ST. JOSEPH MO CLIMATE NORMALS FOR TODAY
                         NORMAL    RECORD    YEAR
 MAXIMUM TEMPERATURE (F)   74        93      2002
                                             1952
 MINIMUM TEMPERATURE (F)   48        29      1984


SUNRISE AND SUNSET
SEPTEMBER 30 2014.....SUNRISE   715 AM CDT   SUNSET   704 PM CDT
OCTOBER  1 2014.......SUNRISE   716 AM CDT   SUNSET   702 PM CDT


-  INDICATES NEGATIVE NUMBERS.
R  INDICATES RECORD WAS SET OR TIED.
MM INDICATES DATA IS MISSING.
T  INDICATES TRACE AMOUNT.




$$
