000
CDUS43 KEAX 110033
CLISTJ


CLIMATE REPORT
NATIONAL WEATHER SERVICE KANSAS CITY/PLEASANT HILL MO
633 PM CST SAT DEC 10 2016


...................................

...THE ST. JOSEPH MO CLIMATE SUMMARY FOR DECEMBER 10 2016...
VALID TODAY AS OF 0600 PM LOCAL TIME.

CLIMATE NORMAL PERIOD 1981 TO 2010
CLIMATE RECORD PERIOD 1892 TO 2016


WEATHER ITEM   OBSERVED TIME   RECORD YEAR NORMAL DEPARTURE LAST
                VALUE   (LST)  VALUE       VALUE  FROM      YEAR
                                                  NORMAL
..................................................................
TEMPERATURE (F)
 TODAY
  MAXIMUM         35    555 PM  65    1965  41     -6       62
  MINIMUM         25    524 AM -14    1972  21      4       38
  AVERAGE         30                        31     -1       50

PRECIPITATION (IN)
  TODAY            0.00          0.76 2007   0.06  -0.06     0.00
  MONTH TO DATE    0.59                      0.48   0.11      T
  SINCE DEC 1      0.59                      0.48   0.11      T
  SINCE JAN 1     41.57                     34.56   7.01    35.95

DEGREE DAYS
 HEATING
  TODAY           35                        34      1       15
  MONTH TO DATE  356                       325     31      243
  SINCE DEC 1    356                       325     31      243
  SINCE JUL 1   1031                      1436   -405     1079

 COOLING
  TODAY            0                         0      0        0
  MONTH TO DATE    0                         0      0        0
  SINCE DEC 1      0                         0      0        0
  SINCE JAN 1   1547                      1221    326     1288
..................................................................


WIND (MPH)
  HIGHEST WIND SPEED    16   HIGHEST WIND DIRECTION    SE (150)
  HIGHEST GUST SPEED    20   HIGHEST GUST DIRECTION    SE (150)
  AVERAGE WIND SPEED     7.5


SKY COVER
  AVERAGE SKY COVER 0.9


WEATHER CONDITIONS
 THE FOLLOWING WEATHER WAS RECORDED TODAY.
  NO SIGNIFICANT WEATHER WAS OBSERVED.


RELATIVE HUMIDITY (PERCENT)
 HIGHEST    63           400 AM
 LOWEST     47          1200 PM
 AVERAGE    55

..........................................................


THE ST. JOSEPH MO CLIMATE NORMALS FOR TOMORROW
                         NORMAL    RECORD    YEAR
 MAXIMUM TEMPERATURE (F)   40        70      1965
 MINIMUM TEMPERATURE (F)   21       -15      1972


SUNRISE AND SUNSET
DECEMBER 10 2016......SUNRISE   730 AM CST   SUNSET   455 PM CST
DECEMBER 11 2016......SUNRISE   731 AM CST   SUNSET   455 PM CST


-  INDICATES NEGATIVE NUMBERS.
R  INDICATES RECORD WAS SET OR TIED.
MM INDICATES DATA IS MISSING.
T  INDICATES TRACE AMOUNT.




$$
