000
CDUS43 KEAX 260644
CLISTJ


CLIMATE REPORT
NATIONAL WEATHER SERVICE KANSAS CITY/PLEASANT HILL MO
1244 AM CST WED NOV 26 2014


...................................

...THE ST. JOSEPH MO CLIMATE SUMMARY FOR NOVEMBER 25 2014...

CLIMATE NORMAL PERIOD 1981 TO 2010
CLIMATE RECORD PERIOD 1892 TO 2014


WEATHER ITEM   OBSERVED TIME   RECORD YEAR NORMAL DEPARTURE LAST
                VALUE   (LST)  VALUE       VALUE  FROM      YEAR
                                                  NORMAL
..................................................................
TEMPERATURE (F)
 YESTERDAY
  MAXIMUM         42    316 PM  68    1981  48     -6       42
  MINIMUM         17    645 AM  12    1977  27    -10       25
  AVERAGE         30                        37     -7       34

PRECIPITATION (IN)
  YESTERDAY        0.00          0.80 1978   0.05  -0.05     0.00
  MONTH TO DATE    0.23                      1.35  -1.12     1.93
  SINCE SEP 1      8.39                      7.58   0.81    11.15
  SINCE JAN 1     30.94                     33.88  -2.94    30.82

DEGREE DAYS
 HEATING
  YESTERDAY       35                        28      7       31
  MONTH TO DATE  741                       547    194      589
  SINCE SEP 1   1098                       961    137      992
  SINCE JUL 1   1104                       966    138      994

 COOLING
  YESTERDAY        0                         0      0        0
  MONTH TO DATE    0                         0      0        0
  SINCE SEP 1    133                       143    -10      215
  SINCE JAN 1   1182                      1220    -38     1285
..................................................................


WIND (MPH)
  HIGHEST WIND SPEED    17   HIGHEST WIND DIRECTION     S (170)
  HIGHEST GUST SPEED    22   HIGHEST GUST DIRECTION     S (180)
  AVERAGE WIND SPEED     7.9


SKY COVER
  POSSIBLE SUNSHINE  MM
  AVERAGE SKY COVER 0.2


WEATHER CONDITIONS
 THE FOLLOWING WEATHER WAS RECORDED YESTERDAY.
  NO SIGNIFICANT WEATHER WAS OBSERVED.


RELATIVE HUMIDITY (PERCENT)
 HIGHEST    77           800 AM
 LOWEST     35           100 PM
 AVERAGE    56

..........................................................


THE ST. JOSEPH MO CLIMATE NORMALS FOR TODAY
                         NORMAL    RECORD    YEAR
 MAXIMUM TEMPERATURE (F)   47        77      1990
 MINIMUM TEMPERATURE (F)   26        10      1977


SUNRISE AND SUNSET
NOVEMBER 26 2014......SUNRISE   716 AM CST   SUNSET   457 PM CST
NOVEMBER 27 2014......SUNRISE   718 AM CST   SUNSET   457 PM CST


-  INDICATES NEGATIVE NUMBERS.
R  INDICATES RECORD WAS SET OR TIED.
MM INDICATES DATA IS MISSING.
T  INDICATES TRACE AMOUNT.




$$
