000
CDUS43 KEAX 180634
CLISTJ


CLIMATE REPORT
NATIONAL WEATHER SERVICE KANSAS CITY/PLEASANT HILL MO
1231 AM CST WED JAN 18 2017


...................................

...THE ST. JOSEPH MO CLIMATE SUMMARY FOR JANUARY 17 2017...

CLIMATE NORMAL PERIOD 1981 TO 2010
CLIMATE RECORD PERIOD 1892 TO 2017


WEATHER ITEM   OBSERVED TIME   RECORD YEAR NORMAL DEPARTURE LAST
                VALUE   (LST)  VALUE       VALUE  FROM      YEAR
                                                  NORMAL
..................................................................
TEMPERATURE (F)
 YESTERDAY
  MAXIMUM         37    320 PM  65    1996  37      0       14
  MINIMUM         23   1130 PM -16    1930  17      6       -5
  AVERAGE         30                        27      3        5

PRECIPITATION (IN)
  YESTERDAY        0.00          0.54 1936   0.02  -0.02    MM
                                      1907
  MONTH TO DATE    0.91                      0.29   0.62     0.54
  SINCE DEC 1      2.01                      1.81   0.20     2.79
  SINCE JAN 1      0.91                      0.29   0.62     0.54

DEGREE DAYS
 HEATING
  YESTERDAY       35                        38     -3       60
  MONTH TO DATE  423                       649   -226      655
  SINCE DEC 1   1568                      1751   -183     1481
  SINCE JUL 1   2243                      2862   -619     2317

 COOLING
  YESTERDAY        0                         0      0        0
  MONTH TO DATE    0                         0      0        0
  SINCE DEC 1      0                         0      0        0
  SINCE JAN 1      0                         0      0        0
..................................................................


WIND (MPH)
  HIGHEST WIND SPEED    16   HIGHEST WIND DIRECTION    NW (320)
  HIGHEST GUST SPEED    18   HIGHEST GUST DIRECTION    NW (320)
  AVERAGE WIND SPEED     6.9


SKY COVER
  POSSIBLE SUNSHINE  MM
  AVERAGE SKY COVER 0.8


WEATHER CONDITIONS
 THE FOLLOWING WEATHER WAS RECORDED YESTERDAY.
  FOG
  FOG W/VISIBILITY <= 1/4 MILE


RELATIVE HUMIDITY (PERCENT)
 HIGHEST   100          1200 AM
 LOWEST     92           300 PM
 AVERAGE    96

..........................................................


THE ST. JOSEPH MO CLIMATE NORMALS FOR TODAY
                         NORMAL    RECORD    YEAR
 MAXIMUM TEMPERATURE (F)   37        69      1951
 MINIMUM TEMPERATURE (F)   17       -15      1940


SUNRISE AND SUNSET
JANUARY 18 2017.......SUNRISE   738 AM CST   SUNSET   523 PM CST
JANUARY 19 2017.......SUNRISE   737 AM CST   SUNSET   524 PM CST


-  INDICATES NEGATIVE NUMBERS.
R  INDICATES RECORD WAS SET OR TIED.
MM INDICATES DATA IS MISSING.
T  INDICATES TRACE AMOUNT.




$$
