000
CDUS43 KEAX 120036
CLISTJ


CLIMATE REPORT
NATIONAL WEATHER SERVICE KANSAS CITY/PLEASANT HILL MO
635 PM CST MON DEC 11 2017


...................................

...THE ST. JOSEPH MO CLIMATE SUMMARY FOR DECEMBER 11 2017...
VALID TODAY AS OF 0600 PM LOCAL TIME.

CLIMATE NORMAL PERIOD 1981 TO 2010
CLIMATE RECORD PERIOD 1892 TO 2017


WEATHER ITEM   OBSERVED TIME   RECORD YEAR NORMAL DEPARTURE LAST
                VALUE   (LST)  VALUE       VALUE  FROM      YEAR
                                                  NORMAL
..................................................................
TEMPERATURE (F)
 TODAY
  MAXIMUM         55    133 PM  70    1965  40     15       40
  MINIMUM         23    314 AM -15    1972  21      2       19
  AVERAGE         39                        30      9       30

PRECIPITATION (IN)
  TODAY            0.00          1.58 2007   0.05  -0.05      T
  MONTH TO DATE    T                         0.53  -0.53     0.59
  SINCE DEC 1      T                         0.53  -0.53     0.59
  SINCE JAN 1     25.86                     34.61  -8.75    41.57

DEGREE DAYS
 HEATING
  TODAY           26                        35     -9       35
  MONTH TO DATE  304                       360    -56      390
  SINCE DEC 1    304                       360    -56      390
  SINCE JUL 1   1279                      1471   -192     1065

 COOLING
  TODAY            0                         0      0        0
  MONTH TO DATE    0                         0      0        0
  SINCE DEC 1      0                         0      0        0
  SINCE JAN 1   1271                      1221     50     1547
..................................................................


WIND (MPH)
  HIGHEST WIND SPEED    37   HIGHEST WIND DIRECTION    NW (320)
  HIGHEST GUST SPEED    47   HIGHEST GUST DIRECTION    NW (320)
  AVERAGE WIND SPEED    15.0


SKY COVER
  AVERAGE SKY COVER 0.3


WEATHER CONDITIONS
 THE FOLLOWING WEATHER WAS RECORDED TODAY.
  LIGHT RAIN


RELATIVE HUMIDITY (PERCENT)
 HIGHEST    92           100 AM
 LOWEST     29          1100 AM
 AVERAGE    61

..........................................................


THE ST. JOSEPH MO CLIMATE NORMALS FOR TOMORROW
                         NORMAL    RECORD    YEAR
 MAXIMUM TEMPERATURE (F)   40        66      1968
 MINIMUM TEMPERATURE (F)   20        -8      1932


SUNRISE AND SUNSET
DECEMBER 11 2017......SUNRISE   731 AM CST   SUNSET   455 PM CST
DECEMBER 12 2017......SUNRISE   732 AM CST   SUNSET   455 PM CST


-  INDICATES NEGATIVE NUMBERS.
R  INDICATES RECORD WAS SET OR TIED.
MM INDICATES DATA IS MISSING.
T  INDICATES TRACE AMOUNT.




$$
