000
CDUS43 KEAX 010632
CLISTJ


CLIMATE REPORT
NATIONAL WEATHER SERVICE KANSAS CITY/PLEASANT HILL MO
132 AM CDT SAT AUG 1 2015


...................................

...THE ST. JOSEPH MO CLIMATE SUMMARY FOR JULY 31 2015...

CLIMATE NORMAL PERIOD 1981 TO 2010
CLIMATE RECORD PERIOD 1892 TO 2015


WEATHER ITEM   OBSERVED TIME   RECORD YEAR NORMAL DEPARTURE LAST
                VALUE   (LST)  VALUE       VALUE  FROM      YEAR
                                                  NORMAL
..................................................................
TEMPERATURE (F)
 YESTERDAY
  MAXIMUM         90    314 PM 104    1955  87      3       83
  MINIMUM         63    550 AM  44    1971  67     -4       52
  AVERAGE         77                        77      0       68

PRECIPITATION (IN)
  YESTERDAY        0.00          1.74 1968   0.18  -0.18     0.00
  MONTH TO DATE    5.79                      5.19   0.60     4.41
  SINCE JUN 1     12.69                      9.37   3.32    12.32
  SINCE JAN 1     28.38                     22.32   6.06    20.09

DEGREE DAYS
 HEATING
  YESTERDAY        0                         0      0        0
  MONTH TO DATE    0                         0      0        6
  SINCE JUN 1      1                         9     -8        7
  SINCE JUL 1      0                         1     -1        6

 COOLING
  YESTERDAY       12                        12      0        3
  MONTH TO DATE  385                       374     11      259
  SINCE JUN 1    699                       641     58      538
  SINCE JAN 1    767                       754     13      699
..................................................................


WIND (MPH)
  HIGHEST WIND SPEED    17   HIGHEST WIND DIRECTION     N (360)
  HIGHEST GUST SPEED    22   HIGHEST GUST DIRECTION     N (10)
  AVERAGE WIND SPEED     3.3


SKY COVER
  POSSIBLE SUNSHINE  MM
  AVERAGE SKY COVER 0.1


WEATHER CONDITIONS
 THE FOLLOWING WEATHER WAS RECORDED YESTERDAY.
  THUNDERSTORM
  FOG
  FOG W/VISIBILITY <= 1/4 MILE


RELATIVE HUMIDITY (PERCENT)
 HIGHEST   100           300 AM
 LOWEST     59           200 PM
 AVERAGE    80

..........................................................


THE ST. JOSEPH MO CLIMATE NORMALS FOR TODAY
                         NORMAL    RECORD    YEAR
 MAXIMUM TEMPERATURE (F)   87       103      1980
 MINIMUM TEMPERATURE (F)   67        52      1971


SUNRISE AND SUNSET
AUGUST  1 2015........SUNRISE   618 AM CDT   SUNSET   833 PM CDT
AUGUST  2 2015........SUNRISE   619 AM CDT   SUNSET   832 PM CDT


-  INDICATES NEGATIVE NUMBERS.
R  INDICATES RECORD WAS SET OR TIED.
MM INDICATES DATA IS MISSING.
T  INDICATES TRACE AMOUNT.




$$
