000
CDUS43 KLSX 230731
CLISTL


CLIMATE REPORT
NATIONAL WEATHER SERVICE ST LOUIS MO
231 AM CDT THU MAR 23 2017


...................................

...THE ST. LOUIS CLIMATE SUMMARY FOR MARCH 22 2017...

CLIMATE NORMAL PERIOD 1981 TO 2010
CLIMATE RECORD PERIOD 1874 TO 2017


WEATHER ITEM   OBSERVED TIME   RECORD YEAR NORMAL DEPARTURE LAST
                VALUE   (LST)  VALUE       VALUE  FROM      YEAR
                                                  NORMAL
..................................................................
TEMPERATURE (F)
 YESTERDAY
  MAXIMUM         52    403 PM  88    1907  58     -6       76
  MINIMUM         36    700 AM  13    1885  39     -3       48
  AVERAGE         44                        48     -4       62

PRECIPITATION (IN)
  YESTERDAY        0.00          1.72 1893   0.12  -0.12     0.00
  MONTH TO DATE    1.43                      2.22  -0.79     0.94
  SINCE MAR 1      1.43                      2.22  -0.79     0.94
  SINCE JAN 1      3.72                      6.86  -3.14     2.54

SNOWFALL (IN)
  YESTERDAY        0.0           0.5  1955   0.1   -0.1      0.0
  MONTH TO DATE    1.8                       2.0   -0.2      0.3
  SINCE MAR 1      1.8                       2.0   -0.2      0.3
  SINCE JUL 1      3.2                      17.0  -13.8     10.9
  SNOW DEPTH       0

DEGREE DAYS
 HEATING
  YESTERDAY       21                        17      4        3
  MONTH TO DATE  396                       452    -56      281
  SINCE MAR 1    396                       452    -56      281
  SINCE JUL 1   3129                      4050   -921     3111

 COOLING
  YESTERDAY        0                         0      0        0
  MONTH TO DATE    3                         0      3        8
  SINCE MAR 1      3                         0      3        8
  SINCE JAN 1      5                         0      5        8
..................................................................


WIND (MPH)
  HIGHEST WIND SPEED    20   HIGHEST WIND DIRECTION    NE (60)
  HIGHEST GUST SPEED    26   HIGHEST GUST DIRECTION     E (70)
  AVERAGE WIND SPEED    12.1


SKY COVER
  AVERAGE SKY COVER 0.6


WEATHER CONDITIONS
 THE FOLLOWING WEATHER WAS RECORDED YESTERDAY.
  NO SIGNIFICANT WEATHER WAS OBSERVED.


RELATIVE HUMIDITY (PERCENT)
 HIGHEST    70           700 AM
 LOWEST     22           400 PM
 AVERAGE    46

..........................................................


THE ST. LOUIS CLIMATE NORMALS FOR TODAY
                         NORMAL    RECORD    YEAR
 MAXIMUM TEMPERATURE (F)   59        87      1910
 MINIMUM TEMPERATURE (F)   39         7      1974


SUNRISE AND SUNSET
MARCH 23 2017.........SUNRISE   700 AM CDT   SUNSET   717 PM CDT
MARCH 24 2017.........SUNRISE   658 AM CDT   SUNSET   718 PM CDT


-  INDICATES NEGATIVE NUMBERS.
R  INDICATES RECORD WAS SET OR TIED.
MM INDICATES DATA IS MISSING.
T  INDICATES TRACE AMOUNT.




$$
