000
CDUS46 KMTR 290841
CLISTS


CLIMATE REPORT
NATIONAL WEATHER SERVICE SAN FRANCISCO BAY AREA
141 AM PDT SUN MAY 29 2016


...................................

...THE SANTA ROSA AIRPORT CLIMATE SUMMARY FOR MAY 28 2016...

CLIMATE NORMAL PERIOD 1981 TO 2010
CLIMATE RECORD PERIOD 1998 TO 2016


WEATHER ITEM   OBSERVED TIME   RECORD YEAR NORMAL DEPARTURE LAST
                VALUE   (LST)  VALUE       VALUE  FROM      YEAR
                                                  NORMAL
..................................................................
TEMPERATURE (F)
 YESTERDAY
  MAXIMUM         87    309 PM  93    2003  77     10       77
  MINIMUM         50    448 AM  37    2010  48      2       50
  AVERAGE         69                        62      7       64

PRECIPITATION (IN)
  YESTERDAY        0.00          0.09 2011   0.02  -0.02     0.00
  MONTH TO DATE    0.30                      1.26  -0.96      T
  SINCE OCT 1     31.95                     35.53  -3.58    24.49
  SINCE JAN 1     23.37                     21.78   1.59     5.94

DEGREE DAYS
 HEATING
  YESTERDAY        0                                         1
  MONTH TO DATE  114                                       148
  SINCE MAR 1    583                                       571
  SINCE JUL 1   2313                                      2027

 COOLING
  YESTERDAY        4                                         0
  MONTH TO DATE   19                                         1
  SINCE MAR 1     21                                        12
  SINCE JAN 1     24                                        12
..................................................................


WIND (MPH)
  RESULTANT WIND SPEED   1   RESULTANT WIND DIRECTION  SE (130)
  HIGHEST WIND SPEED    12   HIGHEST WIND DIRECTION     S (200)
  HIGHEST GUST SPEED    16   HIGHEST GUST DIRECTION     S (180)
  AVERAGE WIND SPEED     5.6


SKY COVER
  POSSIBLE SUNSHINE  MM
  AVERAGE SKY COVER 0.2


WEATHER CONDITIONS
 THE FOLLOWING WEATHER WAS RECORDED YESTERDAY.
  NO SIGNIFICANT WEATHER WAS OBSERVED.


RELATIVE HUMIDITY (PERCENT)
 HIGHEST    77           500 AM
 LOWEST     20           500 PM
 AVERAGE    49

..........................................................


THE SANTA ROSA AIRPORT CLIMATE NORMALS FOR TODAY
                         NORMAL    RECORD    YEAR
 MAXIMUM TEMPERATURE (F)   77        89      2002
 MINIMUM TEMPERATURE (F)   48        40      2006


SUNRISE AND SUNSET
MAY 29 2016...........SUNRISE   550 AM PDT   SUNSET   828 PM PDT
MAY 30 2016...........SUNRISE   550 AM PDT   SUNSET   829 PM PDT


-  INDICATES NEGATIVE NUMBERS.
R  INDICATES RECORD WAS SET OR TIED.
MM INDICATES DATA IS MISSING.
T  INDICATES TRACE AMOUNT.




$$
