000
CDUS46 KMTR 060827
CLISTS


CLIMATE REPORT
NATIONAL WEATHER SERVICE SAN FRANCISCO BAY AREA
1227 AM PST SAT FEB 6 2016


...................................

...THE SANTA ROSA AIRPORT CLIMATE SUMMARY FOR FEBRUARY 5 2016...

CLIMATE NORMAL PERIOD 1981 TO 2010
CLIMATE RECORD PERIOD 1998 TO 2016


WEATHER ITEM   OBSERVED TIME   RECORD YEAR NORMAL DEPARTURE LAST
                VALUE   (LST)  VALUE       VALUE  FROM      YEAR
                                                  NORMAL
..................................................................
TEMPERATURE (F)
 YESTERDAY
  MAXIMUM         63    227 PM  80    2011  59      4       63
  MINIMUM         36    557 AM  27    2014  38     -2       51
  AVERAGE         50                        48      2       57

PRECIPITATION (IN)
  YESTERDAY        0.00          0.69 2000   0.21  -0.21     0.00
  MONTH TO DATE    0.03                      1.03  -1.00     0.00
  SINCE OCT 1     19.48                     21.83  -2.35    18.67
  SINCE JAN 1     10.90                      8.08   2.82     0.12

DEGREE DAYS
 HEATING
  YESTERDAY       15                                         8
  MONTH TO DATE   80                                        52
  SINCE DEC 1   1076                                       872
  SINCE JUL 1   1521                                      1230

 COOLING
  YESTERDAY        0                                         0
  MONTH TO DATE    0                                         0
  SINCE DEC 1      0                                         0
  SINCE JAN 1      0                                         0
..................................................................


WIND (MPH)
  RESULTANT WIND SPEED   1   RESULTANT WIND DIRECTION  NW (320)
  HIGHEST WIND SPEED     7   HIGHEST WIND DIRECTION     S (190)
  HIGHEST GUST SPEED     9   HIGHEST GUST DIRECTION     S (190)
  AVERAGE WIND SPEED     2.4


SKY COVER
  POSSIBLE SUNSHINE  MM
  AVERAGE SKY COVER 0.5


WEATHER CONDITIONS
 THE FOLLOWING WEATHER WAS RECORDED YESTERDAY.
  FOG
  FOG W/VISIBILITY <= 1/4 MILE


RELATIVE HUMIDITY (PERCENT)
 HIGHEST   100          1200 AM
 LOWEST     52           200 PM
 AVERAGE    76

..........................................................


THE SANTA ROSA AIRPORT CLIMATE NORMALS FOR TODAY
                         NORMAL    RECORD    YEAR
 MAXIMUM TEMPERATURE (F)   59        81      2011
 MINIMUM TEMPERATURE (F)   38        29      2003


SUNRISE AND SUNSET
FEBRUARY  6 2016......SUNRISE   712 AM PST   SUNSET   539 PM PST
FEBRUARY  7 2016......SUNRISE   711 AM PST   SUNSET   540 PM PST


-  INDICATES NEGATIVE NUMBERS.
R  INDICATES RECORD WAS SET OR TIED.
MM INDICATES DATA IS MISSING.
T  INDICATES TRACE AMOUNT.




$$
