000
CDUS46 KMTR 010826
CLISTS


CLIMATE REPORT
NATIONAL WEATHER SERVICE SAN FRANCISCO BAY AREA
126 AM PDT MON SEP 1 2014


...................................

...THE SANTA ROSA AIRPORT CLIMATE SUMMARY FOR AUGUST 31 2014...

CLIMATE NORMAL PERIOD 1981 TO 2010
CLIMATE RECORD PERIOD 1998 TO 2014


WEATHER ITEM   OBSERVED TIME   RECORD YEAR NORMAL DEPARTURE LAST
                VALUE   (LST)  VALUE       VALUE  FROM      YEAR
                                                  NORMAL
..................................................................
TEMPERATURE (F)
 YESTERDAY
  MAXIMUM         92    223 PM  99    1998  84      8       88
  MINIMUM         53    611 AM  43    2008  51      2       51
  AVERAGE         73                        68      5       70

PRECIPITATION (IN)
  YESTERDAY        0.00          0.01 2010   0.01  -0.01     0.00
  MONTH TO DATE    T                         0.08  -0.08     0.02
  SINCE JUL 1      T                         0.09  -0.09     0.03
  SINCE JAN 1     12.57                     22.18  -9.61     6.55

DEGREE DAYS
 HEATING
  YESTERDAY        0                                         0
  MONTH TO DATE    5                                        16
  SINCE JUN 1     34                                        74
  SINCE JUL 1      5                                        37

 COOLING
  YESTERDAY        8                                         5
  MONTH TO DATE  102                                       111
  SINCE JUN 1    291                                       288
  SINCE JAN 1    349                                       343
..................................................................


WIND (MPH)
  RESULTANT WIND SPEED   4   RESULTANT WIND DIRECTION   S (160)
  HIGHEST WIND SPEED    14   HIGHEST WIND DIRECTION    SE (150)
  HIGHEST GUST SPEED    18   HIGHEST GUST DIRECTION     S (180)
  AVERAGE WIND SPEED     4.1


SKY COVER
  POSSIBLE SUNSHINE  MM
  AVERAGE SKY COVER 0.0


WEATHER CONDITIONS
 THE FOLLOWING WEATHER WAS RECORDED YESTERDAY.
  NO SIGNIFICANT WEATHER WAS OBSERVED.


RELATIVE HUMIDITY (PERCENT)
 HIGHEST    93           400 AM
 LOWEST     23           200 PM
 AVERAGE    58

..........................................................


THE SANTA ROSA AIRPORT CLIMATE NORMALS FOR TODAY
                         NORMAL    RECORD    YEAR
 MAXIMUM TEMPERATURE (F)   84       100      2002
 MINIMUM TEMPERATURE (F)   51        46      1999


SUNRISE AND SUNSET
SEPTEMBER  1 2014.....SUNRISE   641 AM PDT   SUNSET   741 PM PDT
SEPTEMBER  2 2014.....SUNRISE   642 AM PDT   SUNSET   739 PM PDT


-  INDICATES NEGATIVE NUMBERS.
R  INDICATES RECORD WAS SET OR TIED.
MM INDICATES DATA IS MISSING.
T  INDICATES TRACE AMOUNT.




$$
