000
CDUS43 KFSD 250841
CLISUX


CLIMATE REPORT
NATIONAL WEATHER SERVICE SIOUX FALLS SD
340 AM CDT SAT OCT 25 2014


...................................

...THE SIOUX CITY IA CLIMATE SUMMARY FOR OCTOBER 24 2014...

CLIMATE NORMAL PERIOD 1981 TO 2010
CLIMATE RECORD PERIOD 1889 TO 2014


WEATHER ITEM   OBSERVED TIME   RECORD YEAR NORMAL DEPARTURE LAST
                VALUE   (LST)  VALUE       VALUE  FROM      YEAR
                                                  NORMAL
..................................................................
TEMPERATURE (F)
 YESTERDAY
  MAXIMUM         78    344 PM  82    1989  60     18       50
                                      1952
  MINIMUM         46    959 PM  18    1999  35     11       27
                                      1892
  AVERAGE         62                        48     14       39

PRECIPITATION (IN)
  YESTERDAY        0.00          0.65 1908   0.06  -0.06     0.00
  MONTH TO DATE    1.13                      1.79  -0.66     3.63
  SINCE SEP 1      3.92                      4.75  -0.83     5.07
  SINCE JAN 1     39.55                     25.29  14.26    25.10

SNOWFALL (IN)
  YESTERDAY        0.0           2.0  1981   0.1   -0.1      0.0
  MONTH TO DATE    0.0                       0.6   -0.6       T
  SINCE SEP 1      0.0                       0.6   -0.6       T
  SINCE JUL 1      0.0                       0.6   -0.6       T
  SNOW DEPTH       0

DEGREE DAYS
 HEATING
  YESTERDAY        3                        18    -15       26
  MONTH TO DATE  257                       318    -61      306
  SINCE SEP 1    363                       450    -87      351
  SINCE JUL 1    369                       465    -96      371

 COOLING
  YESTERDAY        0                         0      0        0
  MONTH TO DATE    4                         8     -4        7
  SINCE SEP 1     96                        92      4      159
  SINCE JAN 1    862                       869     -7      960
..................................................................


WIND (MPH)
  HIGHEST WIND SPEED    13   HIGHEST WIND DIRECTION     E (110)
  HIGHEST GUST SPEED    16   HIGHEST GUST DIRECTION     E (110)
  AVERAGE WIND SPEED     5.2


SKY COVER
  POSSIBLE SUNSHINE  MM
  AVERAGE SKY COVER 0.0


WEATHER CONDITIONS
 THE FOLLOWING WEATHER WAS RECORDED YESTERDAY.
  FOG


RELATIVE HUMIDITY (PERCENT)
 HIGHEST   100           700 AM
 LOWEST     33           300 PM
 AVERAGE    67

..........................................................


THE SIOUX CITY IA CLIMATE NORMALS FOR TODAY
                         NORMAL    RECORD    YEAR
 MAXIMUM TEMPERATURE (F)   59        84      1927
 MINIMUM TEMPERATURE (F)   35        19      1892


SUNRISE AND SUNSET
OCTOBER 25 2014.......SUNRISE   750 AM CDT   SUNSET   628 PM CDT
OCTOBER 26 2014.......SUNRISE   752 AM CDT   SUNSET   627 PM CDT


-  INDICATES NEGATIVE NUMBERS.
R  INDICATES RECORD WAS SET OR TIED.
MM INDICATES DATA IS MISSING.
T  INDICATES TRACE AMOUNT.




$$
