000
CDUS43 KFSD 300622
CLISUX


CLIMATE REPORT
NATIONAL WEATHER SERVICE SIOUX FALLS SD
121 AM CDT MON MAY 30 2016


...................................

...THE SIOUX CITY IA CLIMATE SUMMARY FOR MAY 29 2016...

CLIMATE NORMAL PERIOD 1981 TO 2010
CLIMATE RECORD PERIOD 1889 TO 2016


WEATHER ITEM   OBSERVED TIME   RECORD YEAR NORMAL DEPARTURE LAST
                VALUE   (LST)  VALUE       VALUE  FROM      YEAR
                                                  NORMAL
..................................................................
TEMPERATURE (F)
 YESTERDAY
  MAXIMUM         84    425 PM 103    1934  77      7       79
  MINIMUM         53    228 AM  27    1947  53      0       52
  AVERAGE         69                        65      4       66

PRECIPITATION (IN)
  YESTERDAY        0.00          2.27 1903   0.13  -0.13     0.15
  MONTH TO DATE    4.88                      3.47   1.41     3.46
  SINCE MAR 1     13.75                      8.42   5.33     6.87
  SINCE JAN 1     15.59                      9.71   5.88     7.83

SNOWFALL (IN)
  YESTERDAY        0.0           0.0    MM   0.0    0.0      0.0
  MONTH TO DATE    0.0                       0.2   -0.2      0.0
  SINCE MAR 1     14.5                       8.5    6.0       T
  SINCE JUL 1     57.6                      35.0   22.6     21.5
  SNOW DEPTH       0

DEGREE DAYS
 HEATING
  YESTERDAY        0                         3     -3        0
  MONTH TO DATE  169                       176     -7      151
  SINCE MAR 1   1196                      1534   -338     1226
  SINCE JUL 1   5655                      6828  -1173     6392

 COOLING
  YESTERDAY        4                         3      1        1
  MONTH TO DATE   39                        48     -9       28
  SINCE MAR 1     39                        59    -20       29
  SINCE JAN 1     39                        59    -20       29
..................................................................


WIND (MPH)
  HIGHEST WIND SPEED    17   HIGHEST WIND DIRECTION    NW (300)
  HIGHEST GUST SPEED    25   HIGHEST GUST DIRECTION     W (250)
  AVERAGE WIND SPEED     6.2


SKY COVER
  POSSIBLE SUNSHINE  MM
  AVERAGE SKY COVER 0.0


WEATHER CONDITIONS
 THE FOLLOWING WEATHER WAS RECORDED YESTERDAY.
  FOG
  FOG W/VISIBILITY <= 1/4 MILE


RELATIVE HUMIDITY (PERCENT)
 HIGHEST    93           100 AM
 LOWEST     43           500 PM
 AVERAGE    68

..........................................................


THE SIOUX CITY IA CLIMATE NORMALS FOR TODAY
                         NORMAL    RECORD    YEAR
 MAXIMUM TEMPERATURE (F)   77       105      1934
 MINIMUM TEMPERATURE (F)   54        37      1947
                                             1897


SUNRISE AND SUNSET
MAY 30 2016...........SUNRISE   552 AM CDT   SUNSET   855 PM CDT
MAY 31 2016...........SUNRISE   551 AM CDT   SUNSET   856 PM CDT


-  INDICATES NEGATIVE NUMBERS.
R  INDICATES RECORD WAS SET OR TIED.
MM INDICATES DATA IS MISSING.
T  INDICATES TRACE AMOUNT.




$$
