000
CDUS41 KBGM 020558
CLISYR


CLIMATE REPORT
NATIONAL WEATHER SERVICE BINGHAMTON NY
158 AM EDT SAT AUG 2 2014


...................................

...THE SYRACUSE NY CLIMATE SUMMARY FOR AUGUST 1 2014...

CLIMATE NORMAL PERIOD 1981 TO 2010
CLIMATE RECORD PERIOD 1902 TO 2014


WEATHER ITEM   OBSERVED TIME   RECORD YEAR NORMAL DEPARTURE LAST
                VALUE   (LST)  VALUE       VALUE  FROM      YEAR
                                                  NORMAL
..................................................................
TEMPERATURE (F)
 YESTERDAY
  MAXIMUM         86    240 PM  96    1933  81      5       79
  MINIMUM         56    434 AM  46    1947  61     -5       62
  AVERAGE         71                        71      0       71

PRECIPITATION (IN)
  YESTERDAY        0.00          0.95 1946   0.12  -0.12     0.28
  MONTH TO DATE    0.00                      0.12  -0.12     0.28
  SINCE JUN 1      7.92                      7.21   0.71    10.34
  SINCE JAN 1     25.30                     21.14   4.16    24.28

SNOWFALL (IN)
  YESTERDAY        0.0           0.0  2002   0.0    0.0      0.0
                                      2000
                                      2001
  MONTH TO DATE    0.0                       0.0    0.0      0.0
  SINCE JUN 1      0.0                       0.0    0.0      0.0
  SINCE JUL 1      0.0                       0.0    0.0      0.0
  SNOW DEPTH       0

DEGREE DAYS
 HEATING
  YESTERDAY        0                         0      0        0
  MONTH TO DATE    0                         0      0        0
  SINCE JUN 1     25                        69    -44       64
  SINCE JUL 1      2                         8     -6        3

 COOLING
  YESTERDAY        6                         6      0        6
  MONTH TO DATE    6                         6      0        6
  SINCE JUN 1    363                       322     41      433
  SINCE JAN 1    419                       352     67      485
..................................................................


WIND (MPH)
  HIGHEST WIND SPEED    14   HIGHEST WIND DIRECTION    NW (310)
  HIGHEST GUST SPEED    37   HIGHEST GUST DIRECTION     W (250)
  AVERAGE WIND SPEED     4.3


SKY COVER
  POSSIBLE SUNSHINE  MM
  AVERAGE SKY COVER 0.7


WEATHER CONDITIONS
 THE FOLLOWING WEATHER WAS RECORDED YESTERDAY.
  FOG


RELATIVE HUMIDITY (PERCENT)
 HIGHEST    97          1200 AM
 LOWEST     37           400 PM
 AVERAGE    67

..........................................................


THE SYRACUSE NY CLIMATE NORMALS FOR TODAY
                         NORMAL    RECORD    YEAR
 MAXIMUM TEMPERATURE (F)   81        98      2002
 MINIMUM TEMPERATURE (F)   61        45      1947


SUNRISE AND SUNSET
AUGUST  2 2014........SUNRISE   556 AM EDT   SUNSET   825 PM EDT
AUGUST  3 2014........SUNRISE   557 AM EDT   SUNSET   823 PM EDT


-  INDICATES NEGATIVE NUMBERS.
R  INDICATES RECORD WAS SET OR TIED.
MM INDICATES DATA IS MISSING.
T  INDICATES TRACE AMOUNT.




$$
