000
CDUS41 KBGM 222219
CLISYR


CLIMATE REPORT
NATIONAL WEATHER SERVICE BINGHAMTON NY
519 PM EST MON DEC 22 2014


...................................

...THE SYRACUSE NY CLIMATE SUMMARY FOR DECEMBER 22 2014...
VALID TODAY AS OF 0500 PM LOCAL TIME.

CLIMATE NORMAL PERIOD 1981 TO 2010
CLIMATE RECORD PERIOD 1902 TO 2014


WEATHER ITEM   OBSERVED TIME   RECORD YEAR NORMAL DEPARTURE LAST
                VALUE   (LST)  VALUE       VALUE  FROM      YEAR
                                                  NORMAL
..................................................................
TEMPERATURE (F)
 TODAY
  MAXIMUM         40    300 PM  66    1949  34      6       45
  MINIMUM         29    808 AM -13    1989  20      9       33
  AVERAGE         35                        27      8       39

PRECIPITATION (IN)
  TODAY            0.00          0.78 2006   0.10  -0.10     0.11
  MONTH TO DATE    2.36                      2.36   0.00     2.18
  SINCE DEC 1      2.36                      2.36   0.00     2.18
  SINCE JAN 1     39.84                     37.61   2.23    39.71

SNOWFALL (IN)
  TODAY            0.0          13.5  2008   1.0   -1.0       T
  MONTH TO DATE   16.4                      22.9   -6.5     20.5
  SINCE DEC 1     16.4                      22.9   -6.5     20.5
  SINCE JUL 1     27.4                      32.8   -5.4     34.8
  SNOW DEPTH       0

DEGREE DAYS
 HEATING
  TODAY           30                        38     -8       26
  MONTH TO DATE  748                       752     -4      788
  SINCE DEC 1    748                       752     -4      788
  SINCE JUL 1   1933                      2101   -168     2121

 COOLING
  TODAY            0                         0      0        0
  MONTH TO DATE    0                         0      0        0
  SINCE DEC 1      0                         0      0        0
  SINCE JAN 1    647                       569     78      712
..................................................................


WIND (MPH)
  HIGHEST WIND SPEED    16   HIGHEST WIND DIRECTION     S (160)
  HIGHEST GUST SPEED    21   HIGHEST GUST DIRECTION    SE (140)
  AVERAGE WIND SPEED     8.0


SKY COVER
  POSSIBLE SUNSHINE  MM
  AVERAGE SKY COVER 0.9


WEATHER CONDITIONS
 THE FOLLOWING WEATHER WAS RECORDED TODAY.
  HAZE


RELATIVE HUMIDITY (PERCENT)
 HIGHEST    85          1200 AM
 LOWEST     64           200 PM
 AVERAGE    75

..........................................................


THE SYRACUSE NY CLIMATE NORMALS FOR TOMORROW
                         NORMAL    RECORD    YEAR
 MAXIMUM TEMPERATURE (F)   34        61      1957
 MINIMUM TEMPERATURE (F)   20        -7      1943


SUNRISE AND SUNSET
DECEMBER 22 2014......SUNRISE   733 AM EST   SUNSET   433 PM EST
DECEMBER 23 2014......SUNRISE   734 AM EST   SUNSET   433 PM EST


-  INDICATES NEGATIVE NUMBERS.
R  INDICATES RECORD WAS SET OR TIED.
MM INDICATES DATA IS MISSING.
T  INDICATES TRACE AMOUNT.




$$
