000
CDUS41 KBGM 180546
CLISYR


CLIMATE REPORT
NATIONAL WEATHER SERVICE BINGHAMTON NY
1246 AM EST SAT NOV 18 2017


...................................

...THE SYRACUSE NY CLIMATE SUMMARY FOR NOVEMBER 17 2017...

CLIMATE NORMAL PERIOD 1981 TO 2010
CLIMATE RECORD PERIOD 1902 TO 2017


WEATHER ITEM   OBSERVED TIME   RECORD YEAR NORMAL DEPARTURE LAST
                VALUE   (LST)  VALUE       VALUE  FROM      YEAR
                                                  NORMAL
..................................................................
TEMPERATURE (F)
 YESTERDAY
  MAXIMUM         37    217 PM  71    1931  48    -11       53
  MINIMUM         24   1143 PM  12    1924  33     -9       36
  AVERAGE         31                        40     -9       45

PRECIPITATION (IN)
  YESTERDAY        T             1.19 1927   0.12  -0.12      T
  MONTH TO DATE    2.50                      1.99   0.51     1.02
  SINCE SEP 1      9.97                      9.12   0.85    12.41
  SINCE JAN 1     42.49                     33.71   8.78    35.62

SNOWFALL (IN)
  YESTERDAY        T             3.8  1962   0.3   -0.3      0.0
  MONTH TO DATE    0.9                       3.3   -2.4      0.0
  SINCE SEP 1      0.9                       3.7   -2.8      0.2
  SINCE JUL 1      0.9                       3.7   -2.8      0.2
  SNOW DEPTH       0

DEGREE DAYS
 HEATING
  YESTERDAY       34                        25      9       20
  MONTH TO DATE  451                       375     76      340
  SINCE SEP 1    809                       966   -157      843
  SINCE JUL 1    845                       992   -147      844

 COOLING
  YESTERDAY        0                         0      0        0
  MONTH TO DATE    0                         0      0        0
  SINCE SEP 1    112                        56     56       97
  SINCE JAN 1    562                       569     -7      809
..................................................................


WIND (MPH)
  HIGHEST WIND SPEED    24   HIGHEST WIND DIRECTION     W (290)
  HIGHEST GUST SPEED    34   HIGHEST GUST DIRECTION     W (280)
  AVERAGE WIND SPEED    10.6


SKY COVER
  POSSIBLE SUNSHINE  MM
  AVERAGE SKY COVER 0.7


WEATHER CONDITIONS
 THE FOLLOWING WEATHER WAS RECORDED YESTERDAY.
  LIGHT SNOW


RELATIVE HUMIDITY (PERCENT)
 HIGHEST    88          1100 PM
 LOWEST     52           100 PM
 AVERAGE    70

..........................................................


THE SYRACUSE NY CLIMATE NORMALS FOR TODAY
                         NORMAL    RECORD    YEAR
 MAXIMUM TEMPERATURE (F)   48        72      1958
 MINIMUM TEMPERATURE (F)   32        10      1924


SUNRISE AND SUNSET
NOVEMBER 18 2017......SUNRISE   701 AM EST   SUNSET   438 PM EST
NOVEMBER 19 2017......SUNRISE   702 AM EST   SUNSET   437 PM EST


-  INDICATES NEGATIVE NUMBERS.
R  INDICATES RECORD WAS SET OR TIED.
MM INDICATES DATA IS MISSING.
T  INDICATES TRACE AMOUNT.




$$
