709
CDUS41 KBGM 260558
CLISYR


CLIMATE REPORT
NATIONAL WEATHER SERVICE BINGHAMTON NY
157 AM EDT FRI MAY 26 2017


...................................

...THE SYRACUSE NY CLIMATE SUMMARY FOR MAY 25 2017...

CLIMATE NORMAL PERIOD 1981 TO 2010
CLIMATE RECORD PERIOD 1902 TO 2017


WEATHER ITEM   OBSERVED TIME   RECORD YEAR NORMAL DEPARTURE LAST
                VALUE   (LST)  VALUE       VALUE  FROM      YEAR
                                                  NORMAL
..................................................................
TEMPERATURE (F)
 YESTERDAY
  MAXIMUM         63   1237 AM  88    2007  72     -9       84
                                      1932
  MINIMUM         54   1159 AM  33    1992  49      5       47
  AVERAGE         59                        60     -1       66

PRECIPITATION (IN)
  YESTERDAY        0.39          1.09 1979   0.11   0.28     0.00
  MONTH TO DATE    4.29                      2.58   1.71     1.16
  SINCE MAR 1     13.09                      8.72   4.37     5.62
  SINCE JAN 1     19.67                     13.29   6.38    12.14

SNOWFALL (IN)
  YESTERDAY        0.0           0.0  2002   0.0    0.0      0.0
                                      2001
  MONTH TO DATE    0.0                       0.1   -0.1       T
  SINCE MAR 1     31.2                      21.9    9.3     13.5
  SINCE JUL 1    134.9                     123.8   11.1     80.3
  SNOW DEPTH       0

DEGREE DAYS
 HEATING
  YESTERDAY        6                         6      0        0
  MONTH TO DATE  283                       224     59      261
  SINCE MAR 1   1781                      1728     53     1699
  SINCE JUL 1   6050                      6559   -509     5798

 COOLING
  YESTERDAY        0                         1     -1        1
  MONTH TO DATE   18                        15      3        1
  SINCE MAR 1     30                        19     11        1
  SINCE JAN 1     30                        19     11        1
..................................................................


WIND (MPH)
  HIGHEST WIND SPEED    22   HIGHEST WIND DIRECTION     E (80)
  HIGHEST GUST SPEED    28   HIGHEST GUST DIRECTION     E (100)
  AVERAGE WIND SPEED    10.7


SKY COVER
  POSSIBLE SUNSHINE  MM
  AVERAGE SKY COVER 0.9


WEATHER CONDITIONS
 THE FOLLOWING WEATHER WAS RECORDED YESTERDAY.
  RAIN
  LIGHT RAIN
  FOG


RELATIVE HUMIDITY (PERCENT)
 HIGHEST   100          1000 AM
 LOWEST     60          1200 AM
 AVERAGE    80

..........................................................


THE SYRACUSE NY CLIMATE NORMALS FOR TODAY
                         NORMAL    RECORD    YEAR
 MAXIMUM TEMPERATURE (F)   72        90      2011
                                             2010
 MINIMUM TEMPERATURE (F)   50        36      1969


SUNRISE AND SUNSET
MAY 26 2017...........SUNRISE   531 AM EDT   SUNSET   832 PM EDT
MAY 27 2017...........SUNRISE   530 AM EDT   SUNSET   833 PM EDT


-  INDICATES NEGATIVE NUMBERS.
R  INDICATES RECORD WAS SET OR TIED.
MM INDICATES DATA IS MISSING.
T  INDICATES TRACE AMOUNT.




$$
