000
CDUS41 KBGM 220216
CLISYR


CLIMATE REPORT
NATIONAL WEATHER SERVICE BINGHAMTON NY
1016 PM EDT THU SEP 21 2017


...................................

...THE SYRACUSE NY CLIMATE SUMMARY FOR SEPTEMBER 21 2017...
VALID AS OF 1000 PM LOCAL TIME.

CLIMATE NORMAL PERIOD 1981 TO 2010
CLIMATE RECORD PERIOD 1902 TO 2017


WEATHER ITEM   OBSERVED TIME   RECORD YEAR NORMAL DEPARTURE LAST
                VALUE   (LST)  VALUE       VALUE  FROM      YEAR
                                                  NORMAL
..................................................................
TEMPERATURE (F)
 TODAY
  MAXIMUM         82    235 PM  91    1931  70     12       79
  MINIMUM         59    352 AM  35    1973  50      9       54
                                      1929
  AVERAGE         71                        60     11       67

PRECIPITATION (IN)
  TODAY            0.00          1.40 1913   0.13  -0.13     0.00
  MONTH TO DATE    1.22                      2.54  -1.32     3.67
  SINCE SEP 1      1.22                      2.54  -1.32     3.67
  SINCE JAN 1     33.74                     27.13   6.61    26.88

SNOWFALL (IN)
  TODAY            0.0           0.0  2002   0.0    0.0      0.0
                                      2000
                                      2001
  MONTH TO DATE    0.0                       0.0    0.0      0.0
  SINCE SEP 1      0.0                       0.0    0.0      0.0
  SINCE JUL 1      0.0                       0.0    0.0      0.0
  SNOW DEPTH       0

DEGREE DAYS
 HEATING
  TODAY            0                         6     -6        0
  MONTH TO DATE   72                        71      1       22
  SINCE SEP 1     72                        71      1       22
  SINCE JUL 1    108                        97     11       23

 COOLING
  TODAY            6                         1      5        2
  MONTH TO DATE   43                        46     -3       87
  SINCE SEP 1     43                        46     -3       87
  SINCE JAN 1    493                       559    -66      799
..................................................................


WIND (MPH)
  HIGHEST WIND SPEED    15   HIGHEST WIND DIRECTION    NW (310)
  HIGHEST GUST SPEED    19   HIGHEST GUST DIRECTION    NW (310)
  AVERAGE WIND SPEED     4.1


SKY COVER
  POSSIBLE SUNSHINE  MM
  AVERAGE SKY COVER 0.7


WEATHER CONDITIONS
 THE FOLLOWING WEATHER WAS RECORDED TODAY.
  FOG
  FOG W/VISIBILITY <= 1/4 MILE


RELATIVE HUMIDITY (PERCENT)
 HIGHEST   100          1200 AM
 LOWEST     58           100 PM
 AVERAGE    79

..........................................................


THE SYRACUSE NY CLIMATE NORMALS FOR TOMORROW
                         NORMAL    RECORD    YEAR
 MAXIMUM TEMPERATURE (F)   70        92      1931
 MINIMUM TEMPERATURE (F)   50        35      1991
                                             1963


SUNRISE AND SUNSET
SEPTEMBER 21 2017.....SUNRISE   651 AM EDT   SUNSET   703 PM EDT
SEPTEMBER 22 2017.....SUNRISE   652 AM EDT   SUNSET   701 PM EDT


-  INDICATES NEGATIVE NUMBERS.
R  INDICATES RECORD WAS SET OR TIED.
MM INDICATES DATA IS MISSING.
T  INDICATES TRACE AMOUNT.




$$
