484
CDUS41 KBGM 282129
CLISYR


CLIMATE REPORT
NATIONAL WEATHER SERVICE BINGHAMTON NY
529 PM EDT WED SEP 28 2016


...................................

...THE SYRACUSE NY CLIMATE SUMMARY FOR SEPTEMBER 28 2016...
VALID TODAY AS OF 0500 PM LOCAL TIME.

CLIMATE NORMAL PERIOD 1981 TO 2010
CLIMATE RECORD PERIOD 1902 TO 2016


WEATHER ITEM   OBSERVED TIME   RECORD YEAR NORMAL DEPARTURE LAST
                VALUE   (LST)  VALUE       VALUE  FROM      YEAR
                                                  NORMAL
..................................................................
TEMPERATURE (F)
 TODAY
  MAXIMUM         72   1213 PM  87    1946  67      5       74
  MINIMUM         44    610 AM  25    1947  47     -3       58
  AVERAGE         58                        57      1       66

PRECIPITATION (IN)
  TODAY            0.00          0.93 2006   0.12  -0.12      T
  MONTH TO DATE    3.68                      3.44   0.24     2.07
  SINCE SEP 1      3.68                      3.44   0.24     2.07
  SINCE JAN 1     26.89                     28.03  -1.14    29.39

SNOWFALL (IN)
  TODAY            0.0           0.0  2002   0.0    0.0      0.0
  MONTH TO DATE    0.0                       0.0    0.0      0.0
  SINCE SEP 1      0.0                       0.0    0.0      0.0
  SINCE JUL 1      0.0                       0.0    0.0      0.0
  SNOW DEPTH       0

DEGREE DAYS
 HEATING
  TODAY            7                         8     -1        0
  MONTH TO DATE   71                       122    -51       43
  SINCE SEP 1     71                       122    -51       43
  SINCE JUL 1     72                       148    -76       51

 COOLING
  TODAY            0                         1     -1        1
  MONTH TO DATE   90                        53     37      140
  SINCE SEP 1     90                        53     37      140
  SINCE JAN 1    802                       566    236      712
..................................................................


WIND (MPH)
  HIGHEST WIND SPEED    21   HIGHEST WIND DIRECTION    NE (60)
  HIGHEST GUST SPEED    28   HIGHEST GUST DIRECTION     E (90)
  AVERAGE WIND SPEED     9.6


SKY COVER
  POSSIBLE SUNSHINE  MM
  AVERAGE SKY COVER 0.3


WEATHER CONDITIONS
 THE FOLLOWING WEATHER WAS RECORDED TODAY.
  NO SIGNIFICANT WEATHER WAS OBSERVED.


RELATIVE HUMIDITY (PERCENT)
 HIGHEST   100           600 AM
 LOWEST     49          1200 PM
 AVERAGE    75

..........................................................


THE SYRACUSE NY CLIMATE NORMALS FOR TOMORROW
                         NORMAL    RECORD    YEAR
 MAXIMUM TEMPERATURE (F)   67        90      1959
 MINIMUM TEMPERATURE (F)   47        30      2000


SUNRISE AND SUNSET
SEPTEMBER 28 2016.....SUNRISE   659 AM EDT   SUNSET   650 PM EDT
SEPTEMBER 29 2016.....SUNRISE   700 AM EDT   SUNSET   648 PM EDT


-  INDICATES NEGATIVE NUMBERS.
R  INDICATES RECORD WAS SET OR TIED.
MM INDICATES DATA IS MISSING.
T  INDICATES TRACE AMOUNT.




$$
