000
CDUS41 KBGM 120533
CLISYR


CLIMATE REPORT
NATIONAL WEATHER SERVICE BINGHAMTON NY
133 AM EDT SAT JUL 12 2014


...................................

...THE SYRACUSE NY CLIMATE SUMMARY FOR JULY 11 2014...

CLIMATE NORMAL PERIOD 1981 TO 2010
CLIMATE RECORD PERIOD 1902 TO 2014


WEATHER ITEM   OBSERVED TIME   RECORD YEAR NORMAL DEPARTURE LAST
                VALUE   (LST)  VALUE       VALUE  FROM      YEAR
                                                  NORMAL
..................................................................
TEMPERATURE (F)
 YESTERDAY
  MAXIMUM         82    341 PM  96    1936  82      0       79
  MINIMUM         52    458 AM  48    1945  61     -9       64
  AVERAGE         67                        71     -4       72

PRECIPITATION (IN)
  YESTERDAY        0.00          1.36 1937   0.12  -0.12      T
  MONTH TO DATE    1.67                      1.33   0.34     1.14
  SINCE JUN 1      4.41                      4.64  -0.23     7.94
  SINCE JAN 1     21.79                     18.57   3.22    21.88

SNOWFALL (IN)
  YESTERDAY        0.0           0.0  2002   0.0    0.0      0.0
                                      2000
                                      2001
  MONTH TO DATE    0.0                       0.0    0.0      0.0
  SINCE JUN 1      0.0                       0.0    0.0      0.0
  SINCE JUL 1      0.0                       0.0    0.0      0.0
  SNOW DEPTH       0

DEGREE DAYS
 HEATING
  YESTERDAY        0                         0      0        0
  MONTH TO DATE    0                         2     -2        0
  SINCE JUN 1     23                        63    -40       61
  SINCE JUL 1      0                         2     -2        0

 COOLING
  YESTERDAY        2                         7     -5        7
  MONTH TO DATE   93                        69     24      135
  SINCE JUN 1    240                       182     58      259
  SINCE JAN 1    296                       212     84      311
..................................................................


WIND (MPH)
  HIGHEST WIND SPEED    10   HIGHEST WIND DIRECTION     W (250)
  HIGHEST GUST SPEED    16   HIGHEST GUST DIRECTION     W (250)
  AVERAGE WIND SPEED     2.7


SKY COVER
  POSSIBLE SUNSHINE  MM
  AVERAGE SKY COVER 0.2


WEATHER CONDITIONS
 THE FOLLOWING WEATHER WAS RECORDED YESTERDAY.
  NO SIGNIFICANT WEATHER WAS OBSERVED.


RELATIVE HUMIDITY (PERCENT)
 HIGHEST    89           300 AM
 LOWEST     36           300 PM
 AVERAGE    63

..........................................................


THE SYRACUSE NY CLIMATE NORMALS FOR TODAY
                         NORMAL    RECORD    YEAR
 MAXIMUM TEMPERATURE (F)   82        94      2012
                                             1981
                                             1948
 MINIMUM TEMPERATURE (F)   61        48      1985


SUNRISE AND SUNSET
JULY 12 2014..........SUNRISE   536 AM EDT   SUNSET   844 PM EDT
JULY 13 2014..........SUNRISE   537 AM EDT   SUNSET   843 PM EDT


-  INDICATES NEGATIVE NUMBERS.
R  INDICATES RECORD WAS SET OR TIED.
MM INDICATES DATA IS MISSING.
T  INDICATES TRACE AMOUNT.




$$
