000
CDKA40 PTYA 270700
CLIT11
DAILY CLIMATE REPORT
NATIONAL WEATHER SERVICE YAP FM
5PM LST TUE SEP 27 2016
THE YAP FM CLIMATE SUMMARY FOR SEPTEMBER 27 2016
CLIMATE NORMAL PERIOD  1981  TO 2010
CLIMATE RECORD PERIOD  1951  TO 2016
WEATHER ITEM OBSERVED TIME  RECORD YEAR NORMAL DEPARTURE LAST
              VALUE   (LST) VALUE       VALUE    FROM    YEAR
                                                NORMAL
TEMPERATURE   (F)
TODAY
MAXIMUM       87  1145 AM  97  2014     88      -1        87
MINIMUM       78  0645 AM  63  1999     78       0        78
AVERAGE       83                        83       0        83
PRECIPITATION INCHES
TODAY           0.20    164.24 1996  0.44    -0.24      0.00
MONTH TO DATE   7.83                12.44    -4.61      8.47
SINCE 01 SEP    7.83                12.44    -4.61      8.47
SINCE JAN 01   54.49                88.99   -34.50     79.47
