000
CDKA40 PTYA 260700
CLIT11
DAILY CLIMATE REPORT
NATIONAL WEATHER SERVICE YAP FM
5PM LST SUN JUL 26 2015
THE YAP FM CLIMATE SUMMARY FOR JULY 26 2015
CLIMATE NORMAL PERIOD  1981  TO 2010
CLIMATE RECORD PERIOD  1951  TO 2015
WEATHER ITEM OBSERVED TIME  RECORD YEAR NORMAL DEPARTURE LAST
              VALUE   (LST) VALUE       VALUE    FROM    YEAR
                                                NORMAL
TEMPERATURE   (F)
TODAY
MAXIMUM       86  1445  PM 97  2014      87      -1        85
MINIMUM       77  0845  AM 63  1999      78      -1        78
AVERAGE       82                         83      -1        82
PRECIPITATION INCHES
TODAY           0.30    164.24  1996    0.51     -0.21    0.27
MONTH TO DATE  11.77                   12.46     -0.69   16.02
SINCE 01 JUN   22.34                   25.66     -3.32   25.97
SINCE JAN 01   48.39                   58.51     -10.12  75.21
