728
CDKA40 PTYA 290700
CLIT11
DAILY CLIMATE REPORT
NATIONAL WEATHER SERVICE YAP FM
5PM LST SUN MAY 29 2016
THE YAP FM CLIMATE SUMMARY FOR MAY 29 2016
CLIMATE NORMAL PERIOD  1981  TO 2010
CLIMATE RECORD PERIOD  1951  TO 2016
WEATHER ITEM OBSERVED TIME  RECORD YEAR NORMAL DEPARTURE LAST
              VALUE   (LST) VALUE       VALUE    FROM    YEAR
                                                NORMAL
TEMPERATURE   (F)
TODAY
MAXIMUM       93  1445 PM  97  2014     88       5         94
MINIMUM       76  0845 AM  63  1999     79      -3         78
AVERAGE       85                        84       1         86
PRECIPITATION INCHES
TODAY           0.41    164.24  1996  0.31     0.10    0.00
MONTH TO DATE   8.90                  7.88     1.02   17.44
SINCE 01 MAR   13.07                 18.94    -5.87   29.46
SINCE JAN 01   17.07                 32.22   -15.15   39.92
