000
CDKA40 PTYA 281600
CLIT11
DAILY CLIMATE REPORT
NATIONAL WEATHER SERVICE YAP FM
2AM LST FRI APR 29 2016
THE YAP FM CLIMATE SUMMARY FOR APRIL 28 2016
CLIMATE NORMAL PERIOD  1981  TO 2010
CLIMATE RECORD PERIOD  1951  TO 2016
WEATHER ITEM OBSERVED TIME  RECORD YEAR NORMAL DEPARTURE LAST
              VALUE   (LST) VALUE       VALUE    FROM    YEAR
                                                NORMAL
TEMPERATURE   (F)
TODAY
MAXIMUM       92  1150 AM  97/2014      89       3        80
MINIMUM       80  1050 AM  63/1999      79       1        81
AVERAGE       86                        84       2        85
PRECIPITATION INCHES
YESTERDAY       0.00    164.24  1996  0.22   -0.22   0.00
MONTH TO DATE   2.56                  5.30   -2.74   7.78
SINCE 01 MAR    3.26                 10.64   -7.38  12.00
SINCE JAN 01    7.26                 23.93  -16.67  22.46
