000
CDUS45 KPUB 241043
CLITAD


CLIMATE REPORT
NATIONAL WEATHER SERVICE PUEBLO
443 AM MDT FRI MAR 24 2017


...................................

...THE TRINIDAD CO CLIMATE SUMMARY FOR MARCH 23 2017...

CLIMATE NORMAL PERIOD 1981 TO 2010
CLIMATE RECORD PERIOD 9999 TO 9999


WEATHER ITEM   OBSERVED TIME   NORMAL DEPARTURE LAST
                VALUE   (LST)  VALUE  FROM      YEAR
                                      NORMAL
......................................................
TEMPERATURE (F)
 YESTERDAY
  MAXIMUM         78   1215 PM  60     18       53
  MINIMUM         43    950 PM  28     15       21
  AVERAGE         61            44     17       37

PRECIPITATION (IN)
  YESTERDAY        T             0.03  -0.03     0.03
  MONTH TO DATE    T             0.64  -0.64     0.03
  SINCE MAR 1      T             0.64  -0.64     0.03
  SINCE JAN 1      1.56          1.53   0.03     0.44

DEGREE DAYS
 HEATING
  YESTERDAY        4            21    -17       28
  MONTH TO DATE  319           545   -226      447
  SINCE MAR 1    319           545   -226      447
  SINCE JUL 1   3775          4667   -892     3945

 COOLING
  YESTERDAY        0             0      0        0
  MONTH TO DATE    1             0      1        0
  SINCE MAR 1      1             0      1        0
  SINCE JAN 1      1             0      1        0
......................................................


WIND (MPH)
  HIGHEST WIND SPEED    47   HIGHEST WIND DIRECTION     S (180)
  HIGHEST GUST SPEED    60   HIGHEST GUST DIRECTION     S (190)
  AVERAGE WIND SPEED    20.1


SKY COVER
  POSSIBLE SUNSHINE  MM
  AVERAGE SKY COVER 0.1


WEATHER CONDITIONS
 THE FOLLOWING WEATHER WAS RECORDED YESTERDAY.
  THUNDERSTORM
  LIGHT RAIN


RELATIVE HUMIDITY (PERCENT)
 HIGHEST    66           600 AM
 LOWEST      7          1200 PM
 AVERAGE    37

..........................................................




SUNRISE AND SUNSET
MARCH 24 2017.........SUNRISE   654 AM MDT   SUNSET   713 PM MDT
MARCH 25 2017.........SUNRISE   653 AM MDT   SUNSET   714 PM MDT


-  INDICATES NEGATIVE NUMBERS.
R  INDICATES RECORD WAS SET OR TIED.
MM INDICATES DATA IS MISSING.
T  INDICATES TRACE AMOUNT.




$$
