000
CDUS45 KPUB 301053
CLITAD


CLIMATE REPORT
NATIONAL WEATHER SERVICE PUEBLO
453 AM MDT SUN APR 30 2017


...................................

...THE TRINIDAD CO CLIMATE SUMMARY FOR APRIL 29 2017...

CLIMATE NORMAL PERIOD 1981 TO 2010
CLIMATE RECORD PERIOD 9999 TO 9999


WEATHER ITEM   OBSERVED TIME   NORMAL DEPARTURE LAST
                VALUE   (LST)  VALUE  FROM      YEAR
                                      NORMAL
......................................................
TEMPERATURE (F)
 YESTERDAY
  MAXIMUM         31   1238 AM  69    -38       36
  MINIMUM         27   1159 PM  38    -11       28
  AVERAGE         29            54    -25       32

PRECIPITATION (IN)
  YESTERDAY        0.20          0.04   0.16     0.75
  MONTH TO DATE    2.41          1.09   1.32     2.80
  SINCE MAR 1      4.32          1.98   2.34     3.21
  SINCE JAN 1      5.88          2.87   3.01     3.62

DEGREE DAYS
 HEATING
  YESTERDAY       36            11     25       33
  MONTH TO DATE  388           450    -62      436
  SINCE MAR 1    859          1157   -298     1092
  SINCE JUL 1   4315          5279   -964     4590

 COOLING
  YESTERDAY        0             0      0        0
  MONTH TO DATE    2             0      2        1
  SINCE MAR 1      3             0      3        1
  SINCE JAN 1      3             0      3        1
......................................................


WIND (MPH)
  HIGHEST WIND SPEED    26   HIGHEST WIND DIRECTION     N (350)
  HIGHEST GUST SPEED    36   HIGHEST GUST DIRECTION     N (10)
  AVERAGE WIND SPEED    17.6


SKY COVER
  POSSIBLE SUNSHINE  MM
  AVERAGE SKY COVER 1.0


WEATHER CONDITIONS
 THE FOLLOWING WEATHER WAS RECORDED YESTERDAY.
  SNOW
  LIGHT SNOW
  FOG
  FOG W/VISIBILITY <= 1/4 MILE


RELATIVE HUMIDITY (PERCENT)
 HIGHEST    92          1200 AM
 LOWEST     78           100 PM
 AVERAGE    85

..........................................................




SUNRISE AND SUNSET
APRIL 30 2017.........SUNRISE   603 AM MDT   SUNSET   746 PM MDT
MAY  1 2017...........SUNRISE   602 AM MDT   SUNSET   747 PM MDT


-  INDICATES NEGATIVE NUMBERS.
R  INDICATES RECORD WAS SET OR TIED.
MM INDICATES DATA IS MISSING.
T  INDICATES TRACE AMOUNT.




$$
