000
CDUS45 KPUB 291040
CLITAD


CLIMATE REPORT
NATIONAL WEATHER SERVICE PUEBLO
438 AM MDT THU JUN 29 2017


...................................

...THE TRINIDAD CO CLIMATE SUMMARY FOR JUNE 28 2017...

CLIMATE NORMAL PERIOD 1981 TO 2010
CLIMATE RECORD PERIOD 9999 TO 9999


WEATHER ITEM   OBSERVED TIME   NORMAL DEPARTURE LAST
                VALUE   (LST)  VALUE  FROM      YEAR
                                      NORMAL
......................................................
TEMPERATURE (F)
 YESTERDAY
  MAXIMUM         92    317 PM  88      4       92
  MINIMUM         57    508 AM  56      1       58
  AVERAGE         75            72      3       75

PRECIPITATION (IN)
  YESTERDAY        0.00          0.05  -0.05     0.00
  MONTH TO DATE    1.16          1.32  -0.16     1.70
  SINCE JUN 1      1.16          1.32  -0.16     1.70
  SINCE JAN 1      9.57          5.84   3.73     5.93

DEGREE DAYS
 HEATING
  YESTERDAY        0             0      0        0
  MONTH TO DATE    7            38    -31        4
  SINCE JUN 1      7            38    -31        4
  SINCE JUL 1   4607          5533   -926     4880

 COOLING
  YESTERDAY       10             7      3       10
  MONTH TO DATE  183           126     57      213
  SINCE JUN 1    183           126     57      213
  SINCE JAN 1    198           154     44      225
......................................................


WIND (MPH)
  HIGHEST WIND SPEED    22   HIGHEST WIND DIRECTION     E (110)
  HIGHEST GUST SPEED    29   HIGHEST GUST DIRECTION     E (110)
  AVERAGE WIND SPEED    10.0


SKY COVER
  POSSIBLE SUNSHINE  MM
  AVERAGE SKY COVER 0.0


WEATHER CONDITIONS
 THE FOLLOWING WEATHER WAS RECORDED YESTERDAY.
  NO SIGNIFICANT WEATHER WAS OBSERVED.


RELATIVE HUMIDITY (PERCENT)
 HIGHEST    51           500 AM
 LOWEST     13           300 PM
 AVERAGE    32

..........................................................




SUNRISE AND SUNSET
JUNE 29 2017..........SUNRISE   540 AM MDT   SUNSET   822 PM MDT
JUNE 30 2017..........SUNRISE   540 AM MDT   SUNSET   822 PM MDT


-  INDICATES NEGATIVE NUMBERS.
R  INDICATES RECORD WAS SET OR TIED.
MM INDICATES DATA IS MISSING.
T  INDICATES TRACE AMOUNT.




$$
