000
CDUS44 KBMX 012250
CLITCL


CLIMATE REPORT
NATIONAL WEATHER SERVICE BIRMINGHAM, AL
450 PM CST SUN MAR 1 2015


...................................

...THE TUSCALOOSA CLIMATE SUMMARY FOR MARCH 1 2015...
VALID TODAY AS OF 0400 PM LOCAL TIME.

CLIMATE NORMAL PERIOD 1994 TO 1994
CLIMATE RECORD PERIOD 1994 TO 2015


WEATHER ITEM   OBSERVED TIME   RECORD YEAR NORMAL DEPARTURE LAST
                VALUE   (LST)  VALUE       VALUE  FROM      YEAR
                                                  NORMAL
..................................................................
TEMPERATURE (F)
 TODAY
  MAXIMUM         59    259 PM  83    1997  64     -5       73
  MINIMUM         49    802 AM  20    1980  41      8       48
  AVERAGE         54                        53      1       61

PRECIPITATION (IN)
  TODAY            0.00          1.56 1991   0.17  -0.17      T
  MONTH TO DATE    0.00                      0.17  -0.17      T
  SINCE MAR 1      0.00                      0.17  -0.17      T
  SINCE JAN 1     10.75                     10.84  -0.09     7.72

SNOWFALL (IN)
  TODAY            0.0                       0.0    0.0
  MONTH TO DATE    0.0                       0.0    0.0
  SINCE MAR 1      0.0                       0.0    0.0
  SINCE JUL 1      0.0                       0.4   -0.4
  SNOW DEPTH       0

..................................................................


WIND (MPH)
  HIGHEST WIND SPEED    16   HIGHEST WIND DIRECTION    SE (140)
  HIGHEST GUST SPEED    25   HIGHEST GUST DIRECTION    SE (140)
  AVERAGE WIND SPEED     7.3


SKY COVER
  AVERAGE SKY COVER 1.0


WEATHER CONDITIONS
 THE FOLLOWING WEATHER WAS RECORDED TODAY.
  FOG
  HAZE


RELATIVE HUMIDITY (PERCENT)
 HIGHEST    93           700 AM
 LOWEST     66          1200 AM
 AVERAGE    80

..........................................................


THE TUSCALOOSA CLIMATE NORMALS FOR TOMORROW
                         NORMAL    RECORD    YEAR
 MAXIMUM TEMPERATURE (F)   65        82      2012
                                             1992
                                             1955
 MINIMUM TEMPERATURE (F)   41        19      1980


SUNRISE AND SUNSET
MARCH  1 2015.........SUNRISE   619 AM CST   SUNSET   547 PM CST
MARCH  2 2015.........SUNRISE   618 AM CST   SUNSET   548 PM CST


-  INDICATES NEGATIVE NUMBERS.
R  INDICATES RECORD WAS SET OR TIED.
MM INDICATES DATA IS MISSING.
T  INDICATES TRACE AMOUNT.




$$
