000
CDUS44 KBMX 162216
CLITCL


CLIMATE REPORT
NATIONAL WEATHER SERVICE BIRMINGHAM, AL
415 PM CST TUE JAN 16 2018


...................................

...THE TUSCALOOSA CLIMATE SUMMARY FOR JANUARY 16 2018...
VALID TODAY AS OF 0400 PM LOCAL TIME.

CLIMATE NORMAL PERIOD 1981 TO 2010
CLIMATE RECORD PERIOD 1948 TO 2018


WEATHER ITEM   OBSERVED TIME   RECORD YEAR NORMAL DEPARTURE LAST
                VALUE   (LST)  VALUE       VALUE  FROM      YEAR
                                                  NORMAL
..................................................................
TEMPERATURE (F)
 TODAY
  MAXIMUM         36    933 AM  77    1949  55    -19       75
  MINIMUM         26    227 AM  10    1972  34     -8       48
  AVERAGE         31                        44    -13       62

PRECIPITATION (IN)
  TODAY            T             0.57 1985   0.15  -0.15     0.00
  MONTH TO DATE    1.04                      2.57  -1.53     3.41
  SINCE DEC 1      3.41                      7.19  -3.78     6.32
  SINCE JAN 1      1.04                      2.57  -1.53     3.41

SNOWFALL (IN)
  TODAY           MM                         0.0   MM
  MONTH TO DATE    0.0                       0.2   -0.2
  SINCE DEC 1      0.0                       0.2   -0.2
  SINCE JUL 1      0.0                       0.2   -0.2
  SNOW DEPTH       0

..................................................................


WIND (MPH)
  HIGHEST WIND SPEED    15   HIGHEST WIND DIRECTION    NW (320)
  HIGHEST GUST SPEED    20   HIGHEST GUST DIRECTION    NW (320)
  AVERAGE WIND SPEED     7.2


SKY COVER
  AVERAGE SKY COVER 0.6


WEATHER CONDITIONS
 THE FOLLOWING WEATHER WAS RECORDED TODAY.
  LIGHT SNOW
  FOG
  HAZE


RELATIVE HUMIDITY (PERCENT)
 HIGHEST   100           300 AM
 LOWEST     72          1200 PM
 AVERAGE    86

..........................................................


THE TUSCALOOSA CLIMATE NORMALS FOR TOMORROW
                         NORMAL    RECORD    YEAR
 MAXIMUM TEMPERATURE (F)   55        80      2017
 MINIMUM TEMPERATURE (F)   34         5      1982


SUNRISE AND SUNSET
JANUARY 16 2018.......SUNRISE   654 AM CST   SUNSET   507 PM CST
JANUARY 17 2018.......SUNRISE   653 AM CST   SUNSET   508 PM CST


-  INDICATES NEGATIVE NUMBERS.
R  INDICATES RECORD WAS SET OR TIED.
MM INDICATES DATA IS MISSING.
T  INDICATES TRACE AMOUNT.




$$
