000
CDUS44 KBMX 240751
CLITCL


CLIMATE REPORT
NATIONAL WEATHER SERVICE BIRMINGHAM, AL
250 AM CDT TUE OCT 24 2017


...................................

...THE TUSCALOOSA CLIMATE SUMMARY FOR OCTOBER 23 2017...

CLIMATE NORMAL PERIOD 1981 TO 2010
CLIMATE RECORD PERIOD 1948 TO 2017


WEATHER ITEM   OBSERVED TIME   RECORD YEAR NORMAL DEPARTURE LAST
                VALUE   (LST)  VALUE       VALUE  FROM      YEAR
                                                  NORMAL
..................................................................
TEMPERATURE (F)
 YESTERDAY
  MAXIMUM         69   1248 AM  90    1953  75     -6       79
  MINIMUM         49   1159 PM  36    2006  49      0       39
                                      1987
                                      1954
  AVERAGE         59                        62     -3       59

PRECIPITATION (IN)
  YESTERDAY        0.06          1.85 1950   0.12  -0.06     0.00
  MONTH TO DATE    3.24                      2.65   0.59      T
  SINCE SEP 1      4.87                      6.17  -1.30     0.33
  SINCE JAN 1     53.16                     42.04  11.12    32.07

SNOWFALL (IN)
  YESTERDAY        0.0                       0.0    0.0
  MONTH TO DATE    0.0                       0.0    0.0
  SINCE SEP 1      0.0                       0.0    0.0
  SINCE JUL 1      0.0                       0.0    0.0

DEGREE DAYS
 HEATING
  YESTERDAY        6                         5      1
  MONTH TO DATE   21                        63    -42
  SINCE SEP 1     25                        70    -45
  SINCE JUL 1     25                        70    -45
..................................................................


WIND (MPH)
  HIGHEST WIND SPEED    17   HIGHEST WIND DIRECTION     W (270)
  HIGHEST GUST SPEED    22   HIGHEST GUST DIRECTION     W (270)
  AVERAGE WIND SPEED     4.6


SKY COVER
  AVERAGE SKY COVER 0.7


WEATHER CONDITIONS
 THE FOLLOWING WEATHER WAS RECORDED YESTERDAY.
  HEAVY RAIN
  RAIN
  LIGHT RAIN
  FOG


RELATIVE HUMIDITY (PERCENT)
 HIGHEST   100           100 AM
 LOWEST     67           400 PM
 AVERAGE    84

..........................................................


THE TUSCALOOSA CLIMATE NORMALS FOR TODAY
                         NORMAL    RECORD    YEAR
 MAXIMUM TEMPERATURE (F)   75        86      2010
 MINIMUM TEMPERATURE (F)   49        32      1962


SUNRISE AND SUNSET
OCTOBER 24 2017.......SUNRISE   702 AM CDT   SUNSET   606 PM CDT
OCTOBER 25 2017.......SUNRISE   703 AM CDT   SUNSET   605 PM CDT


-  INDICATES NEGATIVE NUMBERS.
R  INDICATES RECORD WAS SET OR TIED.
MM INDICATES DATA IS MISSING.
T  INDICATES TRACE AMOUNT.




$$
