000
CDUS44 KBMX 030839
CLITCL


CLIMATE REPORT
NATIONAL WEATHER SERVICE BIRMINGHAM, AL
238 AM CST SAT DEC 3 2016


...................................

...THE TUSCALOOSA CLIMATE SUMMARY FOR DECEMBER 2 2016...

CLIMATE NORMAL PERIOD 1981 TO 2010
CLIMATE RECORD PERIOD 1948 TO 2016


WEATHER ITEM   OBSERVED TIME   RECORD YEAR NORMAL DEPARTURE LAST
                VALUE   (LST)  VALUE       VALUE  FROM      YEAR
                                                  NORMAL
..................................................................
TEMPERATURE (F)
 YESTERDAY
  MAXIMUM         64    219 PM  80    1982  61      3       55
  MINIMUM         30    415 AM  21    1960  39     -9       44
  AVERAGE         47                        50     -3       50

PRECIPITATION (IN)
  YESTERDAY        0.00          1.80 1991   0.19  -0.19     0.28
  MONTH TO DATE    0.00                      0.38  -0.38     2.33
  SINCE DEC 1      0.00                      0.38  -0.38     2.33
  SINCE JAN 1     34.60                     48.36 -13.76    47.02

SNOWFALL (IN)
  YESTERDAY        0.0                       0.0    0.0
  MONTH TO DATE    0.0                       0.0    0.0
  SINCE DEC 1      0.0                       0.0    0.0
  SINCE JUL 1      0.0                       0.0    0.0

DEGREE DAYS
 HEATING
  YESTERDAY       18                        15      3
  MONTH TO DATE   36                        30      6
  SINCE DEC 1     36                        30      6
  SINCE JUL 1    295                       467   -172
..................................................................


WIND (MPH)
  HIGHEST WIND SPEED    10   HIGHEST WIND DIRECTION     N (10)
  HIGHEST GUST SPEED    14   HIGHEST GUST DIRECTION    NE (50)
  AVERAGE WIND SPEED     3.2


SKY COVER
  AVERAGE SKY COVER 0.0


WEATHER CONDITIONS
 THE FOLLOWING WEATHER WAS RECORDED YESTERDAY.
  FOG


RELATIVE HUMIDITY (PERCENT)
 HIGHEST   100           600 AM
 LOWEST     24           200 PM
 AVERAGE    62

..........................................................


THE TUSCALOOSA CLIMATE NORMALS FOR TODAY
                         NORMAL    RECORD    YEAR
 MAXIMUM TEMPERATURE (F)   61        82      1978
 MINIMUM TEMPERATURE (F)   38        20      1960


SUNRISE AND SUNSET
DECEMBER  3 2016......SUNRISE   638 AM CST   SUNSET   443 PM CST
DECEMBER  4 2016......SUNRISE   639 AM CST   SUNSET   443 PM CST


-  INDICATES NEGATIVE NUMBERS.
R  INDICATES RECORD WAS SET OR TIED.
MM INDICATES DATA IS MISSING.
T  INDICATES TRACE AMOUNT.




$$
