000
CDUS44 KBMX 290907
CLITCL


CLIMATE REPORT
NATIONAL WEATHER SERVICE BIRMINGHAM, AL
307 AM CST MON DEC 29 2014


...................................

...THE TUSCALOOSA CLIMATE SUMMARY FOR DECEMBER 28 2014...

CLIMATE NORMAL PERIOD 1981 TO 2010
CLIMATE RECORD PERIOD 1948 TO 2014


WEATHER ITEM   OBSERVED TIME   RECORD YEAR NORMAL DEPARTURE LAST
                VALUE   (LST)  VALUE       VALUE  FROM      YEAR
                                                  NORMAL
..................................................................
TEMPERATURE (F)
 YESTERDAY
  MAXIMUM         61   1046 AM  77    1984  56      5       46
  MINIMUM         51   1159 PM  19    2010  35     16       40
  AVERAGE         56                        45     11       43

PRECIPITATION (IN)
  YESTERDAY        1.17          1.92 1954   0.13   1.04     1.33
  MONTH TO DATE    6.88                      4.25   2.63     7.32
  SINCE DEC 1      6.88                      4.25   2.63     7.32
  SINCE JAN 1     49.75                     52.23  -2.48    51.15

SNOWFALL (IN)
  YESTERDAY        0.0                       0.0    0.0
  MONTH TO DATE    0.0                       0.0    0.0
  SINCE DEC 1      0.0                       0.0    0.0
  SINCE JUL 1      0.0                       0.0    0.0

DEGREE DAYS
 HEATING
  YESTERDAY        9                        20    -11
  MONTH TO DATE  400                       503   -103
  SINCE DEC 1    400                       503   -103
  SINCE JUL 1    944                       940      4
..................................................................


WIND (MPH)
  HIGHEST WIND SPEED    13   HIGHEST WIND DIRECTION    NW (320)
  HIGHEST GUST SPEED    16   HIGHEST GUST DIRECTION     S (160)
  AVERAGE WIND SPEED     5.3


SKY COVER
  AVERAGE SKY COVER 1.0


WEATHER CONDITIONS
 THE FOLLOWING WEATHER WAS RECORDED YESTERDAY.
  HEAVY RAIN
  RAIN
  LIGHT RAIN
  FOG


RELATIVE HUMIDITY (PERCENT)
 HIGHEST   100           100 AM
 LOWEST     86           300 PM
 AVERAGE    93

..........................................................


THE TUSCALOOSA CLIMATE NORMALS FOR TODAY
                         NORMAL    RECORD    YEAR
 MAXIMUM TEMPERATURE (F)   56        72      1984
                                             1969
 MINIMUM TEMPERATURE (F)   35        17      1983


SUNRISE AND SUNSET
DECEMBER 29 2014......SUNRISE   653 AM CST   SUNSET   452 PM CST
DECEMBER 30 2014......SUNRISE   653 AM CST   SUNSET   453 PM CST


-  INDICATES NEGATIVE NUMBERS.
R  INDICATES RECORD WAS SET OR TIED.
MM INDICATES DATA IS MISSING.
T  INDICATES TRACE AMOUNT.




$$
