000
CDUS44 KBMX 270740
CLITCL


CLIMATE REPORT
NATIONAL WEATHER SERVICE BIRMINGHAM, AL
240 AM CDT THU APR 27 2017


...................................

...THE TUSCALOOSA CLIMATE SUMMARY FOR APRIL 26 2017...

CLIMATE NORMAL PERIOD 1981 TO 2010
CLIMATE RECORD PERIOD 1948 TO 2017


WEATHER ITEM   OBSERVED TIME   RECORD YEAR NORMAL DEPARTURE LAST
                VALUE   (LST)  VALUE       VALUE  FROM      YEAR
                                                  NORMAL
..................................................................
TEMPERATURE (F)
 YESTERDAY
  MAXIMUM         82    449 PM  90    1994  79      3       84
  MINIMUM         56    536 AM  40    1983  54      2       57
  AVERAGE         69                        66      3       71

PRECIPITATION (IN)
  YESTERDAY        0.01          2.04 1966   0.13  -0.12     0.00
  MONTH TO DATE    6.23                      3.67   2.56     3.39
  SINCE MAR 1      9.95                      8.21   1.74     9.58
  SINCE JAN 1     21.16                     18.88   2.28    19.18

SNOWFALL (IN)
  YESTERDAY        0.0                       0.0    0.0
  MONTH TO DATE    0.0                       0.0    0.0
  SINCE MAR 1      0.0                       0.3   -0.3
  SINCE JUL 1      0.0                       0.7   -0.7

DEGREE DAYS
 HEATING
  YESTERDAY        0                         2     -2
  MONTH TO DATE   41                       112    -71
  SINCE MAR 1    277                       406   -129
  SINCE JUL 1   1580                      2496   -916
..................................................................


WIND (MPH)
  HIGHEST WIND SPEED    21   HIGHEST WIND DIRECTION    SE (140)
  HIGHEST GUST SPEED    30   HIGHEST GUST DIRECTION    SE (150)
  AVERAGE WIND SPEED     8.8


SKY COVER
  AVERAGE SKY COVER 0.2


WEATHER CONDITIONS
 THE FOLLOWING WEATHER WAS RECORDED YESTERDAY.
  THUNDERSTORM
  HEAVY RAIN
  RAIN
  LIGHT RAIN
  FOG


RELATIVE HUMIDITY (PERCENT)
 HIGHEST    93           400 AM
 LOWEST     47           300 PM
 AVERAGE    70

..........................................................


THE TUSCALOOSA CLIMATE NORMALS FOR TODAY
                         NORMAL    RECORD    YEAR
 MAXIMUM TEMPERATURE (F)   79        92      1987
 MINIMUM TEMPERATURE (F)   54        38      1992


SUNRISE AND SUNSET
APRIL 27 2017.........SUNRISE   606 AM CDT   SUNSET   730 PM CDT
APRIL 28 2017.........SUNRISE   605 AM CDT   SUNSET   731 PM CDT


-  INDICATES NEGATIVE NUMBERS.
R  INDICATES RECORD WAS SET OR TIED.
MM INDICATES DATA IS MISSING.
T  INDICATES TRACE AMOUNT.




$$
