967
CDUS44 KBMX 200903
CLITCL


CLIMATE REPORT
NATIONAL WEATHER SERVICE BIRMINGHAM, AL
301 AM CST MON FEB 20 2017


...................................

...THE TUSCALOOSA CLIMATE SUMMARY FOR FEBRUARY 19 2017...

CLIMATE NORMAL PERIOD 1981 TO 2010
CLIMATE RECORD PERIOD 1948 TO 2017


WEATHER ITEM   OBSERVED TIME   RECORD YEAR NORMAL DEPARTURE LAST
                VALUE   (LST)  VALUE       VALUE  FROM      YEAR
                                                  NORMAL
..................................................................
TEMPERATURE (F)
 YESTERDAY
  MAXIMUM         77R   412 PM  77    2011  61     16       72
  MINIMUM         45    418 AM  14    1958  38      7       39
  AVERAGE         61                        50     11       56

PRECIPITATION (IN)
  YESTERDAY        0.00          2.04 1991   0.21  -0.21     0.00
  MONTH TO DATE    3.06                      3.64  -0.58     3.07
  SINCE DEC 1     13.17                     13.61  -0.44    15.48
  SINCE JAN 1     10.26                      8.99   1.27     7.21

SNOWFALL (IN)
  YESTERDAY        0.0                       0.0    0.0
  MONTH TO DATE    0.0                       0.0    0.0
  SINCE DEC 1      0.0                       0.3   -0.3
  SINCE JUL 1      0.0                       0.3   -0.3

DEGREE DAYS
 HEATING
  YESTERDAY        4                        15    -11
  MONTH TO DATE  217                       332   -115
  SINCE DEC 1    992                      1527   -535
  SINCE JUL 1   1251                      1964   -713
..................................................................


WIND (MPH)
  HIGHEST WIND SPEED    13   HIGHEST WIND DIRECTION     N (20)
  HIGHEST GUST SPEED    16   HIGHEST GUST DIRECTION     N (20)
  AVERAGE WIND SPEED     2.6


SKY COVER
  AVERAGE SKY COVER 0.2


WEATHER CONDITIONS
 THE FOLLOWING WEATHER WAS RECORDED YESTERDAY.
  FOG
  FOG W/VISIBILITY <= 1/4 MILE


RELATIVE HUMIDITY (PERCENT)
 HIGHEST   100          1200 AM
 LOWEST     38           400 PM
 AVERAGE    69

..........................................................


THE TUSCALOOSA CLIMATE NORMALS FOR TODAY
                         NORMAL    RECORD    YEAR
 MAXIMUM TEMPERATURE (F)   62        81      2014
 MINIMUM TEMPERATURE (F)   39        18      1978
                                             1958


SUNRISE AND SUNSET
FEBRUARY 20 2017......SUNRISE   629 AM CST   SUNSET   540 PM CST
FEBRUARY 21 2017......SUNRISE   628 AM CST   SUNSET   541 PM CST


-  INDICATES NEGATIVE NUMBERS.
R  INDICATES RECORD WAS SET OR TIED.
MM INDICATES DATA IS MISSING.
T  INDICATES TRACE AMOUNT.




$$
