000
CDUS44 KBMX 230735
CLITCL


CLIMATE REPORT
NATIONAL WEATHER SERVICE BIRMINGHAM, AL
235 AM CDT WED AUG 23 2017


...................................

...THE TUSCALOOSA CLIMATE SUMMARY FOR AUGUST 22 2017...

CLIMATE NORMAL PERIOD 1981 TO 2010
CLIMATE RECORD PERIOD 1948 TO 2017


WEATHER ITEM   OBSERVED TIME   RECORD YEAR NORMAL DEPARTURE LAST
                VALUE   (LST)  VALUE       VALUE  FROM      YEAR
                                                  NORMAL
..................................................................
TEMPERATURE (F)
 YESTERDAY
  MAXIMUM         91    319 PM 103    2007  92     -1       89
  MINIMUM         74    553 AM  53    1956  70      4       73
  AVERAGE         83                        81      2       81

PRECIPITATION (IN)
  YESTERDAY        0.13          0.89 1986   0.10   0.03     0.09
  MONTH TO DATE    5.98                      2.40   3.58     2.88
  SINCE JUN 1     21.81                     11.57  10.24    11.33
  SINCE JAN 1     47.80                     34.97  12.83    31.74

..................................................................


WIND (MPH)
  HIGHEST WIND SPEED    16   HIGHEST WIND DIRECTION     S (190)
  HIGHEST GUST SPEED    19   HIGHEST GUST DIRECTION     S (190)
  AVERAGE WIND SPEED     2.1


SKY COVER
  AVERAGE SKY COVER 0.1


WEATHER CONDITIONS
 THE FOLLOWING WEATHER WAS RECORDED YESTERDAY.
  THUNDERSTORM
  HEAVY RAIN
  LIGHT RAIN
  FOG


RELATIVE HUMIDITY (PERCENT)
 HIGHEST   100           100 AM
 LOWEST     64          1100 AM
 AVERAGE    82

..........................................................


THE TUSCALOOSA CLIMATE NORMALS FOR TODAY
                         NORMAL    RECORD    YEAR
 MAXIMUM TEMPERATURE (F)   92       103      2007
 MINIMUM TEMPERATURE (F)   70        55      1956


SUNRISE AND SUNSET
AUGUST 23 2017........SUNRISE   619 AM CDT   SUNSET   727 PM CDT
AUGUST 24 2017........SUNRISE   620 AM CDT   SUNSET   725 PM CDT


-  INDICATES NEGATIVE NUMBERS.
R  INDICATES RECORD WAS SET OR TIED.
MM INDICATES DATA IS MISSING.
T  INDICATES TRACE AMOUNT.




$$
