000
CDUS44 KBMX 270817
CLITCL


CLIMATE REPORT
NATIONAL WEATHER SERVICE BIRMINGHAM, AL
316 AM CDT FRI MAY 27 2016


...................................

...THE TUSCALOOSA CLIMATE SUMMARY FOR MAY 26 2016...

CLIMATE NORMAL PERIOD 1994 TO 1994
CLIMATE RECORD PERIOD 1948 TO 2016


WEATHER ITEM   OBSERVED TIME   RECORD YEAR NORMAL DEPARTURE LAST
                VALUE   (LST)  VALUE       VALUE  FROM      YEAR
                                                  NORMAL
..................................................................
TEMPERATURE (F)
 YESTERDAY
  MAXIMUM         90    254 PM  95    2012  86      4       79
                                      1996
  MINIMUM         61    445 AM  46    1979  63     -2       69
  AVERAGE         76                        74      2       74

PRECIPITATION (IN)
  YESTERDAY        0.00          1.68 1973   0.12  -0.12     0.30
  MONTH TO DATE    0.69                      3.33  -2.64     0.96
  SINCE MAR 1     10.80                     12.08  -1.28    13.47
  SINCE JAN 1     20.40                     22.75  -2.35    24.22

..................................................................


WIND (MPH)
  HIGHEST WIND SPEED    16   HIGHEST WIND DIRECTION     S (190)
  HIGHEST GUST SPEED    21   HIGHEST GUST DIRECTION     S (180)
  AVERAGE WIND SPEED     5.2


SKY COVER
  AVERAGE SKY COVER 0.0


WEATHER CONDITIONS
 THE FOLLOWING WEATHER WAS RECORDED YESTERDAY.
  FOG


RELATIVE HUMIDITY (PERCENT)
 HIGHEST   100           400 AM
 LOWEST     36          1200 PM
 AVERAGE    68

..........................................................


THE TUSCALOOSA CLIMATE NORMALS FOR TODAY
                         NORMAL    RECORD    YEAR
 MAXIMUM TEMPERATURE (F)   86        97      1964
 MINIMUM TEMPERATURE (F)   63        44      1961


SUNRISE AND SUNSET
MAY 27 2016...........SUNRISE   544 AM CDT   SUNSET   752 PM CDT
MAY 28 2016...........SUNRISE   543 AM CDT   SUNSET   753 PM CDT


-  INDICATES NEGATIVE NUMBERS.
R  INDICATES RECORD WAS SET OR TIED.
MM INDICATES DATA IS MISSING.
T  INDICATES TRACE AMOUNT.




$$
