726
CDUS44 KBMX 030745
CLITCL


CLIMATE REPORT
NATIONAL WEATHER SERVICE BIRMINGHAM, AL
245 AM CDT TUE MAY 3 2016


...................................

...THE TUSCALOOSA CLIMATE SUMMARY FOR MAY 2 2016...

CLIMATE NORMAL PERIOD 1994 TO 1994
CLIMATE RECORD PERIOD 1948 TO 2016


WEATHER ITEM   OBSERVED TIME   RECORD YEAR NORMAL DEPARTURE LAST
                VALUE   (LST)  VALUE       VALUE  FROM      YEAR
                                                  NORMAL
..................................................................
TEMPERATURE (F)
 YESTERDAY
  MAXIMUM         79    129 PM  92    1952  80     -1       78
  MINIMUM         60    456 AM  40    1963  56      4       46
  AVERAGE         70                        68      2       62

PRECIPITATION (IN)
  YESTERDAY        0.08          2.26 1950   0.12  -0.04     0.00
  MONTH TO DATE    0.11                      0.24  -0.13     0.00
  SINCE MAR 1     10.22                      8.99   1.23    12.51
  SINCE JAN 1     19.82                     19.66   0.16    23.26

..................................................................


WIND (MPH)
  HIGHEST WIND SPEED    14   HIGHEST WIND DIRECTION    SW (210)
  HIGHEST GUST SPEED    18   HIGHEST GUST DIRECTION     S (200)
  AVERAGE WIND SPEED     3.7


SKY COVER
  AVERAGE SKY COVER 0.6


WEATHER CONDITIONS
 THE FOLLOWING WEATHER WAS RECORDED YESTERDAY.
  THUNDERSTORM
  RAIN
  LIGHT RAIN
  FOG
  FOG W/VISIBILITY <= 1/4 MILE


RELATIVE HUMIDITY (PERCENT)
 HIGHEST   100          1200 AM
 LOWEST     67           100 PM
 AVERAGE    84

..........................................................


THE TUSCALOOSA CLIMATE NORMALS FOR TODAY
                         NORMAL    RECORD    YEAR
 MAXIMUM TEMPERATURE (F)   80        92      1952
 MINIMUM TEMPERATURE (F)   56        41      1961


SUNRISE AND SUNSET
MAY  3 2016...........SUNRISE   600 AM CDT   SUNSET   735 PM CDT
MAY  4 2016...........SUNRISE   559 AM CDT   SUNSET   736 PM CDT


-  INDICATES NEGATIVE NUMBERS.
R  INDICATES RECORD WAS SET OR TIED.
MM INDICATES DATA IS MISSING.
T  INDICATES TRACE AMOUNT.




$$
