000
CDUS44 KBMX 170952
CLITCL


CLIMATE REPORT
NATIONAL WEATHER SERVICE BIRMINGHAM, AL
451 AM CDT THU APR 17 2014


...................................

...THE TUSCALOOSA CLIMATE SUMMARY FOR APRIL 16 2014...

CLIMATE NORMAL PERIOD 1981 TO 2010
CLIMATE RECORD PERIOD 1948 TO 2014


WEATHER ITEM   OBSERVED TIME   RECORD YEAR NORMAL DEPARTURE LAST
                VALUE   (LST)  VALUE       VALUE  FROM      YEAR
                                                  NORMAL
..................................................................
TEMPERATURE (F)
 YESTERDAY
  MAXIMUM         67    420 PM  90    1955  76     -9       87
  MINIMUM         34    542 AM  31    1950  50    -16       70
  AVERAGE         51                        63    -12       79

PRECIPITATION (IN)
  YESTERDAY        0.00          1.75 1954   0.14  -0.14     0.00
  MONTH TO DATE    6.30                      2.31   3.99     2.07
  SINCE MAR 1     11.58                      6.85   4.73     6.82
  SINCE JAN 1     19.30                     17.52   1.78    17.59

SNOWFALL (IN)
  YESTERDAY        0.0                       0.0    0.0
  MONTH TO DATE    0.0                       0.0    0.0
  SINCE MAR 1      0.0                       0.3   -0.3
  SINCE JUL 1      0.8                       0.7    0.1

DEGREE DAYS
 HEATING
  YESTERDAY       14                         4     10
  MONTH TO DATE   86                        84      2
  SINCE MAR 1    426                       378     48
  SINCE JUL 1   2743                      2468    275
..................................................................


WIND (MPH)
  HIGHEST WIND SPEED    13   HIGHEST WIND DIRECTION    NE (60)
  HIGHEST GUST SPEED    16   HIGHEST GUST DIRECTION     E (100)
  AVERAGE WIND SPEED     4.4


SKY COVER
  AVERAGE SKY COVER 0.0


WEATHER CONDITIONS
 THE FOLLOWING WEATHER WAS RECORDED YESTERDAY.
  NO SIGNIFICANT WEATHER WAS OBSERVED.


RELATIVE HUMIDITY (PERCENT)
 HIGHEST    77          1000 PM
 LOWEST     28           300 PM
 AVERAGE    53

..........................................................


THE TUSCALOOSA CLIMATE NORMALS FOR TODAY
                         NORMAL    RECORD    YEAR
 MAXIMUM TEMPERATURE (F)   76        92      1955
 MINIMUM TEMPERATURE (F)   50        33      1949


SUNRISE AND SUNSET
APRIL 17 2014.........SUNRISE   618 AM CDT   SUNSET   723 PM CDT
APRIL 18 2014.........SUNRISE   617 AM CDT   SUNSET   723 PM CDT


-  INDICATES NEGATIVE NUMBERS.
R  INDICATES RECORD WAS SET OR TIED.
MM INDICATES DATA IS MISSING.
T  INDICATES TRACE AMOUNT.




$$
