000
CDUS42 KTAE 220633
CLITLH


CLIMATE REPORT
NATIONAL WEATHER SERVICE TALLAHASSEE FL
133 AM EST SUN JAN 22 2017


...................................

...THE TALLAHASSEE CLIMATE SUMMARY FOR JANUARY 21 2017...

CLIMATE NORMAL PERIOD 1981 TO 2010
CLIMATE RECORD PERIOD 1896 TO 2017


WEATHER ITEM   OBSERVED TIME   RECORD YEAR NORMAL DEPARTURE LAST
                VALUE   (LST)  VALUE       VALUE  FROM      YEAR
                                                  NORMAL
..................................................................
TEMPERATURE (F)
 YESTERDAY
  MAXIMUM         78   1236 PM  80    1929  64     14       61
  MINIMUM         63    722 PM   6    1985  39     24       38
  AVERAGE         71                        51     20       50

PRECIPITATION (IN)
  YESTERDAY        1.87          4.66 2010   0.16   1.71     0.07
  MONTH TO DATE    6.78                      2.81   3.97     3.14
  SINCE DEC 1     10.98                      6.71   4.27     7.91
  SINCE JAN 1      6.78                      2.81   3.97     3.14

SNOWFALL (IN)
  YESTERDAY        0.0                       0.0    0.0

DEGREE DAYS
 HEATING
  YESTERDAY        0                              -14
  MONTH TO DATE  141                             -153
  SINCE DEC 1    332                             -341
  SINCE JUL 1    445                             -464

 COOLING
  YESTERDAY        6                                6
  MONTH TO DATE   28                               28
  SINCE DEC 1     71                               58
  SINCE JAN 1     28                               28
..................................................................


WIND (MPH)
  HIGHEST WIND SPEED    33   HIGHEST WIND DIRECTION     W (290)
  HIGHEST GUST SPEED    43   HIGHEST GUST DIRECTION    NW (300)
  AVERAGE WIND SPEED    10.8




RELATIVE HUMIDITY (PERCENT)
 HIGHEST   100
 LOWEST     76
 AVERAGE    88

..........................................................


THE TALLAHASSEE CLIMATE NORMALS FOR TODAY
                         NORMAL    RECORD    YEAR
 MAXIMUM TEMPERATURE (F)   64        81      1937
 MINIMUM TEMPERATURE (F)   39        10      1985


SUNRISE AND SUNSET
JANUARY 22 2017.......SUNRISE   733 AM EST   SUNSET   606 PM EST
JANUARY 23 2017.......SUNRISE   733 AM EST   SUNSET   606 PM EST


-  INDICATES NEGATIVE NUMBERS.
R  INDICATES RECORD WAS SET OR TIED.
MM INDICATES DATA IS MISSING.
T  INDICATES TRACE AMOUNT.




$$
