000
CDUS42 KTAE 230633
CLITLH


CLIMATE REPORT
NATIONAL WEATHER SERVICE TALLAHASSEE FL
232 AM EDT TUE MAY 23 2017


...................................

...THE TALLAHASSEE CLIMATE SUMMARY FOR MAY 22 2017...

CLIMATE NORMAL PERIOD 1981 TO 2010
CLIMATE RECORD PERIOD 1896 TO 2017


WEATHER ITEM   OBSERVED TIME   RECORD YEAR NORMAL DEPARTURE LAST
                VALUE   (LST)  VALUE       VALUE  FROM      YEAR
                                                  NORMAL
..................................................................
TEMPERATURE (F)
 YESTERDAY
  MAXIMUM         86    302 PM  99    1938  88     -2       85
  MINIMUM         69    615 AM  45    1981  64      5       64
  AVERAGE         78                        76      2       75

PRECIPITATION (IN)
  YESTERDAY        T             2.93 1967   0.12  -0.12     0.00
  MONTH TO DATE    3.40                      2.13   1.27     1.63
  SINCE MAR 1      7.76                     11.13  -3.37    14.62
  SINCE JAN 1     17.69                     20.32  -2.63    23.32

SNOWFALL (IN)
  YESTERDAY        0.0                       0.0    0.0

DEGREE DAYS
 HEATING
  YESTERDAY        0                                0
  MONTH TO DATE    5                                2
  SINCE MAR 1    157                              -93
  SINCE JUL 1    805                             -788

 COOLING
  YESTERDAY       13                                2
  MONTH TO DATE  201                               17
  SINCE MAR 1    457                              134
  SINCE JAN 1    517                              180
..................................................................


WIND (MPH)
  HIGHEST WIND SPEED    16   HIGHEST WIND DIRECTION    SE (150)
  HIGHEST GUST SPEED    20   HIGHEST GUST DIRECTION     S (180)
  AVERAGE WIND SPEED     4.0




RELATIVE HUMIDITY (PERCENT)
 HIGHEST   100
 LOWEST     65
 AVERAGE    83

..........................................................


THE TALLAHASSEE CLIMATE NORMALS FOR TODAY
                         NORMAL    RECORD    YEAR
 MAXIMUM TEMPERATURE (F)   89        99      1996
                                             1948
 MINIMUM TEMPERATURE (F)   64        48      1993


SUNRISE AND SUNSET
MAY 23 2017...........SUNRISE   639 AM EDT   SUNSET   830 PM EDT
MAY 24 2017...........SUNRISE   638 AM EDT   SUNSET   830 PM EDT


-  INDICATES NEGATIVE NUMBERS.
R  INDICATES RECORD WAS SET OR TIED.
MM INDICATES DATA IS MISSING.
T  INDICATES TRACE AMOUNT.




$$
