000
CDUS42 KTAE 040632
CLITLH


CLIMATE REPORT
NATIONAL WEATHER SERVICE TALLAHASSEE FL
131 AM EST WED MAR 4 2015


...................................

...THE TALLAHASSEE CLIMATE SUMMARY FOR MARCH 3 2015...

CLIMATE NORMAL PERIOD 1981 TO 2010
CLIMATE RECORD PERIOD 1896 TO 2015


WEATHER ITEM   OBSERVED TIME   RECORD YEAR NORMAL DEPARTURE LAST
                VALUE   (LST)  VALUE       VALUE  FROM      YEAR
                                                  NORMAL
..................................................................
TEMPERATURE (F)
 YESTERDAY
  MAXIMUM         84    118 PM  87    1918  71     13       79
  MINIMUM         55    717 AM  20    1980  45     10       49
  AVERAGE         70                        58     12       64

PRECIPITATION (IN)
  YESTERDAY        0.00          5.98 2002   0.22  -0.22      T
  MONTH TO DATE    0.00                      0.65  -0.65      T
  SINCE MAR 1      0.00                      0.65  -0.65      T
  SINCE JAN 1      9.19                      9.84  -0.65     8.05

SNOWFALL (IN)
  YESTERDAY        0.0                       0.0    0.0

DEGREE DAYS
 HEATING
  YESTERDAY        0                               -8
  MONTH TO DATE    8                              -16
  SINCE MAR 1      8                              -16
  SINCE JUL 1   1374                                7

 COOLING
  YESTERDAY        5                                4
  MONTH TO DATE    6                                3
  SINCE MAR 1      6                                3
  SINCE JAN 1     13                               -4
..................................................................


WIND (MPH)
  HIGHEST WIND SPEED    16   HIGHEST WIND DIRECTION     S (170)
  HIGHEST GUST SPEED    21   HIGHEST GUST DIRECTION     S (160)
  AVERAGE WIND SPEED     4.3




RELATIVE HUMIDITY (PERCENT)
 HIGHEST    97
 LOWEST     54
 AVERAGE    76

..........................................................


THE TALLAHASSEE CLIMATE NORMALS FOR TODAY
                         NORMAL    RECORD    YEAR
 MAXIMUM TEMPERATURE (F)   71        83      1992
 MINIMUM TEMPERATURE (F)   45        21      1980


SUNRISE AND SUNSET
MARCH  4 2015.........SUNRISE   701 AM EST   SUNSET   638 PM EST
MARCH  5 2015.........SUNRISE   659 AM EST   SUNSET   639 PM EST


-  INDICATES NEGATIVE NUMBERS.
R  INDICATES RECORD WAS SET OR TIED.
MM INDICATES DATA IS MISSING.
T  INDICATES TRACE AMOUNT.




$$
