000
CDUS42 KTAE 200634
CLITLH


CLIMATE REPORT
NATIONAL WEATHER SERVICE TALLAHASSEE FL
134 AM EST MON NOV 20 2017


...................................

...THE TALLAHASSEE CLIMATE SUMMARY FOR NOVEMBER 19 2017...

CLIMATE NORMAL PERIOD 1981 TO 2010
CLIMATE RECORD PERIOD 1896 TO 2017


WEATHER ITEM   OBSERVED TIME   RECORD YEAR NORMAL DEPARTURE LAST
                VALUE   (LST)  VALUE       VALUE  FROM      YEAR
                                                  NORMAL
..................................................................
TEMPERATURE (F)
 YESTERDAY
  MAXIMUM         69    358 AM  84    1985  72     -3       77
  MINIMUM         40   1159 PM  22    2014  47     -7       46
  AVERAGE         55                        59     -4       62

PRECIPITATION (IN)
  YESTERDAY        T             1.75 1910   0.12  -0.12     0.00
  MONTH TO DATE    0.01                      2.13  -2.12      T
  SINCE SEP 1      7.41                     10.05  -2.64     7.82
  SINCE JAN 1     52.68                     53.96  -1.28    55.13

SNOWFALL (IN)
  YESTERDAY        0.0                       0.0    0.0

DEGREE DAYS
 HEATING
  YESTERDAY       10                                3
  MONTH TO DATE   53                              -45
  SINCE SEP 1    106                              -39
  SINCE JUL 1    106                              -39

 COOLING
  YESTERDAY        0                               -1
  MONTH TO DATE   38                                2
  SINCE SEP 1    758                              142
  SINCE JAN 1   2936                              367
..................................................................


WIND (MPH)
  HIGHEST WIND SPEED    21   HIGHEST WIND DIRECTION     N (340)
  HIGHEST GUST SPEED    26   HIGHEST GUST DIRECTION    NW (320)
  AVERAGE WIND SPEED    11.6




RELATIVE HUMIDITY (PERCENT)
 HIGHEST    90
 LOWEST     29
 AVERAGE    60

..........................................................


THE TALLAHASSEE CLIMATE NORMALS FOR TODAY
                         NORMAL    RECORD    YEAR
 MAXIMUM TEMPERATURE (F)   72        84      1941
 MINIMUM TEMPERATURE (F)   46        23      2014


SUNRISE AND SUNSET
NOVEMBER 20 2017......SUNRISE   708 AM EST   SUNSET   538 PM EST
NOVEMBER 21 2017......SUNRISE   708 AM EST   SUNSET   538 PM EST


-  INDICATES NEGATIVE NUMBERS.
R  INDICATES RECORD WAS SET OR TIED.
MM INDICATES DATA IS MISSING.
T  INDICATES TRACE AMOUNT.




$$
