000
CDUS42 KTAE 200735
CLITLH


CLIMATE REPORT
NATIONAL WEATHER SERVICE TALLAHASSEE FL
235 AM EST SAT DEC 20 2014


...................................

...THE TALLAHASSEE CLIMATE SUMMARY FOR DECEMBER 19 2014...

CLIMATE NORMAL PERIOD 1981 TO 2010
CLIMATE RECORD PERIOD 1896 TO 2014


WEATHER ITEM   OBSERVED TIME   RECORD YEAR NORMAL DEPARTURE LAST
                VALUE   (LST)  VALUE       VALUE  FROM      YEAR
                                                  NORMAL
..................................................................
TEMPERATURE (F)
 YESTERDAY
  MAXIMUM         64   1239 PM  80    1967  65     -1
  MINIMUM         41   1258 AM  19    1988  41      0
  AVERAGE         53                        52      1

PRECIPITATION (IN)
  YESTERDAY        0.11          2.95 1990   0.12  -0.01     0.00
  MONTH TO DATE    0.20                      2.41  -2.21     2.40
  SINCE DEC 1      0.20                      2.41  -2.21     2.40
  SINCE JAN 1     59.89                     57.74   2.15    64.28

SNOWFALL (IN)
  YESTERDAY       MM                         0.0   MM

DEGREE DAYS
 HEATING
  YESTERDAY       12                               -1
  MONTH TO DATE  183                              -33
  SINCE DEC 1    183                              -33
  SINCE JUL 1    534                               82

 COOLING
  YESTERDAY        0                                0
  MONTH TO DATE    9                                1
  SINCE DEC 1      9                                1
  SINCE JAN 1   2801                              213
..................................................................


WIND (MPH)
  HIGHEST WIND SPEED    12   HIGHEST WIND DIRECTION    NW (300)
  HIGHEST GUST SPEED    15   HIGHEST GUST DIRECTION    NW (300)
  AVERAGE WIND SPEED     3.0




RELATIVE HUMIDITY (PERCENT)
 HIGHEST    86
 LOWEST     36
 AVERAGE    61

..........................................................


THE TALLAHASSEE CLIMATE NORMALS FOR TODAY
                         NORMAL    RECORD    YEAR
 MAXIMUM TEMPERATURE (F)   64        81      1992
                                             1967
 MINIMUM TEMPERATURE (F)   40        15      1981


SUNRISE AND SUNSET
DECEMBER 20 2014......SUNRISE   730 AM EST   SUNSET   541 PM EST
DECEMBER 21 2014......SUNRISE   730 AM EST   SUNSET   541 PM EST


-  INDICATES NEGATIVE NUMBERS.
R  INDICATES RECORD WAS SET OR TIED.
MM INDICATES DATA IS MISSING.
T  INDICATES TRACE AMOUNT.




$$
