000
CDUS42 KTAE 260634
CLITLH


CLIMATE REPORT
NATIONAL WEATHER SERVICE TALLAHASSEE FL
232 AM EDT FRI AUG 26 2016

...................................

...THE TALLAHASSEE CLIMATE SUMMARY FOR AUGUST 25 2016...

CLIMATE NORMAL PERIOD 1981 TO 2010
CLIMATE RECORD PERIOD 1896 TO 2016


WEATHER ITEM   OBSERVED TIME   RECORD YEAR NORMAL DEPARTURE LAST
                VALUE   (LST)  VALUE       VALUE  FROM      YEAR
                                                  NORMAL
..................................................................
TEMPERATURE (F)
 YESTERDAY
  MAXIMUM         93    353 PM 102    1938  91      2       96
  MINIMUM         76    653 AM  60    2009  72      4       77
  AVERAGE         85                        82      3       87

PRECIPITATION (IN)
  YESTERDAY        0.00          1.25 1919   0.22  -0.22     0.00
  MONTH TO DATE    6.95                      6.19   0.76     5.75
  SINCE JUN 1     23.26                     21.09   2.17    18.89
  SINCE JAN 1     46.66                     42.75   3.91    37.42

SNOWFALL (IN)
  YESTERDAY        0.0                       0.0    0.0

DEGREE DAYS
 HEATING
  YESTERDAY        0                                0
  MONTH TO DATE    0                                0
  SINCE JUN 1      0                                0
  SINCE JUL 1      0                                0

 COOLING
  YESTERDAY       20                                3
  MONTH TO DATE  495                               70
  SINCE JUN 1   1671                              260
  SINCE JAN 1   2281                              424
..................................................................


WIND (MPH)
  HIGHEST WIND SPEED    17   HIGHEST WIND DIRECTION     E (80)
  HIGHEST GUST SPEED    38   HIGHEST GUST DIRECTION    SW (210)
  AVERAGE WIND SPEED     7.5




RELATIVE HUMIDITY (PERCENT)
 HIGHEST    87
 LOWEST     41
 AVERAGE    64

..........................................................


THE TALLAHASSEE CLIMATE NORMALS FOR TODAY
                         NORMAL    RECORD    YEAR
 MAXIMUM TEMPERATURE (F)   91       101      1938
 MINIMUM TEMPERATURE (F)   72        60      1997


SUNRISE AND SUNSET
AUGUST 26 2016........SUNRISE   711 AM EDT   SUNSET   807 PM EDT
AUGUST 27 2016........SUNRISE   712 AM EDT   SUNSET   805 PM EDT


-  INDICATES NEGATIVE NUMBERS.
R  INDICATES RECORD WAS SET OR TIED.
MM INDICATES DATA IS MISSING.
T  INDICATES TRACE AMOUNT.

$$
