000
CDUS44 KBMX 240944
CLITOI


CLIMATE REPORT
NATIONAL WEATHER SERVICE BIRMINGHAM, AL
443 AM CDT FRI OCT 24 2014


...................................

...THE TROY CLIMATE SUMMARY FOR OCTOBER 23 2014...

CLIMATE NORMAL PERIOD 1981 TO 2010
CLIMATE RECORD PERIOD 9999 TO 9999


WEATHER ITEM   OBSERVED TIME   RECORD YEAR NORMAL DEPARTURE LAST
                VALUE   (LST)  VALUE       VALUE  FROM      YEAR
                                                  NORMAL
..................................................................
TEMPERATURE (F)
 YESTERDAY
  MAXIMUM         75    234 PM  MM      MM  76     -1       72
  MINIMUM         36    545 AM  MM      MM  50    -14       50
  AVERAGE         56                        63     -7       61

PRECIPITATION (IN)
  YESTERDAY        0.00                      0.11  -0.11     0.00
  MONTH TO DATE    2.83                      2.32   0.51     0.73
  SINCE SEP 1      5.79                      6.28  -0.49     2.94
  SINCE JAN 1     43.79                     44.23  -0.44    48.55

SNOWFALL (IN)
  YESTERDAY        0.0                      MM     MM        0.0
  MONTH TO DATE    0.0                      MM     MM        0.0
  SINCE SEP 1      0.0                      MM     MM        0.0
  SINCE JUL 1      0.0                      MM     MM        0.0
  SNOW DEPTH       0

DEGREE DAYS
 HEATING
  YESTERDAY        9                         4      5        4
  MONTH TO DATE   50                        51     -1       11
  SINCE SEP 1     50                        55     -5       11
  SINCE JUL 1     50                        55     -5       11

 COOLING
  YESTERDAY        0                         2     -2        0
  MONTH TO DATE  103                        83     20      119
  SINCE SEP 1    486                       397     89      503
  SINCE JAN 1   2198                      2031    167     2150
..................................................................


WIND (MPH)
  HIGHEST WIND SPEED    10   HIGHEST WIND DIRECTION     N (350)
  HIGHEST GUST SPEED    13   HIGHEST GUST DIRECTION     N (350)
  AVERAGE WIND SPEED     2.0


SKY COVER
  AVERAGE SKY COVER 0.0


WEATHER CONDITIONS
 THE FOLLOWING WEATHER WAS RECORDED YESTERDAY.
  NO SIGNIFICANT WEATHER WAS OBSERVED.


RELATIVE HUMIDITY (PERCENT)
 HIGHEST    96           100 AM
 LOWEST     33           200 PM
 AVERAGE    65

..........................................................


THE TROY CLIMATE NORMALS FOR TODAY
                         NORMAL    RECORD    YEAR
 MAXIMUM TEMPERATURE (F)   76        MM        MM
 MINIMUM TEMPERATURE (F)   49        MM        MM


SUNRISE AND SUNSET
OCTOBER 24 2014.......SUNRISE   654 AM CDT   SUNSET   602 PM CDT
OCTOBER 25 2014.......SUNRISE   655 AM CDT   SUNSET   601 PM CDT


-  INDICATES NEGATIVE NUMBERS.
R  INDICATES RECORD WAS SET OR TIED.
MM INDICATES DATA IS MISSING.
T  INDICATES TRACE AMOUNT.




$$
