000
CDUS44 KBMX 280748
CLITOI


CLIMATE REPORT
NATIONAL WEATHER SERVICE BIRMINGHAM, AL
248 AM CDT SUN AUG 28 2016


...................................

...THE TROY CLIMATE SUMMARY FOR AUGUST 27 2016...

CLIMATE NORMAL PERIOD 1981 TO 2010
CLIMATE RECORD PERIOD 9999 TO 9999


WEATHER ITEM   OBSERVED TIME   RECORD YEAR NORMAL DEPARTURE LAST
                VALUE   (LST)  VALUE       VALUE  FROM      YEAR
                                                  NORMAL
..................................................................
TEMPERATURE (F)
 YESTERDAY
  MAXIMUM         93    329 PM  MM      MM  91      2       92
  MINIMUM         68    552 AM  MM      MM  69     -1       MM
  AVERAGE         81                        80      1       MM

PRECIPITATION (IN)
  YESTERDAY        0.00                      0.12  -0.12     0.00
  MONTH TO DATE    3.25                      4.21  -0.96     3.15
  SINCE JUN 1     13.30                     14.71  -1.41     9.95
  SINCE JAN 1     32.64                     37.54  -4.90    29.77

DEGREE DAYS
 COOLING
  YESTERDAY       16                        15      1       MM
  MONTH TO DATE  462                       420     42      446
  SINCE JUN 1   1422                      1293    129     1482
  SINCE JAN 1   1837                      1580    257     1965
..................................................................


WIND (MPH)
  HIGHEST WIND SPEED    17   HIGHEST WIND DIRECTION    NE (50)
  HIGHEST GUST SPEED    20   HIGHEST GUST DIRECTION    NE (50)
  AVERAGE WIND SPEED     3.5


SKY COVER
  AVERAGE SKY COVER 0.0


WEATHER CONDITIONS
 THE FOLLOWING WEATHER WAS RECORDED YESTERDAY.
  NO SIGNIFICANT WEATHER WAS OBSERVED.


RELATIVE HUMIDITY (PERCENT)
 HIGHEST   100          1200 AM
 LOWEST     34           300 PM
 AVERAGE    67

..........................................................


THE TROY CLIMATE NORMALS FOR TODAY
                         NORMAL    RECORD    YEAR
 MAXIMUM TEMPERATURE (F)   91        MM        MM
 MINIMUM TEMPERATURE (F)   69        MM        MM


SUNRISE AND SUNSET
AUGUST 28 2016........SUNRISE   617 AM CDT   SUNSET   712 PM CDT
AUGUST 29 2016........SUNRISE   618 AM CDT   SUNSET   711 PM CDT


-  INDICATES NEGATIVE NUMBERS.
R  INDICATES RECORD WAS SET OR TIED.
MM INDICATES DATA IS MISSING.
T  INDICATES TRACE AMOUNT.




$$
