000
CDUS44 KBMX 020710
CLITOI


CLIMATE REPORT
NATIONAL WEATHER SERVICE BIRMINGHAM, AL
209 AM CDT SUN AUG 2 2015


...................................

...THE TROY CLIMATE SUMMARY FOR AUGUST 1 2015...

CLIMATE NORMAL PERIOD 1981 TO 2010
CLIMATE RECORD PERIOD 9999 TO 9999


WEATHER ITEM   OBSERVED TIME   RECORD YEAR NORMAL DEPARTURE LAST
                VALUE   (LST)  VALUE       VALUE  FROM      YEAR
                                                  NORMAL
..................................................................
TEMPERATURE (F)
 YESTERDAY
  MAXIMUM         96    116 PM  MM      MM  91      5       88
  MINIMUM         72    536 AM  MM      MM  70      2       68
  AVERAGE         84                        81      3       78

PRECIPITATION (IN)
  YESTERDAY        1.20                      0.17   1.03     0.00
  MONTH TO DATE    1.20                      0.17   1.03     0.00
  SINCE JUN 1      8.00                     10.67  -2.67     4.91
  SINCE JAN 1     27.82                     33.50  -5.68    34.97

DEGREE DAYS
 COOLING
  YESTERDAY       19                        16      3       13
  MONTH TO DATE   19                        16      3       13
  SINCE JUN 1   1055                       889    166      906
  SINCE JAN 1   1538                      1176    362     1228
..................................................................


WIND (MPH)
  HIGHEST WIND SPEED    24   HIGHEST WIND DIRECTION     E (70)
  HIGHEST GUST SPEED    48   HIGHEST GUST DIRECTION    NE (60)
  AVERAGE WIND SPEED     4.6


SKY COVER
  AVERAGE SKY COVER 0.5


WEATHER CONDITIONS
 THE FOLLOWING WEATHER WAS RECORDED YESTERDAY.
  THUNDERSTORM
  HEAVY RAIN
  RAIN
  LIGHT RAIN
  FOG


RELATIVE HUMIDITY (PERCENT)
 HIGHEST    93           300 AM
 LOWEST     46           100 PM
 AVERAGE    70

..........................................................


THE TROY CLIMATE NORMALS FOR TODAY
                         NORMAL    RECORD    YEAR
 MAXIMUM TEMPERATURE (F)   91        MM        MM
 MINIMUM TEMPERATURE (F)   70        MM        MM


SUNRISE AND SUNSET
AUGUST  2 2015........SUNRISE   600 AM CDT   SUNSET   740 PM CDT
AUGUST  3 2015........SUNRISE   601 AM CDT   SUNSET   739 PM CDT


-  INDICATES NEGATIVE NUMBERS.
R  INDICATES RECORD WAS SET OR TIED.
MM INDICATES DATA IS MISSING.
T  INDICATES TRACE AMOUNT.




$$
