000
CDUS44 KBMX 210939
CLITOI


CLIMATE REPORT
NATIONAL WEATHER SERVICE BIRMINGHAM, AL
438 AM CDT THU AUG 21 2014


...................................

...THE TROY CLIMATE SUMMARY FOR AUGUST 20 2014...

CLIMATE NORMAL PERIOD 1981 TO 2010
CLIMATE RECORD PERIOD 9999 TO 9999


WEATHER ITEM   OBSERVED TIME   RECORD YEAR NORMAL DEPARTURE LAST
                VALUE   (LST)  VALUE       VALUE  FROM      YEAR
                                                  NORMAL
..................................................................
TEMPERATURE (F)
 YESTERDAY
  MAXIMUM         94    208 PM  MM      MM  91      3       88
  MINIMUM         70    537 AM  MM      MM  70      0       70
  AVERAGE         82                        80      2       79

PRECIPITATION (IN)
  YESTERDAY        0.00                      0.16  -0.16     0.01
  MONTH TO DATE    2.87                      3.38  -0.51     2.95
  SINCE JUN 1      7.78                     13.88  -6.10    22.27
  SINCE JAN 1     37.84                     36.71   1.13    45.43

DEGREE DAYS
 COOLING
  YESTERDAY       17                        15      2       14
  MONTH TO DATE  312                       315     -3      307
  SINCE JUN 1   1205                      1188     17     1200
  SINCE JAN 1   1527                      1475     52     1492
..................................................................


WIND (MPH)
  HIGHEST WIND SPEED    10   HIGHEST WIND DIRECTION    SW (210)
  HIGHEST GUST SPEED    14   HIGHEST GUST DIRECTION     W (280)
  AVERAGE WIND SPEED     2.7


SKY COVER
  AVERAGE SKY COVER 0.1


WEATHER CONDITIONS
 THE FOLLOWING WEATHER WAS RECORDED YESTERDAY.
  FOG


RELATIVE HUMIDITY (PERCENT)
 HIGHEST    97           400 AM
 LOWEST     49           200 PM
 AVERAGE    73

..........................................................


THE TROY CLIMATE NORMALS FOR TODAY
                         NORMAL    RECORD    YEAR
 MAXIMUM TEMPERATURE (F)   91        MM        MM
 MINIMUM TEMPERATURE (F)   70        MM        MM


SUNRISE AND SUNSET
AUGUST 21 2014........SUNRISE   613 AM CDT   SUNSET   721 PM CDT
AUGUST 22 2014........SUNRISE   613 AM CDT   SUNSET   720 PM CDT


-  INDICATES NEGATIVE NUMBERS.
R  INDICATES RECORD WAS SET OR TIED.
MM INDICATES DATA IS MISSING.
T  INDICATES TRACE AMOUNT.




$$
