000
CDUS41 KCLE 292111
CLITOL


CLIMATE REPORT
NATIONAL WEATHER SERVICE CLEVELAND OH
510 PM EDT FRI MAY 29 2015


...................................

...THE TOLEDO OH CLIMATE SUMMARY FOR MAY 29 2015...
VALID TODAY AS OF 0500 PM LOCAL TIME.

CLIMATE NORMAL PERIOD 1981 TO 2010
CLIMATE RECORD PERIOD 1873 TO 2015


WEATHER ITEM   OBSERVED TIME   RECORD YEAR NORMAL DEPARTURE LAST
                VALUE   (LST)  VALUE       VALUE  FROM      YEAR
                                                  NORMAL
..................................................................
TEMPERATURE (F)
 TODAY
  MAXIMUM         85    352 PM  93    2006  75     10       73
                                      1962
  MINIMUM         59    536 AM  33    1966  53      6       55
  AVERAGE         72                        64      8       64

PRECIPITATION (IN)
  TODAY            0.01                      0.12  -0.11      T
  MONTH TO DATE    1.73                      3.33  -1.60     1.97
  SINCE MAR 1      5.76                      9.00  -3.24     6.67
  SINCE JAN 1      9.38                     13.12  -3.74    13.85

SNOWFALL (IN)
  TODAY            0.0                       0.0    0.0      0.0
  MONTH TO DATE    0.0                       0.1   -0.1      0.0
  SINCE MAR 1      5.4                       7.1   -1.7     12.8
  SINCE JUL 1     45.7                      37.6    8.1     86.3
  SNOW DEPTH       0

DEGREE DAYS
 HEATING
  TODAY            0                         4     -4        1
  MONTH TO DATE  119                       201    -82      191
  SINCE MAR 1   1592                      1527     65     1790
  SINCE JUL 1   6848                      6103    745     7116

 COOLING
  TODAY            7                         3      4        0
  MONTH TO DATE   88                        39     49       57
  SINCE MAR 1     88                        47     41       59
  SINCE JAN 1     88                        47     41       59
..................................................................


WIND (MPH)
  HIGHEST WIND SPEED    17   HIGHEST WIND DIRECTION     S (180)
  HIGHEST GUST SPEED    22   HIGHEST GUST DIRECTION     S (180)


SKY COVER
  POSSIBLE SUNSHINE  MM
  AVERAGE SKY COVER 0.6


WEATHER CONDITIONS
 THE FOLLOWING WEATHER WAS RECORDED TODAY.
  LIGHT RAIN
  FOG


RELATIVE HUMIDITY (PERCENT)
 HIGHEST    90           500 AM
 LOWEST     51           400 PM
 AVERAGE    71

..........................................................


THE TOLEDO OH CLIMATE NORMALS FOR TOMORROW
                         NORMAL    RECORD    YEAR
 MAXIMUM TEMPERATURE (F)   76        93      1988
 MINIMUM TEMPERATURE (F)   53        35      1990


SUNRISE AND SUNSET
MAY 29 2015...........SUNRISE   605 AM EDT   SUNSET   900 PM EDT
MAY 30 2015...........SUNRISE   605 AM EDT   SUNSET   901 PM EDT


-  INDICATES NEGATIVE NUMBERS.
R  INDICATES RECORD WAS SET OR TIED.
MM INDICATES DATA IS MISSING.
T  INDICATES TRACE AMOUNT.




$$
