000
CDUS41 KCLE 300545
CLITOL


CLIMATE REPORT
NATIONAL WEATHER SERVICE CLEVELAND OH
145 AM EDT SUN APR 30 2017


...................................

...THE TOLEDO OH CLIMATE SUMMARY FOR APRIL 29 2017...

CLIMATE NORMAL PERIOD 1981 TO 2010
CLIMATE RECORD PERIOD 1873 TO 2017


WEATHER ITEM   OBSERVED TIME   RECORD YEAR NORMAL DEPARTURE LAST
                VALUE   (LST)  VALUE       VALUE  FROM      YEAR
                                                  NORMAL
..................................................................
TEMPERATURE (F)
 YESTERDAY
  MAXIMUM         55    758 AM  87    1899  66    -11       57
  MINIMUM         43   1141 PM  25    1874  43      0       44
  AVERAGE         49                        54     -5       51

PRECIPITATION (IN)
  YESTERDAY        0.31                      0.11   0.20     0.00
  MONTH TO DATE    2.80                      3.09  -0.29     3.30
  SINCE MAR 1      6.44                      5.57   0.87     8.40
  SINCE JAN 1     12.21                      9.69   2.52    11.62

SNOWFALL (IN)
  YESTERDAY       MM                         0.0   MM        0.0
  MONTH TO DATE    0.7                       1.3   -0.6      8.7
  SINCE MAR 1      5.4                       7.0   -1.6     11.4
  SINCE JUL 1     22.4                      37.5  -15.1     26.4
  SNOW DEPTH       0

DEGREE DAYS
 HEATING
  YESTERDAY       16                        11      5       14
  MONTH TO DATE  323                       465   -142      528
  SINCE MAR 1   1195                      1315   -120     1202
  SINCE JUL 1   5040                      5891   -851     5100

 COOLING
  YESTERDAY        0                         0      0        0
  MONTH TO DATE    8                         0      8        0
  SINCE MAR 1      8                         0      8        0
  SINCE JAN 1      8                         0      8        0
..................................................................


WIND (MPH)
  HIGHEST WIND SPEED    22   HIGHEST WIND DIRECTION     E (80)
  HIGHEST GUST SPEED    29   HIGHEST GUST DIRECTION     E (80)
  AVERAGE WIND SPEED    11.1


SKY COVER
  POSSIBLE SUNSHINE  MM
  AVERAGE SKY COVER 1.0


WEATHER CONDITIONS
 THE FOLLOWING WEATHER WAS RECORDED YESTERDAY.
  HEAVY RAIN
  RAIN
  LIGHT RAIN
  FOG


RELATIVE HUMIDITY (PERCENT)
 HIGHEST   100          1200 AM
 LOWEST     65           900 PM
 AVERAGE    83

..........................................................


THE TOLEDO OH CLIMATE NORMALS FOR TODAY
                         NORMAL    RECORD    YEAR
 MAXIMUM TEMPERATURE (F)   66        89      1942
 MINIMUM TEMPERATURE (F)   44        30      1961
                                             1958
                                             1876


SUNRISE AND SUNSET
APRIL 30 2017.........SUNRISE   633 AM EDT   SUNSET   832 PM EDT
MAY  1 2017...........SUNRISE   632 AM EDT   SUNSET   833 PM EDT


-  INDICATES NEGATIVE NUMBERS.
R  INDICATES RECORD WAS SET OR TIED.
MM INDICATES DATA IS MISSING.
T  INDICATES TRACE AMOUNT.




$$
