000
CDUS43 KTOP 110632
CLITOP


CLIMATE REPORT
NATIONAL WEATHER SERVICE TOPEKA KS
1231 AM CST SUN DEC 11 2016


...................................

...THE TOPEKA KS CLIMATE SUMMARY FOR DECEMBER 10 2016...

CLIMATE NORMAL PERIOD 1981 TO 2010
CLIMATE RECORD PERIOD 1887 TO 2016


WEATHER ITEM   OBSERVED TIME   RECORD YEAR NORMAL DEPARTURE LAST
                VALUE   (LST)  VALUE       VALUE  FROM      YEAR
                                                  NORMAL
..................................................................
TEMPERATURE (F)
 YESTERDAY
  MAXIMUM         39   1151 PM  71    1890  43     -4       64
  MINIMUM         20    232 AM  -9    1919  23     -3       34
  AVERAGE         30                        33     -3       49

PRECIPITATION (IN)
  YESTERDAY        0.00          0.77 1982   0.06  -0.06     0.00
  MONTH TO DATE    0.58                      0.52   0.06     0.00
  SINCE DEC 1      0.58                      0.52   0.06     0.00
  SINCE JAN 1     42.76                     35.63   7.13    46.68

SNOWFALL (IN)
  YESTERDAY        0.0           3.6  1969   0.1   -0.1      0.0
  MONTH TO DATE    0.5                       1.4   -0.9      0.0
  SINCE JAN 1      4.2                      14.0   -9.8      8.0
  SINCE JUL 1      0.5                       2.7   -2.2      0.1
  SNOW DEPTH       T

DEGREE DAYS
 HEATING
  YESTERDAY       35                        32      3       16
  MONTH TO DATE  338                       305     33      221
  SINCE DEC 1    338                       305     33      221
  SINCE JUL 1    911                      1299   -388      957

 COOLING
  YESTERDAY        0                         0      0        0
  MONTH TO DATE    0                         0      0        0
  SINCE DEC 1      0                         0      0        0
  SINCE JAN 1   1711                      1422    289     1536
..................................................................


WIND (MPH)
  HIGHEST WIND SPEED    18   HIGHEST WIND DIRECTION    SE (140)
  HIGHEST GUST SPEED    21   HIGHEST GUST DIRECTION     S (160)
  AVERAGE WIND SPEED     7.3


SKY COVER
  AVERAGE SKY COVER 0.6


WEATHER CONDITIONS
 THE FOLLOWING WEATHER WAS RECORDED YESTERDAY.
  NO SIGNIFICANT WEATHER WAS OBSERVED.


RELATIVE HUMIDITY (PERCENT)
 HIGHEST    75           500 AM
 LOWEST     52          1200 PM
 AVERAGE    64

..........................................................


THE TOPEKA KS CLIMATE NORMALS FOR TODAY
                         NORMAL    RECORD    YEAR
 MAXIMUM TEMPERATURE (F)   42        69      1939
                                             1896
 MINIMUM TEMPERATURE (F)   23         0      1917


SUNRISE AND SUNSET
DECEMBER 11 2016......SUNRISE   732 AM CST   SUNSET   500 PM CST
DECEMBER 12 2016......SUNRISE   733 AM CST   SUNSET   500 PM CST


-  INDICATES NEGATIVE NUMBERS.
R  INDICATES RECORD WAS SET OR TIED.
MM INDICATES DATA IS MISSING.
T  INDICATES TRACE AMOUNT.




$$
