000
CDUS43 KTOP 200632
CLITOP


CLIMATE REPORT
NATIONAL WEATHER SERVICE TOPEKA KS
1231 AM CST SAT JAN 20 2018


...................................

...THE TOPEKA KS CLIMATE SUMMARY FOR JANUARY 19 2018...

CLIMATE NORMAL PERIOD 1981 TO 2010
CLIMATE RECORD PERIOD 1887 TO 2018


WEATHER ITEM   OBSERVED TIME   RECORD YEAR NORMAL DEPARTURE LAST
                VALUE   (LST)  VALUE       VALUE  FROM      YEAR
                                                  NORMAL
..................................................................
TEMPERATURE (F)
 YESTERDAY
  MAXIMUM         51    346 PM  67    2015  40     11       49
  MINIMUM         31    827 AM -23    1892  19     12       40
  AVERAGE         41                        30     11       45

PRECIPITATION (IN)
  YESTERDAY        0.00          0.94 1980   0.02  -0.02     0.02
  MONTH TO DATE    0.80                      0.46   0.34     1.22
  SINCE DEC 1      1.11                      1.81  -0.70     2.27
  SINCE JAN 1      0.80                      0.46   0.34     1.22

SNOWFALL (IN)
  YESTERDAY        0.0           8.7  2011   0.1   -0.1      0.0
  MONTH TO DATE    2.4                       2.9   -0.5      2.2
  SINCE JAN 1      2.4                       2.9   -0.5      2.2
  SINCE JUL 1      4.5                       9.4   -4.9      5.3
  SNOW DEPTH       T

DEGREE DAYS
 HEATING
  YESTERDAY       24                        35    -11       20
  MONTH TO DATE  786                       672    114      669
  SINCE DEC 1   1759                      1695     64     1728
  SINCE JUL 1   2582                      2689   -107     2301

 COOLING
  YESTERDAY        0                         0      0        0
  MONTH TO DATE    0                         0      0        0
  SINCE DEC 1      0                         0      0        0
  SINCE JAN 1      0                         0      0        0
..................................................................


WIND (MPH)
  HIGHEST WIND SPEED    17   HIGHEST WIND DIRECTION     S (180)
  HIGHEST GUST SPEED    23   HIGHEST GUST DIRECTION     S (190)
  AVERAGE WIND SPEED     9.3


SKY COVER
  AVERAGE SKY COVER 0.0


WEATHER CONDITIONS
 THE FOLLOWING WEATHER WAS RECORDED YESTERDAY.
  NO SIGNIFICANT WEATHER WAS OBSERVED.


RELATIVE HUMIDITY (PERCENT)
 HIGHEST    63           700 AM
 LOWEST     42           300 PM
 AVERAGE    53

..........................................................


THE TOPEKA KS CLIMATE NORMALS FOR TODAY
                         NORMAL    RECORD    YEAR
 MAXIMUM TEMPERATURE (F)   40        71      1906
 MINIMUM TEMPERATURE (F)   19       -12      1985


SUNRISE AND SUNSET
JANUARY 20 2018.......SUNRISE   738 AM CST   SUNSET   530 PM CST
JANUARY 21 2018.......SUNRISE   737 AM CST   SUNSET   531 PM CST


-  INDICATES NEGATIVE NUMBERS.
R  INDICATES RECORD WAS SET OR TIED.
MM INDICATES DATA IS MISSING.
T  INDICATES TRACE AMOUNT.




$$
