693
CDUS43 KTOP 220633
CLITOP


CLIMATE REPORT
NATIONAL WEATHER SERVICE TOPEKA KS
132 AM CDT FRI MAY 22 2015


...................................

...THE TOPEKA KS CLIMATE SUMMARY FOR MAY 21 2015...

CLIMATE NORMAL PERIOD 1981 TO 2010
CLIMATE RECORD PERIOD 1887 TO 2015


WEATHER ITEM   OBSERVED TIME   RECORD YEAR NORMAL DEPARTURE LAST
                VALUE   (LST)  VALUE       VALUE  FROM      YEAR
                                                  NORMAL
..................................................................
TEMPERATURE (F)
 YESTERDAY
  MAXIMUM         69    442 PM  97    1956  77     -8       89
  MINIMUM         43    538 AM  33    1968  56    -13       64
  AVERAGE         56                        67    -11       77

PRECIPITATION (IN)
  YESTERDAY        0.00          2.58 1891   0.17  -0.17     0.00
  MONTH TO DATE    6.07                      3.32   2.75     0.84
  SINCE MAR 1      9.24                      9.34  -0.10     5.02
  SINCE JAN 1     11.23                     11.52  -0.29     6.68

SNOWFALL (IN)
  YESTERDAY        0.0           T    2011   0.0    0.0      0.0
                                      1973
  MONTH TO DATE    0.0                       0.0    0.0       T
  SINCE JAN 1      7.9                      11.3   -3.4     23.1
  SINCE JUL 1     10.3                      17.8   -7.5     27.4
  SNOW DEPTH       0

DEGREE DAYS
 HEATING
  YESTERDAY        9                         2      7        0
  MONTH TO DATE   75                        82     -7       96
  SINCE MAR 1    856                      1032   -176     1118
  SINCE JUL 1   4857                      4999   -142     5440

 COOLING
  YESTERDAY        0                         4     -4       12
  MONTH TO DATE   52                        51      1       94
  SINCE MAR 1     57                        79    -22      117
  SINCE JAN 1     57                        79    -22      117
..................................................................


WIND (MPH)
  HIGHEST WIND SPEED    14   HIGHEST WIND DIRECTION     N (360)
  HIGHEST GUST SPEED    17   HIGHEST GUST DIRECTION    NE (50)
  AVERAGE WIND SPEED     4.1


SKY COVER
  AVERAGE SKY COVER 0.2


WEATHER CONDITIONS
 THE FOLLOWING WEATHER WAS RECORDED YESTERDAY.
  FOG


RELATIVE HUMIDITY (PERCENT)
 HIGHEST   100           500 AM
 LOWEST     39           500 PM
 AVERAGE    70

..........................................................


THE TOPEKA KS CLIMATE NORMALS FOR TODAY
                         NORMAL    RECORD    YEAR
 MAXIMUM TEMPERATURE (F)   78        97      1975
 MINIMUM TEMPERATURE (F)   56        37      1963


SUNRISE AND SUNSET
MAY 22 2015...........SUNRISE   604 AM CDT   SUNSET   835 PM CDT
MAY 23 2015...........SUNRISE   604 AM CDT   SUNSET   835 PM CDT


-  INDICATES NEGATIVE NUMBERS.
R  INDICATES RECORD WAS SET OR TIED.
MM INDICATES DATA IS MISSING.
T  INDICATES TRACE AMOUNT.




$$
