000
CDUS43 KTOP 300632
CLITOP


CLIMATE REPORT
NATIONAL WEATHER SERVICE TOPEKA KS
132 AM CDT TUE SEP 30 2014


...................................

...THE TOPEKA KS CLIMATE SUMMARY FOR SEPTEMBER 29 2014...

CLIMATE NORMAL PERIOD 1981 TO 2010
CLIMATE RECORD PERIOD 1887 TO 2014


WEATHER ITEM   OBSERVED TIME   RECORD YEAR NORMAL DEPARTURE LAST
                VALUE   (LST)  VALUE       VALUE  FROM      YEAR
                                                  NORMAL
..................................................................
TEMPERATURE (F)
 YESTERDAY
  MAXIMUM         89    239 PM  95    1952  75     14       76
  MINIMUM         54    456 AM  32    1984  50      4       43
  AVERAGE         72                        63      9       60

PRECIPITATION (IN)
  YESTERDAY        0.00          2.07 1893   0.12  -0.12     0.00
  MONTH TO DATE    4.14                      3.55   0.59     3.27
  SINCE SEP 1      4.14                      3.55   0.59     3.27
  SINCE JAN 1     23.98                     30.12  -6.14    27.74

SNOWFALL (IN)
  YESTERDAY        0.0           0.0    MM   0.0    0.0      0.0
  MONTH TO DATE    0.0                       0.0    0.0      0.0
  SINCE JAN 1     23.1                      11.3   11.8     24.2
  SINCE JUL 1      T                         0.0    0.0      0.0
  SNOW DEPTH       0

DEGREE DAYS
 HEATING
  YESTERDAY        0                         5     -5        5
  MONTH TO DATE   49                        59    -10       12
  SINCE SEP 1     49                        59    -10       12
  SINCE JUL 1     49                        61    -12       12

 COOLING
  YESTERDAY        7                         3      4        0
  MONTH TO DATE  164                       163      1      255
  SINCE SEP 1    164                       163      1      255
  SINCE JAN 1   1574                      1391    183     1549
..................................................................


WIND (MPH)
  HIGHEST WIND SPEED    12   HIGHEST WIND DIRECTION     S (160)
  HIGHEST GUST SPEED    15   HIGHEST GUST DIRECTION     S (170)
  AVERAGE WIND SPEED     2.2


SKY COVER
  AVERAGE SKY COVER 0.1


WEATHER CONDITIONS
 THE FOLLOWING WEATHER WAS RECORDED YESTERDAY.
  FOG
  FOG W/VISIBILITY <= 1/4 MILE


RELATIVE HUMIDITY (PERCENT)
 HIGHEST   100           200 AM
 LOWEST     34           400 PM
 AVERAGE    67

..........................................................


THE TOPEKA KS CLIMATE NORMALS FOR TODAY
                         NORMAL    RECORD    YEAR
 MAXIMUM TEMPERATURE (F)   74        97      1938
 MINIMUM TEMPERATURE (F)   50        29      1984


SUNRISE AND SUNSET
SEPTEMBER 30 2014.....SUNRISE   718 AM CDT   SUNSET   707 PM CDT
OCTOBER  1 2014.......SUNRISE   719 AM CDT   SUNSET   705 PM CDT


-  INDICATES NEGATIVE NUMBERS.
R  INDICATES RECORD WAS SET OR TIED.
MM INDICATES DATA IS MISSING.
T  INDICATES TRACE AMOUNT.




$$
