000
CDUS43 KTOP 180633
CLITOP


CLIMATE REPORT
NATIONAL WEATHER SERVICE TOPEKA KS
1233 AM CST SAT NOV 18 2017


...................................

...THE TOPEKA KS CLIMATE SUMMARY FOR NOVEMBER 17 2017...

CLIMATE NORMAL PERIOD 1981 TO 2010
CLIMATE RECORD PERIOD 1887 TO 2017


WEATHER ITEM   OBSERVED TIME   RECORD YEAR NORMAL DEPARTURE LAST
                VALUE   (LST)  VALUE       VALUE  FROM      YEAR
                                                  NORMAL
..................................................................
TEMPERATURE (F)
 YESTERDAY
  MAXIMUM         74    404 PM  77    2016  54     20       77
  MINIMUM         53   1147 PM   5    1959  32     21       64
  AVERAGE         64                        43     21       71

PRECIPITATION (IN)
  YESTERDAY        0.00          2.08 1958   0.06  -0.06     0.00
  MONTH TO DATE    0.09                      1.16  -1.07     0.06
  SINCE SEP 1      4.81                      7.85  -3.04     9.16
  SINCE JAN 1     38.28                     34.42   3.86    42.05

SNOWFALL (IN)
  YESTERDAY        0.0           T    2015   0.0    0.0      0.0
                                      2010
                                      2009
  MONTH TO DATE    T                         0.3   -0.3      0.0
  SINCE JAN 1      3.9                      11.9   -8.0      3.7
  SINCE JUL 1      0.4                       0.6   -0.2       T
  SNOW DEPTH       0

DEGREE DAYS
 HEATING
  YESTERDAY        1                        22    -21        0
  MONTH TO DATE  354                       305     49      163
  SINCE SEP 1    609                       659    -50      319
  SINCE JUL 1    609                       661    -52      319

 COOLING
  YESTERDAY        0                         0      0        6
  MONTH TO DATE    0                         0      0       13
  SINCE SEP 1    283                       192     91      310
  SINCE JAN 1   1473                      1420     53     1711
..................................................................


WIND (MPH)
  HIGHEST WIND SPEED    18   HIGHEST WIND DIRECTION     S (200)
  HIGHEST GUST SPEED    25   HIGHEST GUST DIRECTION     S (190)
  AVERAGE WIND SPEED     8.7


SKY COVER
  AVERAGE SKY COVER 0.6


WEATHER CONDITIONS
 THE FOLLOWING WEATHER WAS RECORDED YESTERDAY.
  FOG


RELATIVE HUMIDITY (PERCENT)
 HIGHEST   100           600 AM
 LOWEST     54          1200 AM
 AVERAGE    77

..........................................................


THE TOPEKA KS CLIMATE NORMALS FOR TODAY
                         NORMAL    RECORD    YEAR
 MAXIMUM TEMPERATURE (F)   53        79      1976
                                             1908
 MINIMUM TEMPERATURE (F)   32         7      2014


SUNRISE AND SUNSET
NOVEMBER 18 2017......SUNRISE   709 AM CST   SUNSET   506 PM CST
NOVEMBER 19 2017......SUNRISE   710 AM CST   SUNSET   505 PM CST


-  INDICATES NEGATIVE NUMBERS.
R  INDICATES RECORD WAS SET OR TIED.
MM INDICATES DATA IS MISSING.
T  INDICATES TRACE AMOUNT.




$$
