000
CDUS45 KCYS 300737
CLITOR


CLIMATE REPORT
NATIONAL WEATHER SERVICE CHEYENNE WY
1236 AM MST FRI JAN 30 2015


...................................

...THE TORRINGTON WY AIRPORT CLIMATE SUMMARY FOR JANUARY 29 2015...

CLIMATE NORMAL PERIOD 1981 TO 2010
CLIMATE RECORD PERIOD 1998 TO 2015


WEATHER ITEM   OBSERVED TIME   RECORD YEAR NORMAL DEPARTURE LAST
                VALUE   (LST)  VALUE       VALUE  FROM      YEAR
                                                  NORMAL
..................................................................
TEMPERATURE (F)
 YESTERDAY
  MAXIMUM         48    329 PM  55    2012  43      5       54
  MINIMUM         25   1158 PM   3    1999  15     10       10
  AVERAGE         37                        29      8       32

PRECIPITATION (IN)
  YESTERDAY        0.00          0.02 2013   0.01  -0.01     0.01
  MONTH TO DATE    0.01                      0.24  -0.23     0.15
  SINCE JAN 1      0.01                      0.24  -0.23     0.15

DEGREE DAYS
 HEATING
  YESTERDAY       28                        36     -8       33
  MONTH TO DATE  931                      1067   -136     1011
  SINCE DEC 1   2115                      2240   -125     2208
  SINCE JUL 1   3647                      3823   -176     3777

 COOLING
  YESTERDAY        0                         0      0        0
  MONTH TO DATE    0                         0      0        0
  SINCE DEC 1      0                         0      0        0
  SINCE JAN 1      0                         0      0        0
..................................................................


WIND (MPH)
  HIGHEST WIND SPEED    18   HIGHEST WIND DIRECTION    NW (320)
  HIGHEST GUST SPEED    23   HIGHEST GUST DIRECTION    NW (320)
  AVERAGE WIND SPEED     7.5


SKY COVER
  AVERAGE SKY COVER 0.1


WEATHER CONDITIONS
 THE FOLLOWING WEATHER WAS RECORDED YESTERDAY.
  NO SIGNIFICANT WEATHER WAS OBSERVED.


RELATIVE HUMIDITY (PERCENT)
 HIGHEST    78           500 AM
 LOWEST     29           300 PM
 AVERAGE    54

..........................................................


THE TORRINGTON WY AIRPORT CLIMATE NORMALS FOR TODAY
                         NORMAL    RECORD    YEAR
 MAXIMUM TEMPERATURE (F)   43        60      2003
 MINIMUM TEMPERATURE (F)   15         0      2013
                                             2007


SUNRISE AND SUNSET
JANUARY 30 2015.......SUNRISE   712 AM MST   SUNSET   509 PM MST
JANUARY 31 2015.......SUNRISE   711 AM MST   SUNSET   510 PM MST


-  INDICATES NEGATIVE NUMBERS.
R  INDICATES RECORD WAS SET OR TIED.
MM INDICATES DATA IS MISSING.
T  INDICATES TRACE AMOUNT.




$$
