000
CDUS45 KCYS 300731
CLITOR


CLIMATE REPORT
NATIONAL WEATHER SERVICE CHEYENNE WY
130 AM MDT SAT MAY 30 2015


...................................

...THE TORRINGTON WY AIRPORT CLIMATE SUMMARY FOR MAY 29 2015...

CLIMATE NORMAL PERIOD 1981 TO 2010
CLIMATE RECORD PERIOD 1998 TO 2015


WEATHER ITEM   OBSERVED TIME   RECORD YEAR NORMAL DEPARTURE LAST
                VALUE   (LST)  VALUE       VALUE  FROM      YEAR
                                                  NORMAL
..................................................................
TEMPERATURE (F)
 YESTERDAY
  MAXIMUM         56   1232 AM 100    2003  75    -19       91
  MINIMUM         45    846 PM  35    2012  46     -1       56
  AVERAGE         51                        60     -9       74

PRECIPITATION (IN)
  YESTERDAY        0.25R         0.25 2011   0.13   0.12     0.00
  MONTH TO DATE    6.68                      2.19   4.49     4.85
  SINCE JAN 1     10.78                      5.20   5.58     7.59

DEGREE DAYS
 HEATING
  YESTERDAY       14                         6      8        0
  MONTH TO DATE  382                       268    114      300
  SINCE MAR 1   1540                      1656   -116     1694
  SINCE JUL 1   6254                      6500   -246     6809

 COOLING
  YESTERDAY        0                         1     -1        9
  MONTH TO DATE    0                         7     -7       14
  SINCE MAR 1      0                         8     -8       14
  SINCE JAN 1      0                         8     -8       14
..................................................................


WIND (MPH)
  HIGHEST WIND SPEED    22   HIGHEST WIND DIRECTION     W (290)
  HIGHEST GUST SPEED    27   HIGHEST GUST DIRECTION     W (280)
  AVERAGE WIND SPEED     8.9


SKY COVER
  AVERAGE SKY COVER 0.8


WEATHER CONDITIONS
 THE FOLLOWING WEATHER WAS RECORDED YESTERDAY.
  THUNDERSTORM
  RAIN
  LIGHT RAIN
  FOG


RELATIVE HUMIDITY (PERCENT)
 HIGHEST    93           700 AM
 LOWEST     77          1200 AM
 AVERAGE    85

..........................................................


THE TORRINGTON WY AIRPORT CLIMATE NORMALS FOR TODAY
                         NORMAL    RECORD    YEAR
 MAXIMUM TEMPERATURE (F)   75        96      2002
 MINIMUM TEMPERATURE (F)   46        37      2004


SUNRISE AND SUNSET
MAY 30 2015...........SUNRISE   524 AM MDT   SUNSET   824 PM MDT
MAY 31 2015...........SUNRISE   524 AM MDT   SUNSET   825 PM MDT


-  INDICATES NEGATIVE NUMBERS.
R  INDICATES RECORD WAS SET OR TIED.
MM INDICATES DATA IS MISSING.
T  INDICATES TRACE AMOUNT.




$$
