000
CDUS45 KCYS 250726
CLITOR


CLIMATE REPORT
NATIONAL WEATHER SERVICE CHEYENNE WY
126 AM MDT MON JUL 25 2016


...................................

...THE TORRINGTON WY AIRPORT CLIMATE SUMMARY FOR JULY 24 2016...

CLIMATE NORMAL PERIOD 1981 TO 2010
CLIMATE RECORD PERIOD 1998 TO 2016


WEATHER ITEM   OBSERVED TIME   RECORD YEAR NORMAL DEPARTURE LAST
                VALUE   (LST)  VALUE       VALUE  FROM      YEAR
                                                  NORMAL
..................................................................
TEMPERATURE (F)
 YESTERDAY
  MAXIMUM         87    214 PM 105    2003  91     -4       92
  MINIMUM         61   1146 PM  50    2004  59      2       55
  AVERAGE         74                        75     -1       74

PRECIPITATION (IN)
  YESTERDAY        0.01          0.40 2009   0.07  -0.06     0.00
  MONTH TO DATE    0.15                      1.40  -1.25     1.92
  SINCE JAN 1      8.28                      9.29  -1.01    15.43

DEGREE DAYS
 HEATING
  YESTERDAY        0                         0      0        0
  MONTH TO DATE    0                         0      0        8
  SINCE JUN 1      7                        75    -68       11
  SINCE JUL 1      0                         0      0        8

 COOLING
  YESTERDAY        9                        10     -1        9
  MONTH TO DATE  259                       213     46      168
  SINCE JUN 1    492                       329    163      318
  SINCE JAN 1    492                       347    145      318
..................................................................


WIND (MPH)
  HIGHEST WIND SPEED    26   HIGHEST WIND DIRECTION     E (110)
  HIGHEST GUST SPEED    35   HIGHEST GUST DIRECTION    SE (120)
  AVERAGE WIND SPEED    14.6


SKY COVER
  AVERAGE SKY COVER 0.0


WEATHER CONDITIONS
 THE FOLLOWING WEATHER WAS RECORDED YESTERDAY.
  LIGHT RAIN


RELATIVE HUMIDITY (PERCENT)
 HIGHEST    73           500 AM
 LOWEST     26           100 PM
 AVERAGE    50

..........................................................


THE TORRINGTON WY AIRPORT CLIMATE NORMALS FOR TODAY
                         NORMAL    RECORD    YEAR
 MAXIMUM TEMPERATURE (F)   91       105      2003
 MINIMUM TEMPERATURE (F)   59        49      2004


SUNRISE AND SUNSET
JULY 25 2016..........SUNRISE   544 AM MDT   SUNSET   822 PM MDT
JULY 26 2016..........SUNRISE   545 AM MDT   SUNSET   821 PM MDT


-  INDICATES NEGATIVE NUMBERS.
R  INDICATES RECORD WAS SET OR TIED.
MM INDICATES DATA IS MISSING.
T  INDICATES TRACE AMOUNT.




$$
