847
CDUS42 KTBW 172216
CLITPA


CLIMATE REPORT
NATIONAL WEATHER SERVICE TAMPA BAY FL
514 PM EST SUN DEC 17 2017


...................................

...THE TAMPA CLIMATE SUMMARY FOR DECEMBER 17 2017...
VALID TODAY AS OF 0500 PM LOCAL TIME.

CLIMATE NORMAL PERIOD 1981 TO 2010
CLIMATE RECORD PERIOD 1890 TO 2017


WEATHER ITEM   OBSERVED TIME   RECORD YEAR NORMAL DEPARTURE LAST
                VALUE   (LST)  VALUE       VALUE  FROM      YEAR
                                                  NORMAL
..................................................................
TEMPERATURE (F)
 TODAY
  MAXIMUM         79    349 PM  85    1956  72      7       83
  MINIMUM         58    738 AM  27    1968  54      4       66
  AVERAGE         69                        63      6       75

PRECIPITATION (IN)
  TODAY            0.00          1.94 1911   0.08  -0.08     0.00
  MONTH TO DATE    0.75                      1.31  -0.56     0.41
  SINCE DEC 1      0.75                      1.31  -0.56     0.41
  SINCE JAN 1     44.22                     45.14  -0.92    52.54

DEGREE DAYS
 HEATING
  TODAY            0                         5     -5        0
  MONTH TO DATE   43                        63    -20       12
  SINCE DEC 1     43                        63    -20       12
  SINCE JUL 1     51                       107    -56       27

 COOLING
  TODAY            4                         2      2       10
  MONTH TO DATE   78                        50     28       93
  SINCE DEC 1     78                        50     28       93
  SINCE JAN 1   4363                      3580    783     4066
..................................................................


WIND (MPH)
  RESULTANT WIND SPEED   2   RESULTANT WIND DIRECTION   E (100)
  HIGHEST WIND SPEED    10   HIGHEST WIND DIRECTION    SE (150)
  HIGHEST GUST SPEED    14   HIGHEST GUST DIRECTION     S (200)
  AVERAGE WIND SPEED     5.4


SKY COVER
  POSSIBLE SUNSHINE  MM
  AVERAGE SKY COVER 0.4


WEATHER CONDITIONS
 THE FOLLOWING WEATHER WAS RECORDED TODAY.
  NO SIGNIFICANT WEATHER WAS OBSERVED.


RELATIVE HUMIDITY (PERCENT)
 HIGHEST    86           600 AM
 LOWEST     54           100 PM

..........................................................


THE TAMPA CLIMATE NORMALS FOR TOMORROW
                         NORMAL    RECORD    YEAR
 MAXIMUM TEMPERATURE (F)   72        84      2016
                                             1933
 MINIMUM TEMPERATURE (F)   54        30      1973


SUNRISE AND SUNSET
DECEMBER 17 2017......SUNRISE   715 AM EST   SUNSET   538 PM EST
DECEMBER 18 2017......SUNRISE   716 AM EST   SUNSET   538 PM EST


-  INDICATES NEGATIVE NUMBERS.
R  INDICATES RECORD WAS SET OR TIED.
MM INDICATES DATA IS MISSING.
T  INDICATES TRACE AMOUNT.




$$


&&
------------------------------------------------------------------
******************** SUPPLEMENTAL DATA ***************************

...RUSKIN                HIGH 81    LOW 56    PCPN 0.00
...SARASOTA/BRADENTON    HIGH 79    LOW 57    PCPN 0.00
...LAKELAND*             HIGH 80    LOW 52    PCPN 0.00
...ST. PETERSBURG        HIGH 77    LOW 61    PCPN 0.00
...GULF WATER TEMPERATURE AT CLEARWATER BEACH 64 DEGREES

*LAKELAND DATA IS FROM 4:30 PM SATURDAY TO 4:30 PM SUNDAY
AND MAY REFLECT YESTERDAYS RAINFALL AND HIGH TEMPERATURE.
