000
CDUS42 KTBW 210838
CLITPA


CLIMATE REPORT
NATIONAL WEATHER SERVICE TAMPA BAY FL
435 AM EDT THU SEP 21 2017


...................................

...THE TAMPA CLIMATE SUMMARY FOR SEPTEMBER 20 2017...

CLIMATE NORMAL PERIOD 1981 TO 2010
CLIMATE RECORD PERIOD 1890 TO 2017


WEATHER ITEM   OBSERVED TIME   RECORD YEAR NORMAL DEPARTURE LAST
                VALUE   (LST)  VALUE       VALUE  FROM      YEAR
                                                  NORMAL
..................................................................
TEMPERATURE (F)
 YESTERDAY
  MAXIMUM         94R   216 PM  94    1991  89      5       91
                                      1974
                                      1972
  MINIMUM         75    542 AM  58    1981  74      1       78
  AVERAGE         85                        81      4       85

PRECIPITATION (IN)
  YESTERDAY        0.00          4.06 1962   0.20  -0.20     0.02
  MONTH TO DATE    6.46                      4.66   1.80     3.44
  SINCE SEP 1      6.46                      4.66   1.80     3.44
  SINCE JAN 1     40.08                     38.38   1.70    49.87

DEGREE DAYS
 HEATING
  YESTERDAY        0                         0      0        0
  MONTH TO DATE    0                         0      0        0
  SINCE SEP 1      0                         0      0        0
  SINCE JUL 1      0                         0      0        0

 COOLING
  YESTERDAY       20                        16      4       20
  MONTH TO DATE  364                       347     17      384
  SINCE SEP 1    364                       347     17      384
  SINCE JAN 1   3446                      2862    584     3170
..................................................................


WIND (MPH)
  RESULTANT WIND SPEED   4   RESULTANT WIND DIRECTION  NE (60)
  HIGHEST WIND SPEED    12   HIGHEST WIND DIRECTION     E (90)
  HIGHEST GUST SPEED    18   HIGHEST GUST DIRECTION     E (110)
  AVERAGE WIND SPEED     5.3


SKY COVER
  POSSIBLE SUNSHINE  MM
  AVERAGE SKY COVER 0.2


WEATHER CONDITIONS
 THE FOLLOWING WEATHER WAS RECORDED YESTERDAY.
  NO SIGNIFICANT WEATHER WAS OBSERVED.


RELATIVE HUMIDITY (PERCENT)
 HIGHEST    87           400 AM
 LOWEST     41           300 PM
 AVERAGE    64

..........................................................


THE TAMPA CLIMATE NORMALS FOR TODAY
                         NORMAL    RECORD    YEAR
 MAXIMUM TEMPERATURE (F)   89        95      1990
                                             1960
                                             1942
 MINIMUM TEMPERATURE (F)   74        59      1897


SUNRISE AND SUNSET
SEPTEMBER 21 2017.....SUNRISE   718 AM EDT   SUNSET   727 PM EDT
SEPTEMBER 22 2017.....SUNRISE   719 AM EDT   SUNSET   726 PM EDT


-  INDICATES NEGATIVE NUMBERS.
R  INDICATES RECORD WAS SET OR TIED.
MM INDICATES DATA IS MISSING.
T  INDICATES TRACE AMOUNT.




$$


&&

------------------------------------------------------------------
******************** SUPPLEMENTAL DATA ***************************

...RUSKIN                HIGH 92    LOW 71    PCPN 0.00
...SARASOTA/BRADENTON    HIGH 92    LOW 73    PCPN 0.04
...ST. PETERSBURG        HIGH 91    LOW 79    PCPN 0.00

...GULF WATER TEMPERATURE AT CLEARWATER BEACH 84 DEGREES

&&
