000
CDUS42 KTBW 010932
CLITPA


CLIMATE REPORT
NATIONAL WEATHER SERVICE TAMPA BAY FL
430 AM EST SUN FEB 1 2015


...................................

...THE TAMPA CLIMATE SUMMARY FOR JANUARY 31 2015...

CLIMATE NORMAL PERIOD 1981 TO 2010
CLIMATE RECORD PERIOD 1890 TO 2015


WEATHER ITEM   OBSERVED TIME   RECORD YEAR NORMAL DEPARTURE LAST
                VALUE   (LST)  VALUE       VALUE  FROM      YEAR
                                                  NORMAL
..................................................................
TEMPERATURE (F)
 YESTERDAY
  MAXIMUM         73    309 PM  86    2002  71      2       60
  MINIMUM         46    731 AM  24    1966  53     -7       49
  AVERAGE         60                        62     -2       55

PRECIPITATION (IN)
  YESTERDAY        0.00          0.97 1926   0.08  -0.08     0.63
  MONTH TO DATE    1.75                      2.23  -0.48     3.14
  SINCE DEC 1      3.32                      4.70  -1.38     3.95
  SINCE JAN 1      1.75                      2.23  -0.48     3.14

DEGREE DAYS
 HEATING
  YESTERDAY        5                         5      0       10
  MONTH TO DATE  127                       180    -53      256
  SINCE DEC 1    216                       321   -105      288
  SINCE JUL 1    304                       365    -61      318

 COOLING
  YESTERDAY        0                         2     -2        0
  MONTH TO DATE   56                        50      6       21
  SINCE DEC 1    151                       130     21      171
  SINCE JAN 1     56                        50      6       21
..................................................................


WIND (MPH)
  RESULTANT WIND SPEED   7   RESULTANT WIND DIRECTION  NE (60)
  HIGHEST WIND SPEED    12   HIGHEST WIND DIRECTION     E (90)
  HIGHEST GUST SPEED    18   HIGHEST GUST DIRECTION    SE (120)
  AVERAGE WIND SPEED     7.8


SKY COVER
  POSSIBLE SUNSHINE  MM
  AVERAGE SKY COVER 0.6


WEATHER CONDITIONS
 THE FOLLOWING WEATHER WAS RECORDED YESTERDAY.
  NO SIGNIFICANT WEATHER WAS OBSERVED.


RELATIVE HUMIDITY (PERCENT)
 HIGHEST    61           800 AM
 LOWEST     38           200 PM
 AVERAGE    50

..........................................................


THE TAMPA CLIMATE NORMALS FOR TODAY
                         NORMAL    RECORD    YEAR
 MAXIMUM TEMPERATURE (F)   71        85      1990
 MINIMUM TEMPERATURE (F)   53        27      1909


SUNRISE AND SUNSET
FEBRUARY  1 2015......SUNRISE   717 AM EST   SUNSET   610 PM EST
FEBRUARY  2 2015......SUNRISE   717 AM EST   SUNSET   611 PM EST


-  INDICATES NEGATIVE NUMBERS.
R  INDICATES RECORD WAS SET OR TIED.
MM INDICATES DATA IS MISSING.
T  INDICATES TRACE AMOUNT.




$$


&&
------------------------------------------------------------------
******************** SUPPLEMENTAL DATA ***************************

...RUSKIN                HIGH 74    LOW 44    PCPN 0.00
...SARASOTA/BRADENTON    HIGH 73    LOW 46    PCPN 0.00
...ST. PETERSBURG        HIGH 69    LOW 53    PCPN 0.00
...GULF WATER TEMPERATURE AT CLEARWATER BEACH 60.
