000
CDUS42 KTBW 202228
CLITPA


CLIMATE REPORT
NATIONAL WEATHER SERVICE TAMPA BAY FL
526 PM EST THU NOV 20 2014


...................................

...THE TAMPA CLIMATE SUMMARY FOR NOVEMBER 20 2014...
VALID TODAY AS OF 0500 PM LOCAL TIME.

CLIMATE NORMAL PERIOD 1981 TO 2010
CLIMATE RECORD PERIOD 1890 TO 2014


WEATHER ITEM   OBSERVED TIME   RECORD YEAR NORMAL DEPARTURE LAST
                VALUE   (LST)  VALUE       VALUE  FROM      YEAR
                                                  NORMAL
..................................................................
TEMPERATURE (F)
 TODAY
  MAXIMUM         66    309 PM  86    2011  77    -11       81
  MINIMUM         45    713 AM  35    1914  59    -14       64
  AVERAGE         56                        68    -12       73

PRECIPITATION (IN)
  TODAY            0.00          1.67 1952   0.04  -0.04      T
  MONTH TO DATE    1.43                      1.00   0.43     0.77
  SINCE SEP 1     12.52                      9.56   2.96     8.96
  SINCE JAN 1     52.47                     43.28   9.19    51.48

DEGREE DAYS
 HEATING
  TODAY            9                         2      7        0
  MONTH TO DATE   62                        20     42        5
  SINCE SEP 1     62                        24     38        5
  SINCE JUL 1     62                        24     38        5

 COOLING
  TODAY            0                         5     -5        8
  MONTH TO DATE   38                       123    -85      150
  SINCE SEP 1    871                       974   -103     1054
  SINCE JAN 1   3388                      3489   -101     3691
..................................................................


WIND (MPH)
  RESULTANT WIND SPEED   7   RESULTANT WIND DIRECTION  NE (30)
  HIGHEST WIND SPEED    14   HIGHEST WIND DIRECTION     N (360)
  HIGHEST GUST SPEED    18   HIGHEST GUST DIRECTION    NW (320)
  AVERAGE WIND SPEED     7.5


SKY COVER
  POSSIBLE SUNSHINE  MM
  AVERAGE SKY COVER 0.8


WEATHER CONDITIONS
 THE FOLLOWING WEATHER WAS RECORDED TODAY.
  NO SIGNIFICANT WEATHER WAS OBSERVED.


RELATIVE HUMIDITY (PERCENT)
 HIGHEST    77          1200 AM
 LOWEST     26           300 PM

..........................................................


THE TAMPA CLIMATE NORMALS FOR TOMORROW
                         NORMAL    RECORD    YEAR
 MAXIMUM TEMPERATURE (F)   77        86      2011
                                             1948
 MINIMUM TEMPERATURE (F)   59        32      1914


SUNRISE AND SUNSET
NOVEMBER 20 2014......SUNRISE   656 AM EST   SUNSET   536 PM EST
NOVEMBER 21 2014......SUNRISE   656 AM EST   SUNSET   535 PM EST


-  INDICATES NEGATIVE NUMBERS.
R  INDICATES RECORD WAS SET OR TIED.
MM INDICATES DATA IS MISSING.
T  INDICATES TRACE AMOUNT.

$$


&&
------------------------------------------------------------------
******************** SUPPLEMENTAL DATA ***************************

...RUSKIN                HIGH 67    LOW 43    PCPN 0.00
...SARASOTA/BRADENTON    HIGH 68    LOW 46    PCPN 0.00
...LAKELAND              HIGH 64    LOW 42    PCPN 0.00
...ST. PETERSBURG        HIGH 64    LOW 50    PCPN 0.00
...GULF WATER TEMPERATURE AT CLEARWATER BEACH 59
