000
CDUS42 KTBW 200829
CLITPA


CLIMATE REPORT
NATIONAL WEATHER SERVICE TAMPA BAY FL
427 AM EDT MON OCT 20 2014


...................................

...THE TAMPA CLIMATE SUMMARY FOR OCTOBER 19 2014...

CLIMATE NORMAL PERIOD 1981 TO 2010
CLIMATE RECORD PERIOD 1890 TO 2014


WEATHER ITEM   OBSERVED TIME   RECORD YEAR NORMAL DEPARTURE LAST
                VALUE   (LST)  VALUE       VALUE  FROM      YEAR
                                                  NORMAL
..................................................................
TEMPERATURE (F)
 YESTERDAY
  MAXIMUM         85    321 PM  89    2007  84      1       87
                                      1993
                                      1987
  MINIMUM         65    508 AM  48    2009  67     -2       76
  AVERAGE         75                        75      0       82

PRECIPITATION (IN)
  YESTERDAY        0.00          3.61 1944   0.06  -0.06     0.00
  MONTH TO DATE    1.52                      1.61  -0.09     0.70
  SINCE SEP 1     11.09                      7.91   3.18     8.07
  SINCE JAN 1     51.04                     41.63   9.41    50.59

DEGREE DAYS
 HEATING
  YESTERDAY        0                         0      0        0
  MONTH TO DATE    0                         0      0        0
  SINCE SEP 1      0                         0      0        0
  SINCE JUL 1      0                         0      0        0

 COOLING
  YESTERDAY       10                        11     -1       17
  MONTH TO DATE  243                       241      2      277
  SINCE SEP 1    732                       742    -10      792
  SINCE JAN 1   3249                      3257     -8     3429
..................................................................


WIND (MPH)
  RESULTANT WIND SPEED   3   RESULTANT WIND DIRECTION   E (70)
  HIGHEST WIND SPEED    12   HIGHEST WIND DIRECTION     N (360)
  HIGHEST GUST SPEED    15   HIGHEST GUST DIRECTION     N (20)
  AVERAGE WIND SPEED     3.3


SKY COVER
  POSSIBLE SUNSHINE  MM
  AVERAGE SKY COVER 0.3


WEATHER CONDITIONS
 THE FOLLOWING WEATHER WAS RECORDED YESTERDAY.
  HAZE


RELATIVE HUMIDITY (PERCENT)
 HIGHEST    87           200 AM
 LOWEST     43           500 PM
 AVERAGE    65

..........................................................


THE TAMPA CLIMATE NORMALS FOR TODAY
                         NORMAL    RECORD    YEAR
 MAXIMUM TEMPERATURE (F)   84        91      1993
 MINIMUM TEMPERATURE (F)   67        45      1964


SUNRISE AND SUNSET
OCTOBER 20 2014.......SUNRISE   733 AM EDT   SUNSET   656 PM EDT
OCTOBER 21 2014.......SUNRISE   734 AM EDT   SUNSET   655 PM EDT


-  INDICATES NEGATIVE NUMBERS.
R  INDICATES RECORD WAS SET OR TIED.
MM INDICATES DATA IS MISSING.
T  INDICATES TRACE AMOUNT.




$$


&&
------------------------------------------------------------------
******************** SUPPLEMENTAL DATA ***************************

...RUSKIN                HIGH 85    LOW 62    PCPN 0.00
...SARASOTA/BRADENTON    HIGH 85    LOW 62    PCPN 0.00
...ST. PETERSBURG        HIGH 84    LOW 71    PCPN 0.00
...GULF WATER TEMPERATURE AT CLEARWATER BEACH 78 DEGREES
