000
CDUS45 KLKN 280928
CLITPH


CLIMATE REPORT
NATIONAL WEATHER SERVICE ELKO NV
228 AM PDT SAT MAY 28 2016


...................................

...THE TONOPAH AIRPORT NV CLIMATE SUMMARY FOR MAY 27 2016...

CLIMATE NORMAL PERIOD 1981 TO 2010
CLIMATE RECORD PERIOD 1954 TO 2016


WEATHER ITEM   OBSERVED TIME   RECORD YEAR NORMAL DEPARTURE LAST
                VALUE   (LST)  VALUE       VALUE  FROM      YEAR
                                                  NORMAL
..................................................................
TEMPERATURE (F)
 YESTERDAY
  MAXIMUM         75    409 PM  94    2003  78     -3       82
  MINIMUM         43    445 AM  29    1998  46     -3       51
  AVERAGE         59                        62     -3       67

PRECIPITATION (IN)
  YESTERDAY        0.00          0.48 1996   0.02  -0.02      T
  MONTH TO DATE    0.31                      0.46  -0.15     1.24
  SINCE OCT 1      5.54                      3.55   1.99     2.29
  SINCE JAN 1      2.16                      2.46  -0.30     1.81

DEGREE DAYS
 HEATING
  YESTERDAY        6                         5      1        0
  MONTH TO DATE  229                       204     25      241
  SINCE MAR 1   1208                      1355   -147     1127
  SINCE JUL 1   5135                      5397   -262     4249

 COOLING
  YESTERDAY        0                         2     -2        2
  MONTH TO DATE    1                        16    -15        2
  SINCE MAR 1      1                        17    -16        2
  SINCE JAN 1      1                        17    -16        2
..................................................................


WIND (MPH)
  HIGHEST WIND SPEED    28   HIGHEST WIND DIRECTION    NW (330)
  HIGHEST GUST SPEED    35   HIGHEST GUST DIRECTION    NW (330)
  AVERAGE WIND SPEED    10.5



WEATHER CONDITIONS
 THE FOLLOWING WEATHER WAS RECORDED YESTERDAY.
  NO SIGNIFICANT WEATHER WAS OBSERVED.


RELATIVE HUMIDITY (PERCENT)
 HIGHEST    62           400 AM
 LOWEST     14           200 PM
 AVERAGE    38

..........................................................


THE TONOPAH AIRPORT NV CLIMATE NORMALS FOR TODAY
                         NORMAL    RECORD    YEAR
 MAXIMUM TEMPERATURE (F)   78        96      2003
 MINIMUM TEMPERATURE (F)   46        30      1971


SUNRISE AND SUNSET
MAY 28 2016...........SUNRISE   529 AM PDT   SUNSET   803 PM PDT
MAY 29 2016...........SUNRISE   528 AM PDT   SUNSET   804 PM PDT


-  INDICATES NEGATIVE NUMBERS.
R  INDICATES RECORD WAS SET OR TIED.
MM INDICATES DATA IS MISSING.
T  INDICATES TRACE AMOUNT.




$$
