000
CDUS45 KLKN 250945
CLITPH


CLIMATE REPORT
NATIONAL WEATHER SERVICE ELKO NV
243 AM PDT SAT MAR 25 2017


...................................

...THE TONOPAH AIRPORT NV CLIMATE SUMMARY FOR MARCH 24 2017...

CLIMATE NORMAL PERIOD 1981 TO 2010
CLIMATE RECORD PERIOD 1954 TO 2017


WEATHER ITEM   OBSERVED TIME   RECORD YEAR NORMAL DEPARTURE LAST
                VALUE   (LST)  VALUE       VALUE  FROM      YEAR
                                                  NORMAL
..................................................................
TEMPERATURE (F)
 YESTERDAY
  MAXIMUM         62    442 PM  75    1960  59      3       64
  MINIMUM         30    557 AM  10    2011  30      0       28
  AVERAGE         46                        44      2       46

PRECIPITATION (IN)
  YESTERDAY        0.03          0.14 1994   0.02   0.01     0.00
  MONTH TO DATE    0.11                      0.47  -0.36     0.38
  SINCE OCT 1      1.62                      2.57  -0.95     4.83
  SINCE JAN 1      1.09                      1.48  -0.39     1.45

DEGREE DAYS
 HEATING
  YESTERDAY       19                        21     -2       19
  MONTH TO DATE  394                       546   -152      442
  SINCE MAR 1    394                       546   -152      442
  SINCE JUL 1   4259                      4588   -329     4369

 COOLING
  YESTERDAY        0                         0      0        0
  MONTH TO DATE    0                         0      0        0
  SINCE MAR 1      0                         0      0        0
  SINCE JAN 1      0                         0      0        0
..................................................................


WIND (MPH)
  HIGHEST WIND SPEED    28   HIGHEST WIND DIRECTION     S (190)
  HIGHEST GUST SPEED    34   HIGHEST GUST DIRECTION     S (200)
  AVERAGE WIND SPEED    13.9



WEATHER CONDITIONS
 THE FOLLOWING WEATHER WAS RECORDED YESTERDAY.
  RAIN
  LIGHT RAIN


RELATIVE HUMIDITY (PERCENT)
 HIGHEST    72           300 AM
 LOWEST     19           300 PM
 AVERAGE    46

..........................................................


THE TONOPAH AIRPORT NV CLIMATE NORMALS FOR TODAY
                         NORMAL    RECORD    YEAR
 MAXIMUM TEMPERATURE (F)   59        77      1960
 MINIMUM TEMPERATURE (F)   30        16      1964


SUNRISE AND SUNSET
MARCH 25 2017.........SUNRISE   644 AM PDT   SUNSET   705 PM PDT
MARCH 26 2017.........SUNRISE   642 AM PDT   SUNSET   706 PM PDT


-  INDICATES NEGATIVE NUMBERS.
R  INDICATES RECORD WAS SET OR TIED.
MM INDICATES DATA IS MISSING.
T  INDICATES TRACE AMOUNT.




$$
