000
CDUS45 KLKN 290934
CLITPH


CLIMATE REPORT
NATIONAL WEATHER SERVICE ELKO NV
233 AM PDT SAT APR 29 2017


...................................

...THE TONOPAH AIRPORT NV CLIMATE SUMMARY FOR APRIL 28 2017...

CLIMATE NORMAL PERIOD 1981 TO 2010
CLIMATE RECORD PERIOD 1954 TO 2017


WEATHER ITEM   OBSERVED TIME   RECORD YEAR NORMAL DEPARTURE LAST
                VALUE   (LST)  VALUE       VALUE  FROM      YEAR
                                                  NORMAL
..................................................................
TEMPERATURE (F)
 YESTERDAY
  MAXIMUM         54    316 PM  85    1992  68    -14       56
  MINIMUM         34   1112 PM  20    1984  38     -4       37
  AVERAGE         44                        53     -9       47

PRECIPITATION (IN)
  YESTERDAY        T             0.74 1978   0.01  -0.01      T
  MONTH TO DATE    0.17                      0.39  -0.22     0.29
  SINCE OCT 1      1.99                      3.06  -1.07     5.18
  SINCE JAN 1      1.46                      1.97  -0.51     1.80

DEGREE DAYS
 HEATING
  YESTERDAY       21                        12      9       18
  MONTH TO DATE  395                       443    -48      354
  SINCE MAR 1    926                      1128   -202      951
  SINCE JUL 1   4791                      5170   -379     4878

 COOLING
  YESTERDAY        0                         0      0        0
  MONTH TO DATE    0                         0      0        0
  SINCE MAR 1      0                         0      0        0
  SINCE JAN 1      0                         0      0        0
..................................................................


WIND (MPH)
  HIGHEST WIND SPEED    29   HIGHEST WIND DIRECTION     N (10)
  HIGHEST GUST SPEED    42   HIGHEST GUST DIRECTION    NW (320)
  AVERAGE WIND SPEED    16.1



WEATHER CONDITIONS
 THE FOLLOWING WEATHER WAS RECORDED YESTERDAY.
  NO SIGNIFICANT WEATHER WAS OBSERVED.


RELATIVE HUMIDITY (PERCENT)
 HIGHEST    47          1100 PM
 LOWEST     17           400 PM
 AVERAGE    32

..........................................................


THE TONOPAH AIRPORT NV CLIMATE NORMALS FOR TODAY
                         NORMAL    RECORD    YEAR
 MAXIMUM TEMPERATURE (F)   69        84      2007
                                             1981
 MINIMUM TEMPERATURE (F)   38        25      1984


SUNRISE AND SUNSET
APRIL 29 2017.........SUNRISE   554 AM PDT   SUNSET   738 PM PDT
APRIL 30 2017.........SUNRISE   553 AM PDT   SUNSET   739 PM PDT


-  INDICATES NEGATIVE NUMBERS.
R  INDICATES RECORD WAS SET OR TIED.
MM INDICATES DATA IS MISSING.
T  INDICATES TRACE AMOUNT.




$$
