000
CDUS45 KLKN 100933
CLITPH


CLIMATE REPORT
NATIONAL WEATHER SERVICE ELKO NV
233 AM PDT THU JUL 10 2014


...................................

...THE TONOPAH AIRPORT NV CLIMATE SUMMARY FOR JULY 9 2014...

CLIMATE NORMAL PERIOD 1981 TO 2010
CLIMATE RECORD PERIOD 1954 TO 2014


WEATHER ITEM   OBSERVED TIME   RECORD YEAR NORMAL DEPARTURE LAST
                VALUE   (LST)  VALUE       VALUE  FROM      YEAR
                                                  NORMAL
..................................................................
TEMPERATURE (F)
 YESTERDAY
  MAXIMUM         88    416 PM 102    2002  92     -4       95
  MINIMUM         65    538 AM  44    2000  57      8       58
  AVERAGE         77                        74      3       77

PRECIPITATION (IN)
  YESTERDAY        T             0.17 2001   0.01  -0.01     0.00
  MONTH TO DATE    0.22                      0.07   0.15     0.05
  SINCE OCT 1      1.60                      3.97  -2.37     2.22
  SINCE JAN 1      1.14                      2.88  -1.74     1.00

DEGREE DAYS
 HEATING
  YESTERDAY        0                         0      0        0
  MONTH TO DATE    0                         0      0        0
  SINCE JUN 1     15                        50    -35        3
  SINCE JUL 1      0                         0      0        0

 COOLING
  YESTERDAY       12                         9      3       12
  MONTH TO DATE  120                        78     42      146
  SINCE JUN 1    336                       223    113      398
  SINCE JAN 1    370                       250    120      421
..................................................................


WIND (MPH)
  HIGHEST WIND SPEED    24   HIGHEST WIND DIRECTION    SW (240)
  HIGHEST GUST SPEED    30   HIGHEST GUST DIRECTION    SW (240)
  AVERAGE WIND SPEED     6.0



WEATHER CONDITIONS
 THE FOLLOWING WEATHER WAS RECORDED YESTERDAY.
  LIGHT RAIN


RELATIVE HUMIDITY (PERCENT)
 HIGHEST    68           500 AM
 LOWEST     21           400 PM
 AVERAGE    45

..........................................................


THE TONOPAH AIRPORT NV CLIMATE NORMALS FOR TODAY
                         NORMAL    RECORD    YEAR
 MAXIMUM TEMPERATURE (F)   92       103      2002
 MINIMUM TEMPERATURE (F)   57        43      1983


SUNRISE AND SUNSET
JULY 10 2014..........SUNRISE   534 AM PDT   SUNSET   813 PM PDT
JULY 11 2014..........SUNRISE   535 AM PDT   SUNSET   812 PM PDT


-  INDICATES NEGATIVE NUMBERS.
R  INDICATES RECORD WAS SET OR TIED.
MM INDICATES DATA IS MISSING.
T  INDICATES TRACE AMOUNT.




$$
