000
CDUS45 KLKN 210030
CLITPH


CLIMATE REPORT
NATIONAL WEATHER SERVICE ELKO NV
526 PM PDT MON OCT 20 2014


...................................

...THE TONOPAH AIRPORT NV CLIMATE SUMMARY FOR OCTOBER 20 2014...
VALID TODAY AS OF 500 PM LOCAL TIME.

CLIMATE NORMAL PERIOD 1981 TO 2010
CLIMATE RECORD PERIOD 1954 TO 2014


WEATHER ITEM   OBSERVED TIME   RECORD YEAR NORMAL DEPARTURE LAST
                VALUE   (LST)  VALUE       VALUE  FROM      YEAR
                                                  NORMAL
..................................................................
TEMPERATURE (F)
 TODAY
  MAXIMUM         75    331 PM  80    2003  67      8       72
  MINIMUM         42    633 AM  19    1996  36      6       33
  AVERAGE         59                        51      8       53

PRECIPITATION (IN)
  TODAY            0.00          0.74 1957   0.01  -0.01     0.00
  MONTH TO DATE    0.00                      0.21  -0.21     0.05
  SINCE OCT 1      0.00                      0.21  -0.21     0.05
  SINCE JAN 1      3.71                      4.36  -0.65     4.08

DEGREE DAYS
 HEATING
  TODAY            6                        14     -8       12
  MONTH TO DATE  103                       203   -100      285
  SINCE SEP 1    146                       288   -142      382
  SINCE JUL 1    146                       294   -148      382

 COOLING
  TODAY            0                         0      0        0
  MONTH TO DATE    0                         0      0        0
  SINCE SEP 1    141                        68     73      121
  SINCE JAN 1   1004                       781    223     1042
..................................................................


WIND (MPH)
  HIGHEST WIND SPEED    28   HIGHEST WIND DIRECTION     S (200)
  HIGHEST GUST SPEED    35   HIGHEST GUST DIRECTION     S (170)



WEATHER CONDITIONS
 THE FOLLOWING WEATHER WAS RECORDED TODAY.
  NO SIGNIFICANT WEATHER WAS OBSERVED.


RELATIVE HUMIDITY (PERCENT)
 HIGHEST    57           500 AM
 LOWEST     19           100 PM
 AVERAGE    38

..........................................................


THE TONOPAH AIRPORT NV CLIMATE NORMALS FOR TOMORROW
                         NORMAL    RECORD    YEAR
 MAXIMUM TEMPERATURE (F)   66        83      2003
 MINIMUM TEMPERATURE (F)   36        18      1996


SUNRISE AND SUNSET
OCTOBER 20 2014.......SUNRISE   702 AM PDT   SUNSET   604 PM PDT
OCTOBER 21 2014.......SUNRISE   703 AM PDT   SUNSET   602 PM PDT


-  INDICATES NEGATIVE NUMBERS.
R  INDICATES RECORD WAS SET OR TIED.
MM INDICATES DATA IS MISSING.
T  INDICATES TRACE AMOUNT.




$$
