067
CDUS45 KLKN 240928
CLITPH


CLIMATE REPORT
NATIONAL WEATHER SERVICE ELKO NV
228 AM PDT SAT SEP 24 2016


...................................

...THE TONOPAH AIRPORT NV CLIMATE SUMMARY FOR SEPTEMBER 23 2016...

CLIMATE NORMAL PERIOD 1981 TO 2010
CLIMATE RECORD PERIOD 1954 TO 2016


WEATHER ITEM   OBSERVED TIME   RECORD YEAR NORMAL DEPARTURE LAST
                VALUE   (LST)  VALUE       VALUE  FROM      YEAR
                                                  NORMAL
..................................................................
TEMPERATURE (F)
 YESTERDAY
  MAXIMUM         62    332 PM  88    2003  78    -16       86
                                      1974
  MINIMUM         41    601 AM  35    2006  46     -5       53
  AVERAGE         52                        62    -10       70

PRECIPITATION (IN)
  YESTERDAY        T             0.43 1990   0.01  -0.01     0.00
  MONTH TO DATE    1.21                      0.30   0.91     0.07
  SINCE OCT 1      6.95                      5.16   1.79     2.95
  SINCE JAN 1      3.57                      4.07  -0.50     2.47

DEGREE DAYS
 HEATING
  YESTERDAY       13                         4      9        0
  MONTH TO DATE   58                        48     10       20
  SINCE SEP 1     58                        48     10       20
  SINCE JUL 1     58                        54      4       20

 COOLING
  YESTERDAY        0                         1     -1        5
  MONTH TO DATE   58                        64     -6       89
  SINCE SEP 1     58                        64     -6       89
  SINCE JAN 1   1021                       777    244      994
..................................................................


WIND (MPH)
  HIGHEST WIND SPEED    33   HIGHEST WIND DIRECTION    NW (320)
  HIGHEST GUST SPEED    45   HIGHEST GUST DIRECTION    NW (320)
  AVERAGE WIND SPEED    19.6



WEATHER CONDITIONS
 THE FOLLOWING WEATHER WAS RECORDED YESTERDAY.
  LIGHT RAIN


RELATIVE HUMIDITY (PERCENT)
 HIGHEST    79           300 AM
 LOWEST     25           500 PM
 AVERAGE    52

..........................................................


THE TONOPAH AIRPORT NV CLIMATE NORMALS FOR TODAY
                         NORMAL    RECORD    YEAR
 MAXIMUM TEMPERATURE (F)   78        89      2003
 MINIMUM TEMPERATURE (F)   45        30      1986


SUNRISE AND SUNSET
SEPTEMBER 24 2016.....SUNRISE   638 AM PDT   SUNSET   641 PM PDT
SEPTEMBER 25 2016.....SUNRISE   639 AM PDT   SUNSET   640 PM PDT


-  INDICATES NEGATIVE NUMBERS.
R  INDICATES RECORD WAS SET OR TIED.
MM INDICATES DATA IS MISSING.
T  INDICATES TRACE AMOUNT.




$$
