000
CDUS44 KMRX 270921
CLITRI

CLIMATE REPORT
NATIONAL WEATHER SERVICE MORRISTOWN TN
421 AM EST SAT DEC 27 2014


...................................

...THE TRI-CITIES ASOS CLIMATE SUMMARY FOR DECEMBER 26 2014...

CLIMATE NORMAL PERIOD 1981 TO 2010
CLIMATE RECORD PERIOD 1934 TO 2014


WEATHER ITEM   OBSERVED TIME   RECORD YEAR NORMAL DEPARTURE LAST
                VALUE   (LST)  VALUE       VALUE  FROM      YEAR
                                                  NORMAL
..................................................................
TEMPERATURE (F)
 YESTERDAY
  MAXIMUM         56    337 PM  72    1942  46     10       46
  MINIMUM         24    817 AM   0    1983  26     -2       21
  AVERAGE         40                        36      4       34

PRECIPITATION (IN)
  YESTERDAY        0.00          1.06 1973   0.10  -0.10     0.00
  MONTH TO DATE    2.35                      2.85  -0.50     5.11
  SINCE DEC 1      2.35                      2.85  -0.50     5.11
  SINCE JAN 1     37.45                     40.49  -3.04    56.45

SNOWFALL (IN)
  YESTERDAY        0.0                       0.1   -0.1      0.0
  MONTH TO DATE    0.0                       1.9   -1.9       T
  SINCE DEC 1      0.0                       1.9   -1.9       T
  SINCE JUL 1      1.2                       2.2   -1.0      1.4
  SNOW DEPTH       0

DEGREE DAYS
 HEATING
  YESTERDAY       25                        29     -4       31
  MONTH TO DATE  602                       697    -95      595
  SINCE DEC 1    602                       697    -95      595
  SINCE JUL 1   1585                      1583      2     1486

 COOLING
  YESTERDAY        0                         0      0        0
  MONTH TO DATE    0                         0      0        0
  SINCE DEC 1      0                         0      0        0
  SINCE JAN 1   1141                       981    160     1003
..................................................................


WIND (MPH)
  HIGHEST WIND SPEED     8   HIGHEST WIND DIRECTION     W (280)
  HIGHEST GUST SPEED    12   HIGHEST GUST DIRECTION     W (260)
  AVERAGE WIND SPEED     1.2


SKY COVER
  POSSIBLE SUNSHINE  MM
  AVERAGE SKY COVER  MM


WEATHER CONDITIONS
 THE FOLLOWING WEATHER WAS RECORDED YESTERDAY.
  FOG


RELATIVE HUMIDITY (PERCENT)
 HIGHEST   100           100 AM
 LOWEST     30           400 PM
 AVERAGE    65

..........................................................


THE TRI-CITIES CLIMATE NORMALS FOR TODAY
                         NORMAL    RECORD    YEAR
 MAXIMUM TEMPERATURE (F)   46        73      2008
 MINIMUM TEMPERATURE (F)   26         8      1948


SUNRISE AND SUNSET
DECEMBER 27 2014......SUNRISE   740 AM EST   SUNSET   521 PM EST
DECEMBER 28 2014......SUNRISE   740 AM EST   SUNSET   522 PM EST


-  INDICATES NEGATIVE NUMBERS.
R  INDICATES RECORD WAS SET OR TIED.
MM INDICATES DATA IS MISSING.
T  INDICATES TRACE AMOUNT.




$$
