000
CDUS44 KMRX 190819
CLITRI


CLIMATE REPORT
NATIONAL WEATHER SERVICE MORRISTOWN TN
319 AM EST THU JAN 19 2017


...................................

...THE TRI-CITIES      ASOS CLIMATE SUMMARY FOR JANUARY 18 2017...

CLIMATE NORMAL PERIOD 1981 TO 2010
CLIMATE RECORD PERIOD 1934 TO 2017


WEATHER ITEM   OBSERVED TIME   RECORD YEAR NORMAL DEPARTURE LAST
                VALUE   (LST)  VALUE       VALUE  FROM      YEAR
                                                  NORMAL
..................................................................
TEMPERATURE (F)
 YESTERDAY
  MAXIMUM         63   1244 AM  71    1949  45     18       29
  MINIMUM         38   1159 PM  -3    1994  25     13       13
  AVERAGE         51                        35     16       21

PRECIPITATION (IN)
  YESTERDAY        0.15          0.68 1987   0.10   0.05      T
  MONTH TO DATE    1.49                      1.92  -0.43     1.17
  SINCE DEC 1      6.85                      5.29   1.56     6.44
  SINCE JAN 1      1.49                      1.92  -0.43     1.17

SNOWFALL (IN)
  YESTERDAY        0.0                       0.2   -0.2       T
  MONTH TO DATE    3.7                       2.7    1.0      0.2
  SINCE DEC 1      3.7                       5.1   -1.4      0.2
  SINCE JUL 1      3.7                       5.4   -1.7      0.2
  SNOW DEPTH       0

DEGREE DAYS
 HEATING
  YESTERDAY       14                        30    -16       44
  MONTH TO DATE  368                       540   -172      556
  SINCE DEC 1   1146                      1383   -237      999
  SINCE JUL 1   1765                      2269   -504     1642

 COOLING
  YESTERDAY        0                         0      0        0
  MONTH TO DATE    0                         0      0        0
  SINCE DEC 1      0                         0      0        0
  SINCE JAN 1      0                         0      0        0
..................................................................


WIND (MPH)
  HIGHEST WIND SPEED    21   HIGHEST WIND DIRECTION     W (290)
  HIGHEST GUST SPEED    27   HIGHEST GUST DIRECTION     W (290)
  AVERAGE WIND SPEED     7.9


SKY COVER
  POSSIBLE SUNSHINE  MM
  AVERAGE SKY COVER 0.5


WEATHER CONDITIONS
 THE FOLLOWING WEATHER WAS RECORDED YESTERDAY.
  HEAVY RAIN
  LIGHT RAIN
  FOG


RELATIVE HUMIDITY (PERCENT)
 HIGHEST    92          1100 PM
 LOWEST     44           300 PM
 AVERAGE    68

..........................................................


THE TRI-CITIES      ASOS CLIMATE NORMALS FOR TODAY
                         NORMAL    RECORD    YEAR
 MAXIMUM TEMPERATURE (F)   45        66      1951
 MINIMUM TEMPERATURE (F)   25        -8      1994


SUNRISE AND SUNSET
JANUARY 19 2017.......SUNRISE   739 AM EST   SUNSET   542 PM EST
JANUARY 20 2017.......SUNRISE   739 AM EST   SUNSET   543 PM EST


-  INDICATES NEGATIVE NUMBERS.
R  INDICATES RECORD WAS SET OR TIED.
MM INDICATES DATA IS MISSING.
T  INDICATES TRACE AMOUNT.




$$
