000
CDUS44 KMRX 300836
CLITRI


CLIMATE REPORT
NATIONAL WEATHER SERVICE MORRISTOWN TN
435 AM EDT SUN AUG 30 2015


...................................

...THE TRI-CITIES      ASOS CLIMATE SUMMARY FOR AUGUST 29 2015...

CLIMATE NORMAL PERIOD 1981 TO 2010
CLIMATE RECORD PERIOD 1934 TO 2015


WEATHER ITEM   OBSERVED TIME   RECORD YEAR NORMAL DEPARTURE LAST
                VALUE   (LST)  VALUE       VALUE  FROM      YEAR
                                                  NORMAL
..................................................................
TEMPERATURE (F)
 YESTERDAY
  MAXIMUM         83    209 PM  96    1953  84     -1       92
  MINIMUM         59    615 AM  43    1986  61     -2       65
  AVERAGE         71                        72     -1       79

PRECIPITATION (IN)
  YESTERDAY        0.00          0.79 1950   0.09  -0.09     0.10
  MONTH TO DATE    6.00                      3.27   2.73     3.60
  SINCE JUN 1     14.24                     11.86   2.38    12.43
  SINCE JAN 1     29.15                     29.25  -0.10    24.43

SNOWFALL (IN)
  YESTERDAY        0.0                       0.0    0.0      0.0
  MONTH TO DATE    0.0                       0.0    0.0      0.0
  SINCE JUN 1      0.0                       0.0    0.0      0.0
  SINCE JUL 1      0.0                       0.0    0.0      0.0
  SNOW DEPTH       0

DEGREE DAYS
 HEATING
  YESTERDAY        0                         0      0        0
  MONTH TO DATE    0                         0      0        0
  SINCE JUN 1      0                        11    -11        0
  SINCE JUL 1      0                         0      0        0

 COOLING
  YESTERDAY        6                         8     -2       14
  MONTH TO DATE  271                       257     14      245
  SINCE JUN 1    948                       762    186      799
  SINCE JAN 1   1114                       835    279      933
..................................................................


WIND (MPH)
  HIGHEST WIND SPEED     6   HIGHEST WIND DIRECTION    SE (120)
  HIGHEST GUST SPEED    22   HIGHEST GUST DIRECTION     N (360)
  AVERAGE WIND SPEED     0.3


SKY COVER
  POSSIBLE SUNSHINE  MM
  AVERAGE SKY COVER 0.8


WEATHER CONDITIONS
 THE FOLLOWING WEATHER WAS RECORDED YESTERDAY.
  FOG


RELATIVE HUMIDITY (PERCENT)
 HIGHEST    97           400 AM
 LOWEST     49           100 PM
 AVERAGE    73

..........................................................


THE TRI-CITIES      ASOS CLIMATE NORMALS FOR TODAY
                         NORMAL    RECORD    YEAR
 MAXIMUM TEMPERATURE (F)   84        95      1953
 MINIMUM TEMPERATURE (F)   61        46      1986


SUNRISE AND SUNSET
AUGUST 30 2015........SUNRISE   659 AM EDT   SUNSET   801 PM EDT
AUGUST 31 2015........SUNRISE   700 AM EDT   SUNSET   759 PM EDT


-  INDICATES NEGATIVE NUMBERS.
R  INDICATES RECORD WAS SET OR TIED.
MM INDICATES DATA IS MISSING.
T  INDICATES TRACE AMOUNT.




$$
