000
CDUS44 KMRX 270828
CLITRI


CLIMATE REPORT
NATIONAL WEATHER SERVICE MORRISTOWN TN
427 AM EDT FRI MAY 27 2016


...................................

...THE TRI-CITIES      ASOS CLIMATE SUMMARY FOR MAY 26 2016...

CLIMATE NORMAL PERIOD 1981 TO 2010
CLIMATE RECORD PERIOD 1934 TO 2016


WEATHER ITEM   OBSERVED TIME   RECORD YEAR NORMAL DEPARTURE LAST
                VALUE   (LST)  VALUE       VALUE  FROM      YEAR
                                                  NORMAL
..................................................................
TEMPERATURE (F)
 YESTERDAY
  MAXIMUM         77    557 PM  91    2012  78     -1       87
  MINIMUM         60   1146 PM  39    1988  54      6       66
  AVERAGE         69                        66      3       77

PRECIPITATION (IN)
  YESTERDAY        T             2.86 1997   0.13  -0.13     0.02
  MONTH TO DATE    3.62                      3.17   0.45     0.69
  SINCE MAR 1      8.15                      9.94  -1.79     9.57
  SINCE JAN 1     15.55                     16.76  -1.21    14.90

SNOWFALL (IN)
  YESTERDAY        0.0                       0.0    0.0      0.0
  MONTH TO DATE    0.0                       0.0    0.0      0.0
  SINCE MAR 1      T                         2.5   -2.5       T
  SINCE JUL 1     18.4                      13.3    5.1     15.5
  SNOW DEPTH       0

DEGREE DAYS
 HEATING
  YESTERDAY        0                         2     -2        0
  MONTH TO DATE   91                       101    -10       41
  SINCE MAR 1    725                       973   -248      749
  SINCE JUL 1   3545                      4355   -810     4376

 COOLING
  YESTERDAY        4                         3      1       12
  MONTH TO DATE   33                        46    -13      108
  SINCE MAR 1     59                        57      2      118
  SINCE JAN 1     59                        57      2      118
..................................................................


WIND (MPH)
  HIGHEST WIND SPEED    13   HIGHEST WIND DIRECTION    SW (220)
  HIGHEST GUST SPEED    14   HIGHEST GUST DIRECTION    SW (230)
  AVERAGE WIND SPEED     2.6


SKY COVER
  POSSIBLE SUNSHINE  MM
  AVERAGE SKY COVER 0.6


WEATHER CONDITIONS
 THE FOLLOWING WEATHER WAS RECORDED YESTERDAY.
  LIGHT RAIN
  FOG


RELATIVE HUMIDITY (PERCENT)
 HIGHEST   100          1000 PM
 LOWEST     64          1100 AM
 AVERAGE    82

..........................................................


THE TRI-CITIES      ASOS CLIMATE NORMALS FOR TODAY
                         NORMAL    RECORD    YEAR
 MAXIMUM TEMPERATURE (F)   79        91      2012
 MINIMUM TEMPERATURE (F)   54        38      1961


SUNRISE AND SUNSET
MAY 27 2016...........SUNRISE   615 AM EDT   SUNSET   839 PM EDT
MAY 28 2016...........SUNRISE   614 AM EDT   SUNSET   840 PM EDT


-  INDICATES NEGATIVE NUMBERS.
R  INDICATES RECORD WAS SET OR TIED.
MM INDICATES DATA IS MISSING.
T  INDICATES TRACE AMOUNT.




$$
