000
CDUS44 KMRX 220817 RRB
CLITRI

CLIMATE REPORT
NATIONAL WEATHER SERVICE MORRISTOWN TN
416 AM EDT FRI AUG 22 2014


...................................

...THE TRI-CITIES CLIMATE SUMMARY FOR AUGUST 21 2014...

CLIMATE NORMAL PERIOD 1981 TO 2010
CLIMATE RECORD PERIOD 1934 TO 2014


WEATHER ITEM   OBSERVED TIME   RECORD YEAR NORMAL DEPARTURE LAST
                VALUE   (LST)  VALUE       VALUE  FROM      YEAR
                                                  NORMAL
..................................................................
TEMPERATURE (F)
 YESTERDAY
  MAXIMUM         86    403 PM  98    1983  85      1       82
  MINIMUM         65    651 AM  53    2012  62      3       65
  AVERAGE         76                        74      2       74

PRECIPITATION (IN)
  YESTERDAY        0.01          1.03 1967   0.11  -0.10      T
  MONTH TO DATE    2.99                      2.48   0.51     4.41
  SINCE JUN 1     11.82                     11.07   0.75    19.89
  SINCE JAN 1     23.82                     28.46  -4.64    44.58

SNOWFALL (IN)
  YESTERDAY        0.0                       0.0    0.0      0.0
  MONTH TO DATE    0.0                       0.0    0.0      0.0
  SINCE JUN 1      0.0                       0.0    0.0      0.0
  SINCE JUL 1      0.0                       0.0    0.0      0.0
  SNOW DEPTH       0

DEGREE DAYS
 HEATING
  YESTERDAY        0                         0      0        0
  MONTH TO DATE    0                         0      0        0
  SINCE JUN 1      0                        11    -11        0
  SINCE JUL 1      0                         0      0        0

 COOLING
  YESTERDAY       11                         9      2        9
  MONTH TO DATE  161                       191    -30      172
  SINCE JUN 1    715                       696     19      690
  SINCE JAN 1    849                       769     80      762
..................................................................


WIND (MPH)
  HIGHEST WIND SPEED     9   HIGHEST WIND DIRECTION     W (280)
  HIGHEST GUST SPEED    12   HIGHEST GUST DIRECTION     W (260)
  AVERAGE WIND SPEED     2.7


SKY COVER
  POSSIBLE SUNSHINE  MM
  AVERAGE SKY COVER  MM


WEATHER CONDITIONS
 THE FOLLOWING WEATHER WAS RECORDED YESTERDAY.
  THUNDERSTORM
  LIGHT RAIN
  FOG
  FOG W/VISIBILITY <= 1/4 MILE
  HAZE


RELATIVE HUMIDITY (PERCENT)
 HIGHEST    93           100 AM
 LOWEST     61           300 PM
 AVERAGE    77

..........................................................


THE TRI-CITIES      ASOS CLIMATE NORMALS FOR TODAY
                         NORMAL    RECORD    YEAR
 MAXIMUM TEMPERATURE (F)   85        96      1983
 MINIMUM TEMPERATURE (F)   62        47      1956


SUNRISE AND SUNSET
AUGUST 22 2014........SUNRISE   653 AM EDT   SUNSET   811 PM EDT
AUGUST 23 2014........SUNRISE   654 AM EDT   SUNSET   810 PM EDT


-  INDICATES NEGATIVE NUMBERS.
R  INDICATES RECORD WAS SET OR TIED.
MM INDICATES DATA IS MISSING.
T  INDICATES TRACE AMOUNT.




$$
