000
CDUS44 KMRX 292109 RRB
CLITRI

CLIMATE REPORT
NATIONAL WEATHER SERVICE MORRISTOWN TN
508 PM EDT MON JUN 29 2015


...................................

...THE TRI-CITIES CLIMATE SUMMARY FOR JUNE 29 2015...
VALID TODAY AS OF 0500 PM LOCAL TIME.

CLIMATE NORMAL PERIOD 1981 TO 2010
CLIMATE RECORD PERIOD 1934 TO 2015


WEATHER ITEM   OBSERVED TIME   RECORD YEAR NORMAL DEPARTURE LAST
                VALUE   (LST)  VALUE       VALUE  FROM      YEAR
                                                  NORMAL
..................................................................
TEMPERATURE (F)
 TODAY
  MAXIMUM         81    355 PM 102    2012  85     -4       85
  MINIMUM         53    537 AM  50    1938  63    -10       67
  AVERAGE         67                        74     -7       76

PRECIPITATION (IN)
  TODAY            T             1.32 1984   0.13  -0.13     0.15
  MONTH TO DATE    2.34                      3.76  -1.42     3.57
  SINCE JUN 1      2.34                      3.76  -1.42     3.57
  SINCE JAN 1     17.25                     21.15  -3.90    15.57

SNOWFALL (IN)
  TODAY            0.0                       0.0    0.0      0.0
  MONTH TO DATE    0.0                       0.0    0.0      0.0
  SINCE JUN 1      0.0                       0.0    0.0      0.0
  SINCE JUL 1     15.5                      13.3    2.2     13.0
  SNOW DEPTH       0

DEGREE DAYS
 HEATING
  TODAY            0                         0      0        0
  MONTH TO DATE    0                         9     -9        0
  SINCE JUN 1      0                         9     -9        0
  SINCE JUL 1   4376                      4372      4     4410

 COOLING
  TODAY            2                         9     -7       11
  MONTH TO DATE  304                       197    107      286
  SINCE JUN 1    304                       197    107      286
  SINCE JAN 1    470                       270    200      420
..................................................................


WIND (MPH)
  HIGHEST WIND SPEED    21   HIGHEST WIND DIRECTION    SW (210)
  HIGHEST GUST SPEED    26   HIGHEST GUST DIRECTION     S (200)
  AVERAGE WIND SPEED     4.1


SKY COVER
  POSSIBLE SUNSHINE  MM
  AVERAGE SKY COVER 0.3


WEATHER CONDITIONS
 THE FOLLOWING WEATHER WAS RECORDED TODAY.
  FOG


RELATIVE HUMIDITY (PERCENT)
 HIGHEST   100           300 AM
 LOWEST     43          1200 PM
 AVERAGE    72

..........................................................


THE TRI-CITIES CLIMATE NORMALS FOR TOMORROW
                         NORMAL    RECORD    YEAR
 MAXIMUM TEMPERATURE (F)   85       103      2012
 MINIMUM TEMPERATURE (F)   63        50      1940


SUNRISE AND SUNSET
JUNE 29 2015..........SUNRISE   614 AM EDT   SUNSET   852 PM EDT
JUNE 30 2015..........SUNRISE   615 AM EDT   SUNSET   852 PM EDT


-  INDICATES NEGATIVE NUMBERS.
R  INDICATES RECORD WAS SET OR TIED.
MM INDICATES DATA IS MISSING.
T  INDICATES TRACE AMOUNT.




$$
