000
CDUS44 KMRX 010945
CLITRI


CLIMATE REPORT
NATIONAL WEATHER SERVICE MORRISTOWN TN
445 AM EST WED MAR 1 2017


...................................

...THE TRI-CITIES      ASOS CLIMATE SUMMARY FOR FEBRUARY 28 2017...

CLIMATE NORMAL PERIOD 1981 TO 2010
CLIMATE RECORD PERIOD 1934 TO 2017


WEATHER ITEM   OBSERVED TIME   RECORD YEAR NORMAL DEPARTURE LAST
                VALUE   (LST)  VALUE       VALUE  FROM      YEAR
                                                  NORMAL
..................................................................
TEMPERATURE (F)
 YESTERDAY
  MAXIMUM         64    139 PM  73    1939  54     10       65
  MINIMUM         35    644 AM  12    1947  31      4       25
  AVERAGE         50                        42      8       45

PRECIPITATION (IN)
  YESTERDAY        0.37          1.68 2011   0.12   0.25     0.00
  MONTH TO DATE    2.13                      3.45  -1.32     4.48
  SINCE DEC 1     10.04                     10.19  -0.15    12.67
  SINCE JAN 1      4.68                      6.82  -2.14     7.40

SNOWFALL (IN)
  YESTERDAY        0.0                       0.1   -0.1      0.0
  MONTH TO DATE    T                         3.4   -3.4      8.6
  SINCE DEC 1      4.0                      10.5   -6.5     18.4
  SINCE JUL 1      4.0                      10.8   -6.8     18.4
  SNOW DEPTH       0

DEGREE DAYS
 HEATING
  YESTERDAY       15                        23     -8       20
  MONTH TO DATE  537                       728   -191      717
  SINCE DEC 1   1948                      2496   -548     2162
  SINCE JUL 1   2567                      3382   -815     2805

 COOLING
  YESTERDAY        0                         0      0        0
  MONTH TO DATE    0                         0      0        0
  SINCE DEC 1      0                         0      0        0
  SINCE JAN 1      0                         0      0        0
..................................................................


WIND (MPH)
  HIGHEST WIND SPEED    17   HIGHEST WIND DIRECTION     W (270)
  HIGHEST GUST SPEED    23   HIGHEST GUST DIRECTION     W (290)
  AVERAGE WIND SPEED     2.0


SKY COVER
  POSSIBLE SUNSHINE  MM
  AVERAGE SKY COVER 0.6


WEATHER CONDITIONS
 THE FOLLOWING WEATHER WAS RECORDED YESTERDAY.
  HEAVY RAIN
  RAIN
  LIGHT RAIN
  FOG
  HAZE


RELATIVE HUMIDITY (PERCENT)
 HIGHEST   100           800 PM
 LOWEST     52          1200 PM
 AVERAGE    76

..........................................................


THE TRI-CITIES      ASOS CLIMATE NORMALS FOR TODAY
                         NORMAL    RECORD    YEAR
 MAXIMUM TEMPERATURE (F)   54        81      1997
 MINIMUM TEMPERATURE (F)   31        13      2002


SUNRISE AND SUNSET
MARCH  1 2017.........SUNRISE   700 AM EST   SUNSET   624 PM EST
MARCH  2 2017.........SUNRISE   658 AM EST   SUNSET   625 PM EST


-  INDICATES NEGATIVE NUMBERS.
R  INDICATES RECORD WAS SET OR TIED.
MM INDICATES DATA IS MISSING.
T  INDICATES TRACE AMOUNT.




$$
