000
CDUS44 KMRX 131307 AAA
CLITRI

CLIMATE REPORT...UPDATED FOR SNOW DATA
NATIONAL WEATHER SERVICE MORRISTOWN TN
807 AM EST SAT FEB 13 2016


...................................

...THE TRI-CITIES CLIMATE SUMMARY FOR FEBRUARY 12 2016...

CLIMATE NORMAL PERIOD 1981 TO 2010
CLIMATE RECORD PERIOD 1934 TO 2016


WEATHER ITEM   OBSERVED TIME   RECORD YEAR NORMAL DEPARTURE LAST
                VALUE   (LST)  VALUE       VALUE  FROM      YEAR
                                                  NORMAL
..................................................................
TEMPERATURE (F)
 YESTERDAY
  MAXIMUM         32    815 PM  68    1938  49    -17       42
  MINIMUM         26    944 AM  -1    1981  28     -2       21
  AVERAGE         29                        38     -9       32

PRECIPITATION (IN)
  YESTERDAY        0.12          0.97 1948   0.12   0.00      T
  MONTH TO DATE    1.93                      1.49   0.44     0.80
  SINCE DEC 1     10.12                      8.23   1.89     6.11
  SINCE JAN 1      4.85                      4.86  -0.01     3.08

SNOWFALL (IN)
  YESTERDAY        1.8                       0.1    1.7       T
  MONTH TO DATE    4.0                       1.6    2.4       T
  SINCE DEC 1     13.8                       8.7    5.1      0.3
  SINCE JUL 1     13.8                       9.0    4.8      1.5
  SNOW DEPTH       1

DEGREE DAYS
 HEATING
  YESTERDAY       36                        27      9       33
  MONTH TO DATE  335                       334      1      332
  SINCE DEC 1   1780                      2102   -322     1984
  SINCE JUL 1   2423                      2988   -565     2967

 COOLING
  YESTERDAY        0                         0      0        0
  MONTH TO DATE    0                         0      0        0
  SINCE DEC 1      0                         0      0        0
  SINCE JAN 1      0                         0      0        0
..................................................................


WIND (MPH)
  HIGHEST WIND SPEED    18   HIGHEST WIND DIRECTION     W (270)
  HIGHEST GUST SPEED    24   HIGHEST GUST DIRECTION     W (270)
  AVERAGE WIND SPEED     5.6


SKY COVER
  POSSIBLE SUNSHINE  MM
  AVERAGE SKY COVER 1.0


WEATHER CONDITIONS
 THE FOLLOWING WEATHER WAS RECORDED YESTERDAY.
  SNOW
  LIGHT SNOW
  FOG


RELATIVE HUMIDITY (PERCENT)
 HIGHEST    92          1000 AM
 LOWEST     63           800 AM
 AVERAGE    78

..........................................................


THE TRI-CITIES      ASOS CLIMATE NORMALS FOR TODAY
                         NORMAL    RECORD    YEAR
 MAXIMUM TEMPERATURE (F)   49        72      1961
 MINIMUM TEMPERATURE (F)   28        -2      1955


SUNRISE AND SUNSET
FEBRUARY 13 2016......SUNRISE   720 AM EST   SUNSET   608 PM EST
FEBRUARY 14 2016......SUNRISE   719 AM EST   SUNSET   609 PM EST


-  INDICATES NEGATIVE NUMBERS.
R  INDICATES RECORD WAS SET OR TIED.
MM INDICATES DATA IS MISSING.
T  INDICATES TRACE AMOUNT.




$$
