000
CDUS44 KMRX 182109 RRA
CLITRI

CLIMATE REPORT
NATIONAL WEATHER SERVICE MORRISTOWN TN
508 PM EDT FRI APR 18 2014


...................................

...THE TRI-CITIES CLIMATE SUMMARY FOR APRIL 18 2014...
VALID TODAY AS OF 0500 PM LOCAL TIME.

CLIMATE NORMAL PERIOD 1981 TO 2010
CLIMATE RECORD PERIOD 1934 TO 2014


WEATHER ITEM   OBSERVED TIME   RECORD YEAR NORMAL DEPARTURE LAST
                VALUE   (LST)  VALUE       VALUE  FROM      YEAR
                                                  NORMAL
..................................................................
TEMPERATURE (F)
 TODAY
  MAXIMUM         63    344 PM  87    2002  69     -6       79
  MINIMUM         40    600 AM  29    1951  43     -3       52
  AVERAGE         52                        56     -4       66

PRECIPITATION (IN)
  TODAY            0.00          0.95 1981   0.11  -0.11     0.00
  MONTH TO DATE    1.63                      1.97  -0.34     2.76
  SINCE MAR 1      3.90                      5.41  -1.51     7.38
  SINCE JAN 1      8.96                     12.23  -3.27    19.23

SNOWFALL (IN)
  TODAY            0.0                       0.1   -0.1      0.0
  MONTH TO DATE    T                         0.9   -0.9      0.0
  SINCE MAR 1      0.7                       2.3   -1.6      1.5
  SINCE JUL 1     13.0                      13.1   -0.1      9.2
  SNOW DEPTH       0

DEGREE DAYS
 HEATING
  TODAY           13                         9      4        0
  MONTH TO DATE  164                       211    -47      165
  SINCE MAR 1    780                       779      1      911
  SINCE JUL 1   4275                      4161    114     4080

 COOLING
  TODAY            0                         0      0        1
  MONTH TO DATE    6                         0      6        6
  SINCE MAR 1      6                         1      5        6
  SINCE JAN 1      6                         1      5        6
..................................................................


WIND (MPH)
  HIGHEST WIND SPEED     9   HIGHEST WIND DIRECTION    SE (140)
  HIGHEST GUST SPEED    10   HIGHEST GUST DIRECTION    SE (140)
  AVERAGE WIND SPEED     2.5


SKY COVER
  POSSIBLE SUNSHINE  MM
  AVERAGE SKY COVER  MM


WEATHER CONDITIONS
 THE FOLLOWING WEATHER WAS RECORDED TODAY.
  NO SIGNIFICANT WEATHER WAS OBSERVED.


RELATIVE HUMIDITY (PERCENT)
 HIGHEST    70           500 AM
 LOWEST     28          1200 AM
 AVERAGE    49

..........................................................


THE TRI-CITIES CLIMATE NORMALS FOR TOMORROW
                         NORMAL    RECORD    YEAR
 MAXIMUM TEMPERATURE (F)   69        90      1941
 MINIMUM TEMPERATURE (F)   43        25      1983


SUNRISE AND SUNSET
APRIL 18 2014.........SUNRISE   652 AM EDT   SUNSET   806 PM EDT
APRIL 19 2014.........SUNRISE   651 AM EDT   SUNSET   807 PM EDT


-  INDICATES NEGATIVE NUMBERS.
R  INDICATES RECORD WAS SET OR TIED.
MM INDICATES DATA IS MISSING.
T  INDICATES TRACE AMOUNT.




$$
