000
CDUS46 KSGX 281133
CLITRM


CLIMATE REPORT
NATIONAL WEATHER SERVICE SAN DIEGO, CA
433 AM PDT WED JUN 28 2017


...................................

...THE THERMAL AIRPORT CA CLIMATE SUMMARY FOR JUNE 27 2017...

CLIMATE NORMAL PERIOD 1981 TO 2010
CLIMATE RECORD PERIOD 1950 TO 2017


WEATHER ITEM   OBSERVED TIME   RECORD YEAR NORMAL DEPARTURE LAST
                VALUE   (LST)  VALUE       VALUE  FROM      YEAR
                                                  NORMAL
..................................................................
TEMPERATURE (F)
 YESTERDAY
  MAXIMUM        115    400 PM 121    1973 106      9      110
  MINIMUM         79    527 AM  61    1997  70      9       78
  AVERAGE         97                        88      9       94

PRECIPITATION (IN)
  YESTERDAY        0.00          0.00 2002   0.00   0.00     0.00
                                      2000
  MONTH TO DATE    0.00                      0.02  -0.02     0.00
  SINCE OCT 1      3.69                      2.63   1.06     1.98
  SINCE JAN 1      2.01                      1.82   0.19     1.55

DEGREE DAYS
 HEATING
  YESTERDAY        0                         0      0        0
  MONTH TO DATE    0                         0      0        0
  SINCE JUN 1      0                         0      0        0
  SINCE JUL 1    904                      1181   -277     1047

 COOLING
  YESTERDAY       32                        23      9       29
  MONTH TO DATE  652                       538    114      671
  SINCE JUN 1    652                       538    114      671
  SINCE JAN 1   1626                      1211    415     1548
..................................................................


WIND (MPH)
  RESULTANT WIND SPEED   5   RESULTANT WIND DIRECTION  NW (330)
  HIGHEST WIND SPEED    23   HIGHEST WIND DIRECTION     N (340)
  HIGHEST GUST SPEED    29   HIGHEST GUST DIRECTION     N (340)
  AVERAGE WIND SPEED    11.0


SKY COVER
  POSSIBLE SUNSHINE  MM
  AVERAGE SKY COVER 0.0


WEATHER CONDITIONS
 THE FOLLOWING WEATHER WAS RECORDED YESTERDAY.
  NO SIGNIFICANT WEATHER WAS OBSERVED.


RELATIVE HUMIDITY (PERCENT)
 HIGHEST    16           600 AM
 LOWEST      2           400 PM
 AVERAGE     9

..........................................................


THE THERMAL AIRPORT CA CLIMATE NORMALS FOR TODAY
                         NORMAL    RECORD    YEAR
 MAXIMUM TEMPERATURE (F)  106       120      1994
 MINIMUM TEMPERATURE (F)   70        60      1997


SUNRISE AND SUNSET
JUNE 28 2017..........SUNRISE   537 AM PDT   SUNSET   759 PM PDT
JUNE 29 2017..........SUNRISE   537 AM PDT   SUNSET   759 PM PDT


-  INDICATES NEGATIVE NUMBERS.
R  INDICATES RECORD WAS SET OR TIED.
MM INDICATES DATA IS MISSING.
T  INDICATES TRACE AMOUNT.




$$
