000
CDUS46 KSGX 230017
CLITRM


CLIMATE REPORT
NATIONAL WEATHER SERVICE SAN DIEGO, CA
517 PM PDT TUE APR 22 2014


...................................

...THE THERMAL AIRPORT CA CLIMATE SUMMARY FOR APRIL 22 2014...
VALID TODAY AS OF 0500 PM LOCAL TIME.

CLIMATE NORMAL PERIOD 1981 TO 2010
CLIMATE RECORD PERIOD 1950 TO 2014


WEATHER ITEM   OBSERVED TIME   RECORD YEAR NORMAL DEPARTURE LAST
                VALUE   (LST)  VALUE       VALUE  FROM      YEAR
                                                  NORMAL
..................................................................
TEMPERATURE (F)
 TODAY
  MAXIMUM         93   1247 PM 104    2012  89      4       94
  MINIMUM         62    325 AM  44    1970  55      7       49
  AVERAGE         78                        72      6       72

PRECIPITATION (IN)
  TODAY            0.00          T    2005   0.00   0.00     0.00
                                      2005
                                      2010
  MONTH TO DATE    0.00                      0.05  -0.05     0.00
  SINCE JUL 1      1.55                      3.14  -1.59     2.62
  SINCE JAN 1      0.08                      1.76  -1.68     0.44

SNOWFALL (IN)
  TODAY            0.0
  MONTH TO DATE    0.0
  SINCE JAN 1      0.0
  SINCE JUL 1      0.0
  SNOW DEPTH       0

DEGREE DAYS
 HEATING
  TODAY            0                         0      0        0
  MONTH TO DATE    9                        19    -10        2
  SINCE MAR 1     32                       111    -79       36
  SINCE JUL 1    821                      1176   -355     1124

 COOLING
  TODAY           13                         7      6        7
  MONTH TO DATE  184                       115     69      145
  SINCE MAR 1    288                       177    111      307
  SINCE JAN 1    298                       189    109      307
..................................................................


WIND (MPH)
  RESULTANT WIND SPEED   5   RESULTANT WIND DIRECTION   W (290)
  HIGHEST WIND SPEED    22   HIGHEST WIND DIRECTION     W (250)
  HIGHEST GUST SPEED    30   HIGHEST GUST DIRECTION     W (250)
  AVERAGE WIND SPEED     9.1


SKY COVER
  POSSIBLE SUNSHINE  MM
  AVERAGE SKY COVER 0.0


WEATHER CONDITIONS
 THE FOLLOWING WEATHER WAS RECORDED TODAY.
  NO SIGNIFICANT WEATHER WAS OBSERVED.


RELATIVE HUMIDITY (PERCENT)
 HIGHEST    40           200 AM
 LOWEST      7           300 PM
 AVERAGE    24

..........................................................


THE THERMAL AIRPORT CA CLIMATE NORMALS FOR TOMORROW
                         NORMAL    RECORD    YEAR
 MAXIMUM TEMPERATURE (F)   89       100      1987
 MINIMUM TEMPERATURE (F)   55        43      2010


SUNRISE AND SUNSET
APRIL 22 2014.........SUNRISE   606 AM PDT   SUNSET   721 PM PDT
APRIL 23 2014.........SUNRISE   605 AM PDT   SUNSET   722 PM PDT


-  INDICATES NEGATIVE NUMBERS.
R  INDICATES RECORD WAS SET OR TIED.
MM INDICATES DATA IS MISSING.
T  INDICATES TRACE AMOUNT.




$$
