000
CDUS46 KPQR 311150
CLITTD


CLIMATE REPORT
NATIONAL WEATHER SERVICE PORTLAND OREGON
449 AM PDT TUE MAY 31 2016


...................................

...THE TROUTDALE OR CLIMATE SUMMARY FOR MAY 30 2016...

CLIMATE NORMAL PERIOD 1981 TO 2010
CLIMATE RECORD PERIOD 1948 TO 2016


WEATHER ITEM   OBSERVED TIME   RECORD YEAR NORMAL DEPARTURE LAST
                VALUE   (LST)  VALUE       VALUE  FROM      YEAR
                                                  NORMAL
..................................................................
TEMPERATURE (F)
 YESTERDAY
  MAXIMUM         78    422 PM  89    2007  71      7       79
  MINIMUM         44    445 AM  37    1952  49     -5       52
  AVERAGE         61                        60      1       66

PRECIPITATION (IN)
  YESTERDAY        0.00                      0.09  -0.09     0.00
  MONTH TO DATE    1.87                      2.84  -0.97     0.82
  SINCE OCT 1     36.89                     41.00  -4.11    28.34
  SINCE JAN 1     17.07                     22.60  -5.53    13.38

DEGREE DAYS
 HEATING
  YESTERDAY        4                         6     -2        0
  MONTH TO DATE  120                       247   -127      150

 COOLING
  YESTERDAY        0                         1     -1        1
  MONTH TO DATE   23                        13     10       13
..................................................................


WIND (MPH)
  HIGHEST WIND SPEED    12   HIGHEST WIND DIRECTION    NW (310)
  HIGHEST GUST SPEED    16   HIGHEST GUST DIRECTION    NW (330)
  AVERAGE WIND SPEED     3.5


SKY COVER
  POSSIBLE SUNSHINE  MM
  AVERAGE SKY COVER 0.0


WEATHER CONDITIONS
 THE FOLLOWING WEATHER WAS RECORDED YESTERDAY.
  NO SIGNIFICANT WEATHER WAS OBSERVED.


RELATIVE HUMIDITY (PERCENT)
 HIGHEST    86           300 AM
 LOWEST     31           300 PM
 AVERAGE    59

..........................................................


THE TROUTDALE OR CLIMATE NORMALS FOR TODAY
                         NORMAL    RECORD    YEAR
 MAXIMUM TEMPERATURE (F)   71        94      2001
 MINIMUM TEMPERATURE (F)   49        40      1950


SUNRISE AND SUNSET
MAY 31 2016...........SUNRISE   524 AM PDT   SUNSET   851 PM PDT
JUNE  1 2016..........SUNRISE   524 AM PDT   SUNSET   852 PM PDT


-  INDICATES NEGATIVE NUMBERS.
R  INDICATES RECORD WAS SET OR TIED.
MM INDICATES DATA IS MISSING.
T  INDICATES TRACE AMOUNT.




$$
