000
CDUS46 KPQR 290220
CLITTD


CLIMATE REPORT
NATIONAL WEATHER SERVICE PORTLAND OREGON
720 PM PDT THU AUG 28 2014


...................................

...THE TROUTDALE OR CLIMATE SUMMARY FOR AUGUST 28 2014...
VALID TODAY AS OF 0700 PM LOCAL TIME.

CLIMATE NORMAL PERIOD 1981 TO 2010
CLIMATE RECORD PERIOD 9999 TO 9999


WEATHER ITEM   OBSERVED TIME   NORMAL DEPARTURE LAST
                VALUE   (LST)  VALUE  FROM      YEAR
                                      NORMAL
......................................................
TEMPERATURE (F)
 TODAY
  MAXIMUM         84        MM  81      3       85
  MINIMUM         60        MM  52      8       63
  AVERAGE         72            66      6       74

PRECIPITATION (IN)
  TODAY            0.00          0.05  -0.05      T
  MONTH TO DATE    0.06          0.73  -0.67     0.08
  SINCE OCT 1     29.21         44.99 -15.78    36.58
  SINCE JAN 1     21.62         26.59  -4.97    16.60

DEGREE DAYS
 HEATING
  TODAY            0             1     -1        0
  MONTH TO DATE    0            28    -28        5

 COOLING
  TODAY            7             3      4        9
  MONTH TO DATE  232           113    119      170
......................................................


WIND (MPH)
  HIGHEST WIND SPEED     7   HIGHEST WIND DIRECTION     E (99)
  HIGHEST GUST SPEED    MM   HIGHEST GUST DIRECTION    MM
  AVERAGE WIND SPEED     3.0


SKY COVER
  POSSIBLE SUNSHINE  MM
  AVERAGE SKY COVER 0.3


WEATHER CONDITIONS
 THE FOLLOWING WEATHER WAS RECORDED TODAY.
  NO SIGNIFICANT WEATHER WAS OBSERVED.


RELATIVE HUMIDITY (PERCENT)
 HIGHEST    84           400 AM
 LOWEST     34           300 PM
 AVERAGE    59

..........................................................


THE TROUTDALE OR CLIMATE NORMALS FOR TOMORROW
                         NORMAL    RECORD    YEAR
 MAXIMUM TEMPERATURE (F)   80       101      1967
 MINIMUM TEMPERATURE (F)   52        41      1951


SUNRISE AND SUNSET
AUGUST 28 2014........SUNRISE   626 AM PDT   SUNSET   755 PM PDT
AUGUST 29 2014........SUNRISE   627 AM PDT   SUNSET   753 PM PDT


-  INDICATES NEGATIVE NUMBERS.
R  INDICATES RECORD WAS SET OR TIED.
MM INDICATES DATA IS MISSING.
T  INDICATES TRACE AMOUNT.




$$
