000
CDUS46 KPQR 121145
CLITTD


CLIMATE REPORT
NATIONAL WEATHER SERVICE PORTLAND OREGON
344 AM PST FRI FEB 12 2016


...................................

...THE TROUTDALE OR CLIMATE SUMMARY FOR FEBRUARY 11 2016...

CLIMATE NORMAL PERIOD 1981 TO 2010
CLIMATE RECORD PERIOD 1948 TO 2016


WEATHER ITEM   OBSERVED TIME   RECORD YEAR NORMAL DEPARTURE LAST
                VALUE   (LST)  VALUE       VALUE  FROM      YEAR
                                                  NORMAL
..................................................................
TEMPERATURE (F)
 YESTERDAY
  MAXIMUM         56   1146 AM  62    1971  49      7       56
  MINIMUM         50    421 PM  24    1982  35     15       45
  AVERAGE         53                        42     11       51

PRECIPITATION (IN)
  YESTERDAY        0.09                      0.19  -0.10      T
  MONTH TO DATE    0.56                      2.09  -1.53     2.36
  SINCE OCT 1     24.88                     26.67  -1.79    20.06
  SINCE JAN 1      5.06                      8.27  -3.21     5.10

DEGREE DAYS
 HEATING
  YESTERDAY       12                        23    -11       14
  MONTH TO DATE  179                       255    -76      159

 COOLING
  YESTERDAY        0                         0      0        0
  MONTH TO DATE    0                         0      0        0
..................................................................


WIND (MPH)
  HIGHEST WIND SPEED    26   HIGHEST WIND DIRECTION     E (90)
  HIGHEST GUST SPEED    33   HIGHEST GUST DIRECTION     E (90)
  AVERAGE WIND SPEED    17.2


SKY COVER
  POSSIBLE SUNSHINE  MM
  AVERAGE SKY COVER 0.9


WEATHER CONDITIONS
 THE FOLLOWING WEATHER WAS RECORDED YESTERDAY.
  RAIN
  LIGHT RAIN


RELATIVE HUMIDITY (PERCENT)
 HIGHEST    77          1200 AM
 LOWEST     66           700 AM
 AVERAGE    72

..........................................................


THE TROUTDALE OR CLIMATE NORMALS FOR TODAY
                         NORMAL    RECORD    YEAR
 MAXIMUM TEMPERATURE (F)   49        64      2015
                                             2014
 MINIMUM TEMPERATURE (F)   35        25      2009
                                             1968


SUNRISE AND SUNSET
FEBRUARY 12 2016......SUNRISE   717 AM PST   SUNSET   532 PM PST
FEBRUARY 13 2016......SUNRISE   715 AM PST   SUNSET   533 PM PST


-  INDICATES NEGATIVE NUMBERS.
R  INDICATES RECORD WAS SET OR TIED.
MM INDICATES DATA IS MISSING.
T  INDICATES TRACE AMOUNT.




$$
