000
CDUS46 KPQR 020223
CLITTD


CLIMATE REPORT
NATIONAL WEATHER SERVICE PORTLAND OREGON
723 PM PDT FRI AUG 1 2014


...................................

...THE TROUTDALE OR CLIMATE SUMMARY FOR AUGUST 1 2014...
VALID TODAY AS OF 0700 PM LOCAL TIME.

CLIMATE NORMAL PERIOD 1981 TO 2010
CLIMATE RECORD PERIOD 9999 TO 9999


WEATHER ITEM   OBSERVED TIME   NORMAL DEPARTURE LAST
                VALUE   (LST)  VALUE  FROM      YEAR
                                      NORMAL
......................................................
TEMPERATURE (F)
 TODAY
  MAXIMUM         90        MM  83      7       66
  MINIMUM         66        MM  55     11       58
  AVERAGE         78            69      9       62

PRECIPITATION (IN)
  TODAY            0.01          0.02  -0.01      T
  MONTH TO DATE    0.01          0.02  -0.01      T
  SINCE OCT 1     29.16         44.28 -15.12    36.50
  SINCE JAN 1     21.57         25.88  -4.31    16.52

DEGREE DAYS
 HEATING
  TODAY            0             1     -1        3
  MONTH TO DATE    0             1     -1        3

 COOLING
  TODAY           13             5      8        0
  MONTH TO DATE   13             5      8        0
......................................................


WIND (MPH)
  HIGHEST WIND SPEED     7   HIGHEST WIND DIRECTION     W (250)
  HIGHEST GUST SPEED    MM   HIGHEST GUST DIRECTION    MM
  AVERAGE WIND SPEED     3.2


SKY COVER
  POSSIBLE SUNSHINE  MM
  AVERAGE SKY COVER 0.1


WEATHER CONDITIONS
 THE FOLLOWING WEATHER WAS RECORDED TODAY.
  THUNDERSTORM
  LIGHT RAIN


RELATIVE HUMIDITY (PERCENT)
 HIGHEST    81           400 AM
 LOWEST     34           400 PM
 AVERAGE    58

..........................................................


THE TROUTDALE OR CLIMATE NORMALS FOR TOMORROW
                         NORMAL    RECORD    YEAR
 MAXIMUM TEMPERATURE (F)   83        99      1986
 MINIMUM TEMPERATURE (F)   55        46      1987


SUNRISE AND SUNSET
AUGUST  1 2014........SUNRISE   554 AM PDT   SUNSET   838 PM PDT
AUGUST  2 2014........SUNRISE   555 AM PDT   SUNSET   836 PM PDT


-  INDICATES NEGATIVE NUMBERS.
R  INDICATES RECORD WAS SET OR TIED.
MM INDICATES DATA IS MISSING.
T  INDICATES TRACE AMOUNT.




$$
