000
CDUS46 KPQR 311141
CLITTD


CLIMATE REPORT
NATIONAL WEATHER SERVICE PORTLAND OREGON
440 AM PDT FRI OCT 31 2014


...................................

...THE TROUTDALE OR CLIMATE SUMMARY FOR OCTOBER 30 2014...

CLIMATE NORMAL PERIOD 1981 TO 2010
CLIMATE RECORD PERIOD 9999 TO 9999


WEATHER ITEM   OBSERVED TIME   NORMAL DEPARTURE LAST
                VALUE   (LST)  VALUE  FROM      YEAR
                                      NORMAL
......................................................
TEMPERATURE (F)
 YESTERDAY
  MAXIMUM         60    120 PM  58      2       58
  MINIMUM         56   1159 PM  41     15       31
  AVERAGE         58            50      8       45

PRECIPITATION (IN)
  YESTERDAY        0.95          0.19   0.76     0.01
  MONTH TO DATE    5.90          3.75   2.15     1.59
  SINCE OCT 1      5.90          3.75   2.15     1.59
  SINCE JAN 1     28.60         32.32  -3.72    22.51

DEGREE DAYS
 HEATING
  YESTERDAY        7            15     -8       20
  MONTH TO DATE  160           333   -173      347

 COOLING
  YESTERDAY        0             0      0        0
  MONTH TO DATE   12             0     12        0
......................................................


WIND (MPH)
  HIGHEST WIND SPEED    25   HIGHEST WIND DIRECTION     E (90)
  HIGHEST GUST SPEED    32   HIGHEST GUST DIRECTION     E (90)
  AVERAGE WIND SPEED    15.5


SKY COVER
  POSSIBLE SUNSHINE  MM
  AVERAGE SKY COVER 0.7


WEATHER CONDITIONS
 THE FOLLOWING WEATHER WAS RECORDED YESTERDAY.
  RAIN
  LIGHT RAIN
  FOG


RELATIVE HUMIDITY (PERCENT)
 HIGHEST    93          1100 PM
 LOWEST     72           100 PM
 AVERAGE    83

..........................................................


THE TROUTDALE OR CLIMATE NORMALS FOR TODAY
                         NORMAL    RECORD    YEAR
 MAXIMUM TEMPERATURE (F)   58        69      1987
 MINIMUM TEMPERATURE (F)   41        30      1995


SUNRISE AND SUNSET
OCTOBER 31 2014.......SUNRISE   748 AM PDT   SUNSET   558 PM PDT
NOVEMBER  1 2014......SUNRISE   749 AM PDT   SUNSET   556 PM PDT


-  INDICATES NEGATIVE NUMBERS.
R  INDICATES RECORD WAS SET OR TIED.
MM INDICATES DATA IS MISSING.
T  INDICATES TRACE AMOUNT.




$$
