000
CDUS41 KPHI 242128
CLITTN


CLIMATE REPORT
NATIONAL WEATHER SERVICE MOUNT HOLLY NJ
427 PM EST FRI NOV 24 2017


...................................

...THE TRENTON NJ CLIMATE SUMMARY FOR NOVEMBER 24 2017...
VALID TODAY AS OF 0400 PM LOCAL TIME.

CLIMATE NORMAL PERIOD 1981 TO 2010
CLIMATE RECORD PERIOD 1865 TO 2017


WEATHER ITEM   OBSERVED TIME   RECORD YEAR NORMAL DEPARTURE LAST
                VALUE   (LST)  VALUE       VALUE  FROM      YEAR
                                                  NORMAL
..................................................................
TEMPERATURE (F)
 TODAY
  MAXIMUM         51    303 PM  71    2014  51      0       52
                                      1979
  MINIMUM         24    424 AM  16    1989  35    -11       35
                                      1880
  AVERAGE         38                        43     -5       44

PRECIPITATION (IN)
  TODAY            0.00          2.10 1901   0.11  -0.11      T
  MONTH TO DATE    1.52                      2.53  -1.01     0.66
  SINCE SEP 1      8.60                     10.98  -2.38     5.13
  SINCE JAN 1     39.77                     41.96  -2.19    29.93

DEGREE DAYS
 HEATING
  TODAY           27                        22      5       21
  MONTH TO DATE  475                       440     35      406
  SINCE SEP 1    668                       834   -166      700
  SINCE JUL 1    669                       837   -168      700

 COOLING
  TODAY            0                         0      0        0
  MONTH TO DATE    2                         0      2        0
  SINCE SEP 1    231                       109    122      230
  SINCE JAN 1   1151                       965    186     1381
..................................................................


WIND (MPH)
  HIGHEST WIND SPEED    10   HIGHEST WIND DIRECTION    SW (210)
  HIGHEST GUST SPEED    15   HIGHEST GUST DIRECTION     W (280)
  AVERAGE WIND SPEED     3.2


SKY COVER
  POSSIBLE SUNSHINE  MM
  AVERAGE SKY COVER 0.0


WEATHER CONDITIONS
 THE FOLLOWING WEATHER WAS RECORDED TODAY.
  NO SIGNIFICANT WEATHER WAS OBSERVED.


RELATIVE HUMIDITY (PERCENT)
 HIGHEST    88           500 AM
 LOWEST     30           200 PM
 AVERAGE    59

..........................................................


THE TRENTON NJ CLIMATE NORMALS FOR TOMORROW
                         NORMAL    RECORD    YEAR
 MAXIMUM TEMPERATURE (F)   51        72      1979
 MINIMUM TEMPERATURE (F)   35        19      2013


SUNRISE AND SUNSET
NOVEMBER 24 2017......SUNRISE   655 AM EST   SUNSET   436 PM EST
NOVEMBER 25 2017......SUNRISE   657 AM EST   SUNSET   436 PM EST


-  INDICATES NEGATIVE NUMBERS.
R  INDICATES RECORD WAS SET OR TIED.
MM INDICATES DATA IS MISSING.
T  INDICATES TRACE AMOUNT.




$$
