000
CDUS41 KPHI 270545
CLITTN


CLIMATE REPORT
NATIONAL WEATHER SERVICE MOUNT HOLLY NJ
145 AM EDT THU JUL 27 2017


...................................

...THE TRENTON NJ CLIMATE SUMMARY FOR JULY 26 2017...

CLIMATE NORMAL PERIOD 1981 TO 2010
CLIMATE RECORD PERIOD 1865 TO 2017


WEATHER ITEM   OBSERVED TIME   RECORD YEAR NORMAL DEPARTURE LAST
                VALUE   (LST)  VALUE       VALUE  FROM      YEAR
                                                  NORMAL
..................................................................
TEMPERATURE (F)
 YESTERDAY
  MAXIMUM         77    415 PM  99    1892  85     -8       91
  MINIMUM         65   1159 PM  53    1920  66     -1       71
  AVERAGE         71                        76     -5       81

PRECIPITATION (IN)
  YESTERDAY        0.00          2.80 1994   0.15  -0.15     0.00
  MONTH TO DATE    5.48                      4.17   1.31     5.88
  SINCE JUN 1     10.17                      8.58   1.59     7.99
  SINCE JAN 1     27.93                     26.10   1.83    22.03

DEGREE DAYS
 HEATING
  YESTERDAY        0                         0      0        0
  MONTH TO DATE    0                         0      0        0
  SINCE JUN 1     25                        24      1        8
  SINCE JUL 1      0                         0      0        0

 COOLING
  YESTERDAY        6                        11     -5       16
  MONTH TO DATE  323                       277     46      350
  SINCE JUN 1    552                       467     85      573
  SINCE JAN 1    635                       524    111      665
..................................................................


WIND (MPH)
  HIGHEST WIND SPEED    14   HIGHEST WIND DIRECTION    SE (140)
  HIGHEST GUST SPEED    16   HIGHEST GUST DIRECTION    SE (150)
  AVERAGE WIND SPEED     5.1


SKY COVER
  POSSIBLE SUNSHINE  MM
  AVERAGE SKY COVER 0.7


WEATHER CONDITIONS
 THE FOLLOWING WEATHER WAS RECORDED YESTERDAY.
  NO SIGNIFICANT WEATHER WAS OBSERVED.


RELATIVE HUMIDITY (PERCENT)
 HIGHEST    93          1200 AM
 LOWEST     60           200 PM
 AVERAGE    77

..........................................................


THE TRENTON NJ CLIMATE NORMALS FOR TODAY
                         NORMAL    RECORD    YEAR
 MAXIMUM TEMPERATURE (F)   85        98      1940
 MINIMUM TEMPERATURE (F)   66        53      1920


SUNRISE AND SUNSET
JULY 27 2017..........SUNRISE   553 AM EDT   SUNSET   818 PM EDT
JULY 28 2017..........SUNRISE   553 AM EDT   SUNSET   817 PM EDT


-  INDICATES NEGATIVE NUMBERS.
R  INDICATES RECORD WAS SET OR TIED.
MM INDICATES DATA IS MISSING.
T  INDICATES TRACE AMOUNT.




$$
