000
CDUS41 KPHI 240630
CLITTN


CLIMATE REPORT
NATIONAL WEATHER SERVICE MOUNT HOLLY NJ
129 AM EST FRI FEB 24 2017


...................................

...THE TRENTON NJ CLIMATE SUMMARY FOR FEBRUARY 23 2017...

CLIMATE NORMAL PERIOD 1981 TO 2010
CLIMATE RECORD PERIOD 1865 TO 2017


WEATHER ITEM   OBSERVED TIME   RECORD YEAR NORMAL DEPARTURE LAST
                VALUE   (LST)  VALUE       VALUE  FROM      YEAR
                                                  NORMAL
..................................................................
TEMPERATURE (F)
 YESTERDAY
  MAXIMUM         71    445 PM  74    1874  44     27       41
  MINIMUM         39    355 AM   1    1868  27     12       34
  AVERAGE         55                        36     19       38

PRECIPITATION (IN)
  YESTERDAY        0.00          1.40 1998   0.09  -0.09     0.21
  MONTH TO DATE    0.99                      1.84  -0.85     2.33
  SINCE DEC 1      7.01                      8.70  -1.69    10.03
  SINCE JAN 1      4.36                      5.00  -0.64     5.62

DEGREE DAYS
 HEATING
  YESTERDAY       10                        29    -19       27
  MONTH TO DATE  585                       724   -139      701
  SINCE DEC 1   2337                      2694   -357     2224
  SINCE JUL 1   3147                      3670   -523     2970

 COOLING
  YESTERDAY        0                         0      0        0
  MONTH TO DATE    0                         0      0        0
  SINCE DEC 1      0                         0      0        2
  SINCE JAN 1      0                         0      0        0
..................................................................


WIND (MPH)
  HIGHEST WIND SPEED    17   HIGHEST WIND DIRECTION    SW (210)
  HIGHEST GUST SPEED    24   HIGHEST GUST DIRECTION    SW (220)
  AVERAGE WIND SPEED     5.0


SKY COVER
  POSSIBLE SUNSHINE  MM
  AVERAGE SKY COVER 0.4


WEATHER CONDITIONS
 THE FOLLOWING WEATHER WAS RECORDED YESTERDAY.
  FOG
  FOG W/VISIBILITY <= 1/4 MILE
  HAZE


RELATIVE HUMIDITY (PERCENT)
 HIGHEST   100           400 AM
 LOWEST     57           400 PM
 AVERAGE    79

..........................................................


THE TRENTON NJ CLIMATE NORMALS FOR TODAY
                         NORMAL    RECORD    YEAR
 MAXIMUM TEMPERATURE (F)   45        74      1985
 MINIMUM TEMPERATURE (F)   27        -2      1889
                                             1873


SUNRISE AND SUNSET
FEBRUARY 24 2017......SUNRISE   640 AM EST   SUNSET   545 PM EST
FEBRUARY 25 2017......SUNRISE   638 AM EST   SUNSET   547 PM EST


-  INDICATES NEGATIVE NUMBERS.
R  INDICATES RECORD WAS SET OR TIED.
MM INDICATES DATA IS MISSING.
T  INDICATES TRACE AMOUNT.




$$
