000
CDUS41 KPHI 260631
CLITTN


CLIMATE REPORT
NATIONAL WEATHER SERVICE MOUNT HOLLY NJ
131 AM EST WED NOV 26 2014


...................................

...THE TRENTON NJ CLIMATE SUMMARY FOR NOVEMBER 25 2014...

CLIMATE NORMAL PERIOD 1981 TO 2010
CLIMATE RECORD PERIOD 1865 TO 2014


WEATHER ITEM   OBSERVED TIME   RECORD YEAR NORMAL DEPARTURE LAST
                VALUE   (LST)  VALUE       VALUE  FROM      YEAR
                                                  NORMAL
..................................................................
TEMPERATURE (F)
 YESTERDAY
  MAXIMUM         67    120 AM  72    1979  51     16       35
  MINIMUM         43   1055 PM  19    2013  35      8       19
  AVERAGE         55                        43     12       27

PRECIPITATION (IN)
  YESTERDAY        0.00          2.31 1950   0.12  -0.12     0.00
  MONTH TO DATE    3.13                      2.65   0.48     0.62
  SINCE SEP 1      7.32                     11.10  -3.78     3.88
  SINCE JAN 1     38.78                     42.08  -3.30    36.23

SNOWFALL (IN)
  YESTERDAY       MM            MM      MM  MM     MM       MM
  MONTH TO DATE   MM                        MM     MM       MM
  SINCE SEP 1     MM                        MM     MM       MM
  SINCE JUL 1     MM                        MM     MM       MM
  SNOW DEPTH      MM

DEGREE DAYS
 HEATING
  YESTERDAY       10                        22    -12       38
  MONTH TO DATE  526                       462     64      501
  SINCE SEP 1    818                       856    -38      847
  SINCE JUL 1    818                       859    -41      847

 COOLING
  YESTERDAY        0                         0      0        0
  MONTH TO DATE    0                         0      0        0
  SINCE SEP 1    147                       109     38      127
  SINCE JAN 1    930                       965    -35     1077
..................................................................


WIND (MPH)
  HIGHEST WIND SPEED    17   HIGHEST WIND DIRECTION    NW (300)
  HIGHEST GUST SPEED    24   HIGHEST GUST DIRECTION     W (270)
  AVERAGE WIND SPEED     6.8


SKY COVER
  POSSIBLE SUNSHINE  MM
  AVERAGE SKY COVER 0.1


WEATHER CONDITIONS
 THE FOLLOWING WEATHER WAS RECORDED YESTERDAY.
  HAZE


RELATIVE HUMIDITY (PERCENT)
 HIGHEST    73          1200 AM
 LOWEST     35           100 PM
 AVERAGE    54

..........................................................


THE TRENTON NJ CLIMATE NORMALS FOR TODAY
                         NORMAL    RECORD    YEAR
 MAXIMUM TEMPERATURE (F)   50        70      1946
                                             1896
 MINIMUM TEMPERATURE (F)   34        14      1938


SUNRISE AND SUNSET
NOVEMBER 26 2014......SUNRISE   657 AM EST   SUNSET   435 PM EST
NOVEMBER 27 2014......SUNRISE   658 AM EST   SUNSET   435 PM EST


-  INDICATES NEGATIVE NUMBERS.
R  INDICATES RECORD WAS SET OR TIED.
MM INDICATES DATA IS MISSING.
T  INDICATES TRACE AMOUNT.




$$
