000
CDUS41 KPHI 250633
CLITTN


CLIMATE REPORT
NATIONAL WEATHER SERVICE MOUNT HOLLY NJ
232 AM EDT TUE APR 25 2017


...................................

...THE TRENTON NJ CLIMATE SUMMARY FOR APRIL 24 2017...

CLIMATE NORMAL PERIOD 1981 TO 2010
CLIMATE RECORD PERIOD 1865 TO 2017


WEATHER ITEM   OBSERVED TIME   RECORD YEAR NORMAL DEPARTURE LAST
                VALUE   (LST)  VALUE       VALUE  FROM      YEAR
                                                  NORMAL
..................................................................
TEMPERATURE (F)
 YESTERDAY
  MAXIMUM         57    211 PM  84    2001  64     -7       67
  MINIMUM         44    248 AM  29    1930  44      0       42
  AVERAGE         51                        54     -3       55

PRECIPITATION (IN)
  YESTERDAY        0.02          1.50 1987   0.10  -0.08     0.00
  MONTH TO DATE    1.95                      2.97  -1.02     0.93
  SINCE MAR 1      6.56                      7.11  -0.55     2.55
  SINCE JAN 1     11.30                     12.58  -1.28     9.75

DEGREE DAYS
 HEATING
  YESTERDAY       14                        11      3       10
  MONTH TO DATE  239                       358   -119      342
  SINCE MAR 1   1027                      1090    -63      863
  SINCE JUL 1   4246                      4904   -658     3957

 COOLING
  YESTERDAY        0                         0      0        0
  MONTH TO DATE   10                         0     10        8
  SINCE MAR 1     10                         0     10       11
  SINCE JAN 1     10                         0     10       11
..................................................................


WIND (MPH)
  HIGHEST WIND SPEED    14   HIGHEST WIND DIRECTION    NE (60)
  HIGHEST GUST SPEED    17   HIGHEST GUST DIRECTION    NE (60)
  AVERAGE WIND SPEED     6.9


SKY COVER
  POSSIBLE SUNSHINE  MM
  AVERAGE SKY COVER 0.8


WEATHER CONDITIONS
 THE FOLLOWING WEATHER WAS RECORDED YESTERDAY.
  LIGHT RAIN


RELATIVE HUMIDITY (PERCENT)
 HIGHEST    93           400 AM
 LOWEST     54           700 PM
 AVERAGE    74

..........................................................


THE TRENTON NJ CLIMATE NORMALS FOR TODAY
                         NORMAL    RECORD    YEAR
 MAXIMUM TEMPERATURE (F)   65        91      1915
 MINIMUM TEMPERATURE (F)   44        30      1919


SUNRISE AND SUNSET
APRIL 25 2017.........SUNRISE   606 AM EDT   SUNSET   749 PM EDT
APRIL 26 2017.........SUNRISE   605 AM EDT   SUNSET   750 PM EDT


-  INDICATES NEGATIVE NUMBERS.
R  INDICATES RECORD WAS SET OR TIED.
MM INDICATES DATA IS MISSING.
T  INDICATES TRACE AMOUNT.




$$
