000
CDUS41 KPHI 280627
CLITTN


CLIMATE REPORT
NATIONAL WEATHER SERVICE MOUNT HOLLY NJ
126 AM EST SUN DEC 28 2014


...................................

...THE TRENTON NJ CLIMATE SUMMARY FOR DECEMBER 27 2014...

CLIMATE NORMAL PERIOD 1981 TO 2010
CLIMATE RECORD PERIOD 1865 TO 2014


WEATHER ITEM   OBSERVED TIME   RECORD YEAR NORMAL DEPARTURE LAST
                VALUE   (LST)  VALUE       VALUE  FROM      YEAR
                                                  NORMAL
..................................................................
TEMPERATURE (F)
 YESTERDAY
  MAXIMUM         56    358 PM  63    1949  40     16       43
  MINIMUM         30    433 AM   3    1989  24      6       25
  AVERAGE         43                        32     11       34

PRECIPITATION (IN)
  YESTERDAY        0.00          1.82 1894   0.09  -0.09     0.00
  MONTH TO DATE    4.14                      3.37   0.77     3.28
  SINCE DEC 1      4.14                      3.37   0.77     3.28
  SINCE JAN 1     43.99                     46.11  -2.12    42.09

SNOWFALL (IN)
  YESTERDAY       MM            MM      MM  MM     MM       MM
  MONTH TO DATE   MM                        MM     MM       MM
  SINCE DEC 1     MM                        MM     MM       MM
  SINCE JUL 1     MM                        MM     MM       MM
  SNOW DEPTH      MM

DEGREE DAYS
 HEATING
  YESTERDAY       22                        33    -11       31
  MONTH TO DATE  677                       787   -110      784
  SINCE DEC 1    677                       787   -110      784
  SINCE JUL 1   1647                      1763   -116     1771

 COOLING
  YESTERDAY        0                         0      0        0
  MONTH TO DATE    0                         0      0        0
  SINCE DEC 1      0                         0      0        0
  SINCE JAN 1    930                       965    -35     1077
..................................................................


WIND (MPH)
  HIGHEST WIND SPEED     9   HIGHEST WIND DIRECTION     S (180)
  HIGHEST GUST SPEED    13   HIGHEST GUST DIRECTION    SW (230)
  AVERAGE WIND SPEED     3.9


SKY COVER
  POSSIBLE SUNSHINE  MM
  AVERAGE SKY COVER 0.0


WEATHER CONDITIONS
 THE FOLLOWING WEATHER WAS RECORDED YESTERDAY.
  FOG
  HAZE


RELATIVE HUMIDITY (PERCENT)
 HIGHEST    82           500 AM
 LOWEST     38           200 PM
 AVERAGE    60

..........................................................


THE TRENTON NJ CLIMATE NORMALS FOR TODAY
                         NORMAL    RECORD    YEAR
 MAXIMUM TEMPERATURE (F)   40        66      2008
 MINIMUM TEMPERATURE (F)   24         6      1933
                                             1896


SUNRISE AND SUNSET
DECEMBER 28 2014......SUNRISE   721 AM EST   SUNSET   441 PM EST
DECEMBER 29 2014......SUNRISE   721 AM EST   SUNSET   441 PM EST


-  INDICATES NEGATIVE NUMBERS.
R  INDICATES RECORD WAS SET OR TIED.
MM INDICATES DATA IS MISSING.
T  INDICATES TRACE AMOUNT.




$$
