000
CDUS41 KPHI 022130
CLITTN


CLIMATE REPORT
NATIONAL WEATHER SERVICE MOUNT HOLLY NJ
429 PM EST FRI DEC 2 2016


...................................

...THE TRENTON NJ CLIMATE SUMMARY FOR DECEMBER 2 2016...
VALID TODAY AS OF 0400 PM LOCAL TIME.

CLIMATE NORMAL PERIOD 1981 TO 2010
CLIMATE RECORD PERIOD 1865 TO 2016


WEATHER ITEM   OBSERVED TIME   RECORD YEAR NORMAL DEPARTURE LAST
                VALUE   (LST)  VALUE       VALUE  FROM      YEAR
                                                  NORMAL
..................................................................
TEMPERATURE (F)
 TODAY
  MAXIMUM         51    218 PM  65    1980  48      3       58
                                      1970
  MINIMUM         34    320 AM  14    1946  32      2       48
  AVERAGE         43                        40      3       53

PRECIPITATION (IN)
  TODAY            0.00          2.10 1986   0.15  -0.15     0.15
  MONTH TO DATE    0.07                      0.30  -0.23     0.74
  SINCE DEC 1      0.07                      0.30  -0.23     0.74
  SINCE JAN 1     32.24                     43.04 -10.80    36.13

SNOWFALL (IN)
  TODAY           MM            MM      MM  MM     MM       MM
  MONTH TO DATE   MM                        MM     MM       MM
  SINCE DEC 1     MM                        MM     MM       MM
  SINCE JUL 1     MM                        MM     MM       MM
  SNOW DEPTH      MM

DEGREE DAYS
 HEATING
  TODAY           22                        25     -3       12
  MONTH TO DATE   38                        50    -12       30
  SINCE DEC 1     38                        50    -12       30
  SINCE JUL 1    848                      1026   -178      776

 COOLING
  TODAY            0                         0      0        0
  MONTH TO DATE    0                         0      0        0
  SINCE DEC 1      0                         0      0        0
  SINCE JAN 1   1381                       965    416     1275
..................................................................


WIND (MPH)
  HIGHEST WIND SPEED    18   HIGHEST WIND DIRECTION     W (280)
  HIGHEST GUST SPEED    28   HIGHEST GUST DIRECTION     W (260)
  AVERAGE WIND SPEED     9.4


SKY COVER
  POSSIBLE SUNSHINE  MM
  AVERAGE SKY COVER 0.1


WEATHER CONDITIONS
 THE FOLLOWING WEATHER WAS RECORDED TODAY.
  NO SIGNIFICANT WEATHER WAS OBSERVED.


RELATIVE HUMIDITY (PERCENT)
 HIGHEST    64           200 AM
 LOWEST     39           300 PM
 AVERAGE    52

..........................................................


THE TRENTON NJ CLIMATE NORMALS FOR TOMORROW
                         NORMAL    RECORD    YEAR
 MAXIMUM TEMPERATURE (F)   47        69      1998
 MINIMUM TEMPERATURE (F)   32        11      1976


SUNRISE AND SUNSET
DECEMBER  2 2016......SUNRISE   704 AM EST   SUNSET   433 PM EST
DECEMBER  3 2016......SUNRISE   705 AM EST   SUNSET   433 PM EST


-  INDICATES NEGATIVE NUMBERS.
R  INDICATES RECORD WAS SET OR TIED.
MM INDICATES DATA IS MISSING.
T  INDICATES TRACE AMOUNT.




$$
