000
CDUS44 KTSA 020649
CLITUL

CLIMATE REPORT
NATIONAL WEATHER SERVICE TULSA OK
147 AM CDT SUN AUG 2 2015


...................................

...THE TULSA OKLAHOMA CLIMATE SUMMARY FOR AUGUST 1 2015...

CLIMATE NORMAL PERIOD 1981 TO 2010
CLIMATE RECORD PERIOD 1882 TO 2015


WEATHER ITEM   OBSERVED TIME   RECORD YEAR NORMAL DEPARTURE LAST
                VALUE   (LST)  VALUE       VALUE  FROM      YEAR
                                                  NORMAL
..................................................................
TEMPERATURE (F)
 YESTERDAY
  MAXIMUM         94    153 PM 112    2012  94      0       84
  MINIMUM         71    454 AM  59    1925  73     -2       68
  AVERAGE         83                        84     -1       76

PRECIPITATION (IN)
  YESTERDAY        0.00          1.62 1915   0.09  -0.09     0.00
  MONTH TO DATE    0.00                      0.09  -0.09     0.00
  SINCE JUN 1     11.49                      8.17   3.32     9.09
  SINCE JAN 1     36.39                     24.67  11.72    17.54

DEGREE DAYS
 COOLING
  YESTERDAY       18                        19     -1       11
  MONTH TO DATE   18                        19     -1       11
  SINCE JUN 1   1101                       953    148      832
  SINCE JAN 1   1306                      1187    119     1103
..................................................................


WIND (MPH)
  HIGHEST WIND SPEED    14   HIGHEST WIND DIRECTION     S (180)
  HIGHEST GUST SPEED    18   HIGHEST GUST DIRECTION     S (200)
  AVERAGE WIND SPEED     4.6


SKY COVER
  POSSIBLE SUNSHINE  MM
  AVERAGE SKY COVER 0.6


WEATHER CONDITIONS
 THE FOLLOWING WEATHER WAS RECORDED YESTERDAY.
  NO SIGNIFICANT WEATHER WAS OBSERVED.


RELATIVE HUMIDITY (PERCENT)
 HIGHEST    93           500 AM
 LOWEST     32           300 PM
 AVERAGE    63

..........................................................


THE TULSA OKLAHOMA CLIMATE NORMALS FOR TODAY
                         NORMAL    RECORD    YEAR
 MAXIMUM TEMPERATURE (F)   94       112      2012
                                             2011
 MINIMUM TEMPERATURE (F)   73        57      1971


SUNRISE AND SUNSET
AUGUST  2 2015........SUNRISE   631 AM CDT   SUNSET   828 PM CDT
AUGUST  3 2015........SUNRISE   632 AM CDT   SUNSET   827 PM CDT


-  INDICATES NEGATIVE NUMBERS.
R  INDICATES RECORD WAS SET OR TIED.
MM INDICATES DATA IS MISSING.
T  INDICATES TRACE AMOUNT.




$$

&&
...........................................................

THE TULSA PRECIPITATION NORMALS FOR TODAY
                       NORMAL    RECORD      YEAR
  TODAY                 0.09      1.55       1917
  MONTH TO DATE         0.18
  YEAR TO DATE         24.76
...........................................................
ALL DATA MEASURED AT THE TULSA INTERNATIONAL AIRPORT...
EXCEPT SNOWFALL...WHICH IS MEASURED AT THE NWS OFFICE.
