000
CDUS44 KTSA 242131
CLITUL

CLIMATE REPORT
NATIONAL WEATHER SERVICE TULSA OK
430 PM CDT WED AUG 24 2016


...................................

...THE TULSA OKLAHOMA CLIMATE SUMMARY FOR AUGUST 24 2016...
VALID TODAY AS OF 0400 PM LOCAL TIME.

CLIMATE NORMAL PERIOD 1981 TO 2010
CLIMATE RECORD PERIOD 1882 TO 2016


WEATHER ITEM   OBSERVED TIME   RECORD YEAR NORMAL DEPARTURE LAST
                VALUE   (LST)  VALUE       VALUE  FROM      YEAR
                                                  NORMAL
..................................................................
TEMPERATURE (F)
 TODAY
  MAXIMUM         98    250 PM 108    2011  92      6       80
  MINIMUM         80    637 AM  53    1920  70     10       61
  AVERAGE         89                        81      8       71

PRECIPITATION (IN)
  TODAY            0.00          2.23 1911   0.10  -0.10      T
  MONTH TO DATE    2.19                      2.16   0.03     4.72
  SINCE JUN 1      6.72                     10.24  -3.52    16.21
  SINCE JAN 1     20.58                     26.74  -6.16    41.11

DEGREE DAYS
 COOLING
  TODAY           24                        16      8        6
  MONTH TO DATE  437                       427     10      373
  SINCE JUN 1   1607                      1361    246     1456
  SINCE JAN 1   1811                      1595    216     1661
..................................................................


WIND (MPH)
  HIGHEST WIND SPEED    24   HIGHEST WIND DIRECTION     S (170)
  HIGHEST GUST SPEED    32   HIGHEST GUST DIRECTION     S (170)
  AVERAGE WIND SPEED    14.2


SKY COVER
  POSSIBLE SUNSHINE  MM
  AVERAGE SKY COVER 0.6


WEATHER CONDITIONS
 THE FOLLOWING WEATHER WAS RECORDED TODAY.
  NO SIGNIFICANT WEATHER WAS OBSERVED.


RELATIVE HUMIDITY (PERCENT)
 HIGHEST    74           500 AM
 LOWEST     35           300 PM
 AVERAGE    55

..........................................................


THE TULSA OKLAHOMA CLIMATE NORMALS FOR TOMORROW
                         NORMAL    RECORD    YEAR
 MAXIMUM TEMPERATURE (F)   92       105      1978
 MINIMUM TEMPERATURE (F)   70        56      2015


SUNRISE AND SUNSET
AUGUST 24 2016........SUNRISE   649 AM CDT   SUNSET   802 PM CDT
AUGUST 25 2016........SUNRISE   650 AM CDT   SUNSET   800 PM CDT


-  INDICATES NEGATIVE NUMBERS.
R  INDICATES RECORD WAS SET OR TIED.
MM INDICATES DATA IS MISSING.
T  INDICATES TRACE AMOUNT.




$$

&&
...........................................................

TULSA RECORD LOW MAX AND HIGH MIN TEMPERATURES FOR TOMORROW
                      RECORD        YEAR
  LOW MAXIMUM           73          1942
  HIGH MINIMUM          80          *1998
...........................................................
ALL DATA MEASURED AT THE TULSA INTERNATIONAL AIRPORT...
EXCEPT SNOWFALL...WHICH IS MEASURED AT THE NWS OFFICE.
