000
CDUS44 KTSA 272134
CLITUL

CLIMATE REPORT
NATIONAL WEATHER SERVICE TULSA OK
418 PM CDT THU JUL 27 2017


...................................

...THE TULSA OKLAHOMA CLIMATE SUMMARY FOR JULY 27 2017...
VALID TODAY AS OF 0400 PM LOCAL TIME.

CLIMATE NORMAL PERIOD 1981 TO 2010
CLIMATE RECORD PERIOD 1882 TO 2017


WEATHER ITEM   OBSERVED TIME   RECORD YEAR NORMAL DEPARTURE LAST
                VALUE   (LST)  VALUE       VALUE  FROM      YEAR
                                                  NORMAL
..................................................................
TEMPERATURE (F)
 TODAY
  MAXIMUM         91    251 PM 107    2011  94     -3       94
  MINIMUM         78    832 AM  59    1971  73      5       74
  AVERAGE         85                        84      1       84

PRECIPITATION (IN)
  TODAY            0.23          7.54 1963   0.10   0.13      T
  MONTH TO DATE    2.23                      2.99  -0.76     3.08
  SINCE JUN 1      5.00                      7.71  -2.71     3.85
  SINCE JAN 1     28.93                     24.21   4.72    17.71

DEGREE DAYS
 COOLING
  TODAY           20                        19      1       19
  MONTH TO DATE  524                       480     44      563
  SINCE JUN 1    924                       859     65     1096
  SINCE JAN 1   1211                      1093    118     1300
..................................................................


WIND (MPH)
  HIGHEST WIND SPEED    18   HIGHEST WIND DIRECTION     S (180)
  HIGHEST GUST SPEED    22   HIGHEST GUST DIRECTION     S (170)
  AVERAGE WIND SPEED     8.6


SKY COVER
  POSSIBLE SUNSHINE  MM
  AVERAGE SKY COVER 1.0


WEATHER CONDITIONS
 THE FOLLOWING WEATHER WAS RECORDED TODAY.
  RAIN
  LIGHT RAIN
  FOG


RELATIVE HUMIDITY (PERCENT)
 HIGHEST    97           900 AM
 LOWEST     56           300 PM
 AVERAGE    77

..........................................................


THE TULSA OKLAHOMA CLIMATE NORMALS FOR TOMORROW
                         NORMAL    RECORD    YEAR
 MAXIMUM TEMPERATURE (F)   94       109      1936
 MINIMUM TEMPERATURE (F)   73        58      2005


SUNRISE AND SUNSET
JULY 27 2017..........SUNRISE   627 AM CDT   SUNSET   833 PM CDT
JULY 28 2017..........SUNRISE   628 AM CDT   SUNSET   832 PM CDT


-  INDICATES NEGATIVE NUMBERS.
R  INDICATES RECORD WAS SET OR TIED.
MM INDICATES DATA IS MISSING.
T  INDICATES TRACE AMOUNT.




$$

&&
...........................................................

TULSA RECORD LOW MAX AND HIGH MIN TEMPERATURES FOR TOMORROW
                      RECORD        YEAR
  LOW MAXIMUM           79          1911
  HIGH MINIMUM          83          1986
...........................................................
ALL DATA MEASURED AT THE TULSA INTERNATIONAL AIRPORT...
EXCEPT SNOWFALL...WHICH IS MEASURED AT THE NWS OFFICE.
