000
CDUS44 KTSA 140656
CLITUL

CLIMATE REPORT
NATIONAL WEATHER SERVICE TULSA OK
1247 AM CST SUN FEB 14 2016


...................................

...THE TULSA OKLAHOMA CLIMATE SUMMARY FOR FEBRUARY 13 2016...

CLIMATE NORMAL PERIOD 1981 TO 2010
CLIMATE RECORD PERIOD 1882 TO 2016


WEATHER ITEM   OBSERVED TIME   RECORD YEAR NORMAL DEPARTURE LAST
                VALUE   (LST)  VALUE       VALUE  FROM      YEAR
                                                  NORMAL
..................................................................
TEMPERATURE (F)
 YESTERDAY
  MAXIMUM         53    407 PM  84    1962  53      0       62
  MINIMUM         28    740 AM -15    1905  31     -3       26
  AVERAGE         41                        42     -1       44

PRECIPITATION (IN)
  YESTERDAY        0.00          0.70 1946   0.06  -0.06     0.00
  MONTH TO DATE    0.11                      0.76  -0.65     0.11
  SINCE DEC 1      9.32                      4.91   4.41     2.83
  SINCE JAN 1      0.72                      2.42  -1.70     0.86

SNOWFALL (IN)
  YESTERDAY        0.0                                       0.0
  MONTH TO DATE    0.0                                        T
  SINCE DEC 1      3.0                                       2.0
  SINCE JUL 1      3.0                                       2.4

DEGREE DAYS
 HEATING
  YESTERDAY       24                        23      1       21
  MONTH TO DATE  282                       322    -40      310
  SINCE DEC 1   1669                      1959   -290     1819
  SINCE JUL 1   2144                      2595   -451     2520
..................................................................


WIND (MPH)
  HIGHEST WIND SPEED    22   HIGHEST WIND DIRECTION    NE (40)
  HIGHEST GUST SPEED    26   HIGHEST GUST DIRECTION    NE (40)
  AVERAGE WIND SPEED    10.4


SKY COVER
  POSSIBLE SUNSHINE  MM
  AVERAGE SKY COVER 0.5


WEATHER CONDITIONS
 THE FOLLOWING WEATHER WAS RECORDED YESTERDAY.
  NO SIGNIFICANT WEATHER WAS OBSERVED.


RELATIVE HUMIDITY (PERCENT)
 HIGHEST    58           500 AM
 LOWEST     33          1100 AM
 AVERAGE    46

..........................................................


THE TULSA OKLAHOMA CLIMATE NORMALS FOR TODAY
                         NORMAL    RECORD    YEAR
 MAXIMUM TEMPERATURE (F)   53        80      1910
 MINIMUM TEMPERATURE (F)   31       -10      1905


SUNRISE AND SUNSET
FEBRUARY 14 2016......SUNRISE   713 AM CST   SUNSET   603 PM CST
FEBRUARY 15 2016......SUNRISE   712 AM CST   SUNSET   604 PM CST


-  INDICATES NEGATIVE NUMBERS.
R  INDICATES RECORD WAS SET OR TIED.
MM INDICATES DATA IS MISSING.
T  INDICATES TRACE AMOUNT.




$$

&&
...........................................................

THE TULSA PRECIPITATION NORMALS FOR TODAY
                       NORMAL    RECORD      YEAR
  TODAY                 0.07      1.01       1951
  MONTH TO DATE         0.83
  YEAR TO DATE          2.49
...........................................................
ALL DATA MEASURED AT THE TULSA INTERNATIONAL AIRPORT...
EXCEPT SNOWFALL...WHICH IS MEASURED AT THE NWS OFFICE.
