000
CDUS44 KTSA 201517
CLITUL

CLIMATE REPORT
NATIONAL WEATHER SERVICE TULSA OK
912 AM CST SAT DEC 20 2014


...................................

...THE TULSA OKLAHOMA CLIMATE SUMMARY FOR DECEMBER 20 2014...
VALID AS OF 0900 AM LOCAL TIME.

CLIMATE NORMAL PERIOD 1981 TO 2010
CLIMATE RECORD PERIOD 1882 TO 2014


WEATHER ITEM   OBSERVED TIME   RECORD YEAR NORMAL DEPARTURE LAST
                VALUE   (LST)  VALUE       VALUE  FROM      YEAR
                                                  NORMAL
..................................................................
TEMPERATURE (F)
 TODAY
  MAXIMUM         39    759 AM  75    1966  48     -9       62
  MINIMUM         38    610 AM   3    1924  29      9       28
  AVERAGE         39                        38      1       45

PRECIPITATION (IN)
  TODAY            0.00          1.83 2006   0.08  -0.08     0.34
  MONTH TO DATE    1.79                      1.69   0.10     0.92
  SINCE DEC 1      1.79                      1.69   0.10     0.92
  SINCE JAN 1     29.42                     40.17 -10.75    32.23

SNOWFALL (IN)
  TODAY            0.0                                       0.0
  MONTH TO DATE    T                                         5.0
  SINCE DEC 1      T                                         5.0
  SINCE JUL 1      0.4                                       5.0

DEGREE DAYS
 HEATING
  TODAY           26                        27     -1       20
  MONTH TO DATE  408                       493    -85      565
  SINCE DEC 1    408                       493    -85      565
  SINCE JUL 1   1109                      1129    -20     1266
..................................................................


WIND (MPH)
  HIGHEST WIND SPEED     5   HIGHEST WIND DIRECTION     S (180)
  HIGHEST GUST SPEED     6   HIGHEST GUST DIRECTION     S (170)
  AVERAGE WIND SPEED     2.4


SKY COVER
  POSSIBLE SUNSHINE  MM
  AVERAGE SKY COVER 1.0


WEATHER CONDITIONS
 THE FOLLOWING WEATHER WAS RECORDED TODAY.
  FOG


RELATIVE HUMIDITY (PERCENT)
 HIGHEST    92          1200 AM
 LOWEST     85           100 AM
 AVERAGE    89

..........................................................


THE TULSA OKLAHOMA CLIMATE NORMALS FOR TOMORROW
                         NORMAL    RECORD    YEAR
 MAXIMUM TEMPERATURE (F)   48        70      1979
 MINIMUM TEMPERATURE (F)   28         0      1989
                                             1983


SUNRISE AND SUNSET
DECEMBER 20 2014......SUNRISE   730 AM CST   SUNSET   512 PM CST
DECEMBER 21 2014......SUNRISE   731 AM CST   SUNSET   513 PM CST


-  INDICATES NEGATIVE NUMBERS.
R  INDICATES RECORD WAS SET OR TIED.
MM INDICATES DATA IS MISSING.
T  INDICATES TRACE AMOUNT.




$$

&&
...........................................................

HOURLY TEMPERATURE DATA
 YESTERDAY
11AM NOON  1PM  2PM  3PM  4PM  5PM  6PM  7PM  8PM  9PM 10PM 11PM
  38   39   40   41   41   41   41   40   40   40   40   39   39

 TODAY
 MID  1AM  2AM  3AM  4AM  5AM  6AM  7AM  8AM  9AM
  39   39   38   39   38   39   39   39   39   40
...........................................................
ALL DATA MEASURED AT THE TULSA INTERNATIONAL AIRPORT...
EXCEPT SNOWFALL...WHICH IS MEASURED AT THE NWS OFFICE.
