000
CDUS44 KTSA 021523
CLITUL

CLIMATE REPORT
NATIONAL WEATHER SERVICE TULSA OK
912 AM CST MON MAR 2 2015


...................................

...THE TULSA OKLAHOMA CLIMATE SUMMARY FOR MARCH 2 2015...
VALID AS OF 0900 AM LOCAL TIME.

CLIMATE NORMAL PERIOD 1981 TO 2010
CLIMATE RECORD PERIOD 1882 TO 2015


WEATHER ITEM   OBSERVED TIME   RECORD YEAR NORMAL DEPARTURE LAST
                VALUE   (LST)  VALUE       VALUE  FROM      YEAR
                                                  NORMAL
..................................................................
TEMPERATURE (F)
 TODAY
  MAXIMUM         30   1213 AM  84    1976  58    -28       23
  MINIMUM         23    656 AM   7    2014  36    -13        7
                                      1943
  AVERAGE         27                        47    -20       15

PRECIPITATION (IN)
  TODAY            0.00          2.06 1988   0.09  -0.09     0.34
  MONTH TO DATE    0.00                      0.18  -0.18     0.34
  SINCE MAR 1      0.00                      0.18  -0.18     0.34
  SINCE JAN 1      2.32                      3.69  -1.37     0.79

SNOWFALL (IN)
  TODAY            0.0                                       2.4
  MONTH TO DATE    0.0                                       2.4
  SINCE MAR 1      0.0                                       2.4
  SINCE JUL 1      8.2                                      12.4

DEGREE DAYS
 HEATING
  TODAY           38                        18     20       50
  MONTH TO DATE   72                        37     35       78
  SINCE MAR 1     72                        37     35       78
  SINCE JUL 1   3087                      2948    139     3379

 COOLING
  TODAY            0                         0      0        0
  MONTH TO DATE    0                         0      0        0
  SINCE MAR 1      0                         0      0        0
  SINCE JAN 1      0                         1     -1        0
..................................................................


WIND (MPH)
  HIGHEST WIND SPEED     9   HIGHEST WIND DIRECTION     N (350)
  HIGHEST GUST SPEED    11   HIGHEST GUST DIRECTION     N (10)
  AVERAGE WIND SPEED     6.3


SKY COVER
  POSSIBLE SUNSHINE  MM
  AVERAGE SKY COVER 1.0


WEATHER CONDITIONS
 THE FOLLOWING WEATHER WAS RECORDED TODAY.
  FOG
  HAZE


RELATIVE HUMIDITY (PERCENT)
 HIGHEST    88           300 AM
 LOWEST     69           900 AM
 AVERAGE    79

..........................................................


THE TULSA OKLAHOMA CLIMATE NORMALS FOR TOMORROW
                         NORMAL    RECORD    YEAR
 MAXIMUM TEMPERATURE (F)   58        82      1955
 MINIMUM TEMPERATURE (F)   36         3      1943


SUNRISE AND SUNSET
MARCH  2 2015.........SUNRISE   653 AM CST   SUNSET   619 PM CST
MARCH  3 2015.........SUNRISE   651 AM CST   SUNSET   620 PM CST


-  INDICATES NEGATIVE NUMBERS.
R  INDICATES RECORD WAS SET OR TIED.
MM INDICATES DATA IS MISSING.
T  INDICATES TRACE AMOUNT.




$$

&&
...........................................................

HOURLY TEMPERATURE DATA
 YESTERDAY
11AM NOON  1PM  2PM  3PM  4PM  5PM  6PM  7PM  8PM  9PM 10PM 11PM
  31   31   32   32   33   33   33   33   33   33   33   32   31

 TODAY
 MID  1AM  2AM  3AM  4AM  5AM  6AM  7AM  8AM  9AM
  30   28   28   25   25   24   23   24   27   31
...........................................................
ALL DATA MEASURED AT THE TULSA INTERNATIONAL AIRPORT...
EXCEPT SNOWFALL...WHICH IS MEASURED AT THE NWS OFFICE.
