000
CDUS44 KTSA 181516
CLITUL

CLIMATE REPORT
NATIONAL WEATHER SERVICE TULSA OK
912 AM CST MON DEC 18 2017


...................................

...THE TULSA OKLAHOMA CLIMATE SUMMARY FOR DECEMBER 18 2017...
VALID AS OF 0900 AM LOCAL TIME.

CLIMATE NORMAL PERIOD 1981 TO 2010
CLIMATE RECORD PERIOD 1882 TO 2017


WEATHER ITEM   OBSERVED TIME   RECORD YEAR NORMAL DEPARTURE LAST
                VALUE   (LST)  VALUE       VALUE  FROM      YEAR
                                                  NORMAL
..................................................................
TEMPERATURE (F)
 TODAY
  MAXIMUM         46    246 AM  72    1939  48     -2       20
  MINIMUM         44    759 AM   3    2016  29     15        3
  AVERAGE         45                        39      6       12

PRECIPITATION (IN)
  TODAY            0.00          2.30 1895   0.08  -0.08     0.00
  MONTH TO DATE    0.23                      1.53  -1.30     0.19
  SINCE DEC 1      0.23                      1.53  -1.30     0.19
  SINCE JAN 1     44.83                     40.01   4.82    27.94

SNOWFALL (IN)
  TODAY            0.0                                       0.0
  MONTH TO DATE    T                                         0.5
  SINCE DEC 1      T                                         0.5
  SINCE JUL 1      T                                         0.5

DEGREE DAYS
 HEATING
  TODAY           20                        26     -6       53
  MONTH TO DATE  340                       439    -99      506
  SINCE DEC 1    340                       439    -99      506
  SINCE JUL 1    842                      1075   -233      845
..................................................................


WIND (MPH)
  HIGHEST WIND SPEED    12   HIGHEST WIND DIRECTION    SW (240)
  HIGHEST GUST SPEED    16   HIGHEST GUST DIRECTION    SW (240)
  AVERAGE WIND SPEED     6.8


SKY COVER
  POSSIBLE SUNSHINE  MM
  AVERAGE SKY COVER 1.0


WEATHER CONDITIONS
 THE FOLLOWING WEATHER WAS RECORDED TODAY.
  FOG


RELATIVE HUMIDITY (PERCENT)
 HIGHEST   100           300 AM
 LOWEST     92           400 AM
 AVERAGE    96

..........................................................


THE TULSA OKLAHOMA CLIMATE NORMALS FOR TOMORROW
                         NORMAL    RECORD    YEAR
 MAXIMUM TEMPERATURE (F)   48        70      2012
                                             1967
 MINIMUM TEMPERATURE (F)   29        -1      1924


SUNRISE AND SUNSET
DECEMBER 18 2017......SUNRISE   729 AM CST   SUNSET   511 PM CST
DECEMBER 19 2017......SUNRISE   730 AM CST   SUNSET   512 PM CST


-  INDICATES NEGATIVE NUMBERS.
R  INDICATES RECORD WAS SET OR TIED.
MM INDICATES DATA IS MISSING.
T  INDICATES TRACE AMOUNT.




$$

&&
ALL DATA MEASURED AT THE TULSA INTERNATIONAL AIRPORT...
EXCEPT SNOWFALL...WHICH IS MEASURED AT THE NWS OFFICE.
