000
CDUS44 KMEG 282146
CLITUP


CLIMATE REPORT
NATIONAL WEATHER SERVICE MEMPHIS TN
445 PM CDT SUN AUG 28 2016


...................................

...THE TUPELO CLIMATE SUMMARY FOR AUGUST 28 2016...
VALID TODAY AS OF 0400 PM LOCAL TIME.

CLIMATE NORMAL PERIOD 1981 TO 2010
CLIMATE RECORD PERIOD 1930 TO 2016


WEATHER ITEM   OBSERVED TIME   RECORD YEAR NORMAL DEPARTURE LAST
                VALUE   (LST)  VALUE       VALUE  FROM      YEAR
                                                  NORMAL
..................................................................
TEMPERATURE (F)
 TODAY
  MAXIMUM         95    219 PM 106    2000  91      4       89
  MINIMUM         73    605 AM  54    1967  69      4       62
  AVERAGE         84                        80      4       76

PRECIPITATION (IN)
  TODAY            T             1.62 1940   0.09  -0.09     0.00
  MONTH TO DATE    5.35                      3.17   2.18     6.50
  SINCE JUN 1     13.75                     11.59   2.16    20.16
  SINCE JAN 1     35.85                     36.19  -0.34    52.57

SNOWFALL (IN)
  TODAY            0.0

DEGREE DAYS
 HEATING
  TODAY            0                         0      0        0
  MONTH TO DATE    0                         0      0        0
  SINCE JUN 1      0                         0      0        0
  SINCE JUL 1      0                         0      0        0

 COOLING
  TODAY           19                        15      4       11
  MONTH TO DATE  522                       446     76      398
  SINCE JUN 1   1582                      1351    231     1394
  SINCE JAN 1   1868                      1628    240     1699
..................................................................


WIND (MPH)
  HIGHEST WIND SPEED    14   HIGHEST WIND DIRECTION    NE (60)
  HIGHEST GUST SPEED    17   HIGHEST GUST DIRECTION     E (70)
  AVERAGE WIND SPEED     5.6


SKY COVER
  POSSIBLE SUNSHINE  MM
  AVERAGE SKY COVER 0.2


WEATHER CONDITIONS
 THE FOLLOWING WEATHER WAS RECORDED TODAY.
  LIGHT RAIN
  FOG


RELATIVE HUMIDITY (PERCENT)
 HIGHEST    93           300 AM
 LOWEST     39           100 PM
 AVERAGE    66

..........................................................


THE TUPELO CLIMATE NORMALS FOR TOMORROW
                         NORMAL    RECORD    YEAR
 MAXIMUM TEMPERATURE (F)   90       106      2000
 MINIMUM TEMPERATURE (F)   69        52      1986


SUNRISE AND SUNSET
AUGUST 28 2016........SUNRISE   626 AM CDT   SUNSET   726 PM CDT
AUGUST 29 2016........SUNRISE   627 AM CDT   SUNSET   724 PM CDT


-  INDICATES NEGATIVE NUMBERS.
R  INDICATES RECORD WAS SET OR TIED.
MM INDICATES DATA IS MISSING.
T  INDICATES TRACE AMOUNT.




$$
