000
CDUS44 KMEG 102252
CLITUP


CLIMATE REPORT
NATIONAL WEATHER SERVICE MEMPHIS TN
452 PM CST SAT DEC 10 2016


...................................

...THE TUPELO CLIMATE SUMMARY FOR DECEMBER 10 2016...
VALID TODAY AS OF 0400 PM LOCAL TIME.

CLIMATE NORMAL PERIOD 1981 TO 2010
CLIMATE RECORD PERIOD 1930 TO 2016


WEATHER ITEM   OBSERVED TIME   RECORD YEAR NORMAL DEPARTURE LAST
                VALUE   (LST)  VALUE       VALUE  FROM      YEAR
                                                  NORMAL
..................................................................
TEMPERATURE (F)
 TODAY
  MAXIMUM         48    256 PM  75    2007  55     -7       64
  MINIMUM         20    707 AM  12    1978  35    -15       44
  AVERAGE         34                        45    -11       54

PRECIPITATION (IN)
  TODAY            0.00          2.02 1932   0.23  -0.23     0.00
  MONTH TO DATE    2.52                      2.20   0.32     0.39
  SINCE DEC 1      2.52                      2.20   0.32     0.39
  SINCE JAN 1     43.89                     50.93  -7.04    63.79

SNOWFALL (IN)
  TODAY            0.0

DEGREE DAYS
 HEATING
  TODAY           31                        20     11       11
  MONTH TO DATE  225                       189     36      164
  SINCE DEC 1    225                       189     36      164
  SINCE JUL 1    519                       711   -192      505

 COOLING
  TODAY            0                         0      0        0
  MONTH TO DATE    0                         0      0        0
  SINCE DEC 1      0                         0      0        0
  SINCE JAN 1   2539                      2044    495     2148
..................................................................


WIND (MPH)
  HIGHEST WIND SPEED     7   HIGHEST WIND DIRECTION     E (100)
  HIGHEST GUST SPEED    11   HIGHEST GUST DIRECTION     E (80)
  AVERAGE WIND SPEED     4.1


SKY COVER
  POSSIBLE SUNSHINE  MM
  AVERAGE SKY COVER 0.0


WEATHER CONDITIONS
 THE FOLLOWING WEATHER WAS RECORDED TODAY.
  NO SIGNIFICANT WEATHER WAS OBSERVED.


RELATIVE HUMIDITY (PERCENT)
 HIGHEST    84           200 AM
 LOWEST     19           300 PM
 AVERAGE    52

..........................................................


THE TUPELO CLIMATE NORMALS FOR TOMORROW
                         NORMAL    RECORD    YEAR
 MAXIMUM TEMPERATURE (F)   55        78      2015
 MINIMUM TEMPERATURE (F)   35        11      1962


SUNRISE AND SUNSET
DECEMBER 10 2016......SUNRISE   651 AM CST   SUNSET   446 PM CST
DECEMBER 11 2016......SUNRISE   651 AM CST   SUNSET   446 PM CST


-  INDICATES NEGATIVE NUMBERS.
R  INDICATES RECORD WAS SET OR TIED.
MM INDICATES DATA IS MISSING.
T  INDICATES TRACE AMOUNT.




$$
