000
CDUS44 KMEG 280637
CLITUP


CLIMATE REPORT
NATIONAL WEATHER SERVICE MEMPHIS TN
135 AM CDT SUN MAY 28 2017


...................................

...THE TUPELO CLIMATE SUMMARY FOR MAY 27 2017...

CLIMATE NORMAL PERIOD 1981 TO 2010
CLIMATE RECORD PERIOD 1930 TO 2017


WEATHER ITEM   OBSERVED TIME   RECORD YEAR NORMAL DEPARTURE LAST
                VALUE   (LST)  VALUE       VALUE  FROM      YEAR
                                                  NORMAL
..................................................................
TEMPERATURE (F)
 YESTERDAY
  MAXIMUM         88    423 PM  95    2012  85      3       87
                                      1964
  MINIMUM         68    544 AM  42    1961  63      5       71
  AVERAGE         78                        74      4       79

PRECIPITATION (IN)
  YESTERDAY        T             1.38 1997   0.16  -0.16     0.00
  MONTH TO DATE    2.61                      4.90  -2.29     0.90
  SINCE MAR 1     12.21                     14.50  -2.29    14.64
  SINCE JAN 1     20.68                     23.94  -3.26    21.81

SNOWFALL (IN)
  YESTERDAY        0.0          MM      MM   0.0    0.0      0.0
  MONTH TO DATE    0.0                       0.0    0.0      0.0
  SINCE MAR 1      T                         0.3   -0.3      0.0
  SINCE JUL 1      T                         2.1   -2.1       T
  SNOW DEPTH       0

DEGREE DAYS
 HEATING
  YESTERDAY        0                         0      0        0
  MONTH TO DATE   27                        23      4       21
  SINCE MAR 1    368                       524   -156      345
  SINCE JUL 1   1986                      2955   -969     2282

 COOLING
  YESTERDAY       13                         9      4       14
  MONTH TO DATE  139                       163    -24      138
  SINCE MAR 1    284                       237     47      228
  SINCE JAN 1    296                       239     57      228
..................................................................


WIND (MPH)
  HIGHEST WIND SPEED    33   HIGHEST WIND DIRECTION     N (350)
  HIGHEST GUST SPEED    46   HIGHEST GUST DIRECTION     N (340)
  AVERAGE WIND SPEED     8.8


SKY COVER
  POSSIBLE SUNSHINE  MM
  AVERAGE SKY COVER 0.6


WEATHER CONDITIONS
 THE FOLLOWING WEATHER WAS RECORDED YESTERDAY.
  THUNDERSTORM


RELATIVE HUMIDITY (PERCENT)
 HIGHEST    79          1200 AM
 LOWEST     59           300 PM
 AVERAGE    69

..........................................................


THE TUPELO CLIMATE NORMALS FOR TODAY
                         NORMAL    RECORD    YEAR
 MAXIMUM TEMPERATURE (F)   85        95      1962
                                             1941
 MINIMUM TEMPERATURE (F)   63        47      1961


SUNRISE AND SUNSET
MAY 28 2017...........SUNRISE   546 AM CDT   SUNSET   800 PM CDT
MAY 29 2017...........SUNRISE   545 AM CDT   SUNSET   800 PM CDT


-  INDICATES NEGATIVE NUMBERS.
R  INDICATES RECORD WAS SET OR TIED.
MM INDICATES DATA IS MISSING.
T  INDICATES TRACE AMOUNT.




$$
