005
CDUS44 KMEG 220642
CLITUP


CLIMATE REPORT
NATIONAL WEATHER SERVICE MEMPHIS TN
142 AM CDT FRI MAY 22 2015


...................................

...THE TUPELO CLIMATE SUMMARY FOR MAY 21 2015...

CLIMATE NORMAL PERIOD 1981 TO 2010
CLIMATE RECORD PERIOD 1930 TO 2015


WEATHER ITEM   OBSERVED TIME   RECORD YEAR NORMAL DEPARTURE LAST
                VALUE   (LST)  VALUE       VALUE  FROM      YEAR
                                                  NORMAL
..................................................................
TEMPERATURE (F)
 YESTERDAY
  MAXIMUM         68   1207 AM  97    1941  83    -15       86
  MINIMUM         48   1157 PM  39    1981  61    -13       62
  AVERAGE         58                        72    -14       74

PRECIPITATION (IN)
  YESTERDAY        0.00          3.05 1955   0.18  -0.18     0.00
  MONTH TO DATE    2.68                      3.91  -1.23     2.88
  SINCE MAR 1     16.84                     13.51   3.33    12.56
  SINCE JAN 1     26.00                     22.95   3.05    18.65

SNOWFALL (IN)
  YESTERDAY        0.0          MM      MM   0.0    0.0      0.0
  MONTH TO DATE    0.0                       0.0    0.0      0.0
  SINCE MAR 1      0.1                       0.3   -0.2       T
  SINCE JUL 1      7.4                       2.1    5.3      0.5
  SNOW DEPTH       0

DEGREE DAYS
 HEATING
  YESTERDAY        7                         0      7        0
  MONTH TO DATE   17                        23     -6       30
  SINCE MAR 1    431                       524    -93      635
  SINCE JUL 1   3149                      2955    194     3465

 COOLING
  YESTERDAY        0                         8     -8        9
  MONTH TO DATE  146                       113     33      111
  SINCE MAR 1    222                       187     35      153
  SINCE JAN 1    222                       189     33      153
..................................................................


WIND (MPH)
  HIGHEST WIND SPEED    20   HIGHEST WIND DIRECTION    NE (40)
  HIGHEST GUST SPEED    22   HIGHEST GUST DIRECTION    NE (30)
  AVERAGE WIND SPEED     9.5


SKY COVER
  POSSIBLE SUNSHINE  MM
  AVERAGE SKY COVER 0.8


WEATHER CONDITIONS
 THE FOLLOWING WEATHER WAS RECORDED YESTERDAY.
  NO SIGNIFICANT WEATHER WAS OBSERVED.


RELATIVE HUMIDITY (PERCENT)
 HIGHEST    87           100 AM
 LOWEST     67           200 PM
 AVERAGE    77

..........................................................


THE TUPELO CLIMATE NORMALS FOR TODAY
                         NORMAL    RECORD    YEAR
 MAXIMUM TEMPERATURE (F)   83        95      1964
                                             1941
 MINIMUM TEMPERATURE (F)   61        43      2002
                                             1981


SUNRISE AND SUNSET
MAY 22 2015...........SUNRISE   549 AM CDT   SUNSET   755 PM CDT
MAY 23 2015...........SUNRISE   548 AM CDT   SUNSET   756 PM CDT


-  INDICATES NEGATIVE NUMBERS.
R  INDICATES RECORD WAS SET OR TIED.
MM INDICATES DATA IS MISSING.
T  INDICATES TRACE AMOUNT.




$$
