000
CDUS44 KMEG 182258
CLITUP


CLIMATE REPORT
NATIONAL WEATHER SERVICE MEMPHIS TN
458 PM CST THU JAN 18 2018


...................................

...THE TUPELO CLIMATE SUMMARY FOR JANUARY 18 2018...
VALID TODAY AS OF 0400 PM LOCAL TIME.

CLIMATE NORMAL PERIOD 1981 TO 2010
CLIMATE RECORD PERIOD 1930 TO 2018


WEATHER ITEM   OBSERVED TIME   RECORD YEAR NORMAL DEPARTURE LAST
                VALUE   (LST)  VALUE       VALUE  FROM      YEAR
                                                  NORMAL
..................................................................
TEMPERATURE (F)
 TODAY
  MAXIMUM         39    251 PM  74    1949  52    -13       59
  MINIMUM         11    710 AM   3    1930  31    -20       51
  AVERAGE         25                        42    -17       55

PRECIPITATION (IN)
  TODAY            0.00          2.17 2001   0.14  -0.14     0.02
  MONTH TO DATE    2.52                      2.60  -0.08     1.90
  SINCE DEC 1      8.98                      8.88   0.10     6.80
  SINCE JAN 1      2.52                      2.60  -0.08     1.90

SNOWFALL (IN)
  TODAY            0.0

DEGREE DAYS
 HEATING
  TODAY           40                        24     16       10
  MONTH TO DATE  578                       428    150      264
  SINCE DEC 1   1239                      1079    160      840
  SINCE JUL 1   1729                      1601    128     1134

 COOLING
  TODAY            0                         0      0        0
  MONTH TO DATE    0                         0      0        8
  SINCE DEC 1      0                         2     -2       15
  SINCE JAN 1      0                         0      0        8
..................................................................


WIND (MPH)
  HIGHEST WIND SPEED     7   HIGHEST WIND DIRECTION     S (200)
  HIGHEST GUST SPEED    10   HIGHEST GUST DIRECTION     S (200)
  AVERAGE WIND SPEED     0.9


SKY COVER
  POSSIBLE SUNSHINE  MM
  AVERAGE SKY COVER 0.0


WEATHER CONDITIONS
 THE FOLLOWING WEATHER WAS RECORDED TODAY.
  NO SIGNIFICANT WEATHER WAS OBSERVED.


RELATIVE HUMIDITY (PERCENT)
 HIGHEST    84           200 AM
 LOWEST     32           300 PM
 AVERAGE    58

..........................................................


THE TUPELO CLIMATE NORMALS FOR TOMORROW
                         NORMAL    RECORD    YEAR
 MAXIMUM TEMPERATURE (F)   52        77      1933
 MINIMUM TEMPERATURE (F)   32        -3      1977


SUNRISE AND SUNSET
JANUARY 18 2018.......SUNRISE   700 AM CST   SUNSET   511 PM CST
JANUARY 19 2018.......SUNRISE   700 AM CST   SUNSET   512 PM CST


-  INDICATES NEGATIVE NUMBERS.
R  INDICATES RECORD WAS SET OR TIED.
MM INDICATES DATA IS MISSING.
T  INDICATES TRACE AMOUNT.




$$
