000
CDUS44 KMEG 220636
CLITUP


CLIMATE REPORT
NATIONAL WEATHER SERVICE MEMPHIS TN
136 AM CDT TUE JUL 22 2014


...................................

...THE TUPELO CLIMATE SUMMARY FOR JULY 21 2014...

CLIMATE NORMAL PERIOD 1981 TO 2010
CLIMATE RECORD PERIOD 1930 TO 2014


WEATHER ITEM   OBSERVED TIME   RECORD YEAR NORMAL DEPARTURE LAST
                VALUE   (LST)  VALUE       VALUE  FROM      YEAR
                                                  NORMAL
..................................................................
TEMPERATURE (F)
 YESTERDAY
  MAXIMUM         86    438 PM 101    2006  92     -6       94
                                      1943
  MINIMUM         66    524 AM  58    1971  71     -5       75
  AVERAGE         76                        82     -6       85

PRECIPITATION (IN)
  YESTERDAY        T             1.93 1953   0.11  -0.11     0.00
  MONTH TO DATE    6.06                      2.70   3.36     1.13
  SINCE JUN 1     14.40                      7.22   7.18     3.17
  SINCE JAN 1     34.57                     31.82   2.75    31.60

SNOWFALL (IN)
  YESTERDAY        0.0          MM      MM   0.0    0.0      0.0
  MONTH TO DATE    0.0                       0.0    0.0      0.0
  SINCE JUN 1      0.0                       0.0    0.0      0.0
  SINCE JUL 1      0.0                       0.0    0.0      0.0
  SNOW DEPTH       0

DEGREE DAYS
 HEATING
  YESTERDAY        0                         0      0        0
  MONTH TO DATE    0                         0      0        0
  SINCE JUN 1      0                         0      0        0
  SINCE JUL 1      0                         0      0        0

 COOLING
  YESTERDAY       11                        17     -6       20
  MONTH TO DATE  243                       346   -103      326
  SINCE JUN 1    663                       741    -78      742
  SINCE JAN 1    937                      1018    -81      988
..................................................................


WIND (MPH)
  HIGHEST WIND SPEED    13   HIGHEST WIND DIRECTION    NE (50)
  HIGHEST GUST SPEED    16   HIGHEST GUST DIRECTION     N (20)
  AVERAGE WIND SPEED     4.6


SKY COVER
  POSSIBLE SUNSHINE  MM
  AVERAGE SKY COVER 0.0


WEATHER CONDITIONS
 THE FOLLOWING WEATHER WAS RECORDED YESTERDAY.
  LIGHT RAIN
  FOG
  HAZE


RELATIVE HUMIDITY (PERCENT)
 HIGHEST    97           100 AM
 LOWEST     48           100 PM
 AVERAGE    73

..........................................................


THE TUPELO CLIMATE NORMALS FOR TODAY
                         NORMAL    RECORD    YEAR
 MAXIMUM TEMPERATURE (F)   92       106      1943
 MINIMUM TEMPERATURE (F)   71        56      1971
                                             1944


SUNRISE AND SUNSET
JULY 22 2014..........SUNRISE   559 AM CDT   SUNSET   804 PM CDT
JULY 23 2014..........SUNRISE   600 AM CDT   SUNSET   803 PM CDT


-  INDICATES NEGATIVE NUMBERS.
R  INDICATES RECORD WAS SET OR TIED.
MM INDICATES DATA IS MISSING.
T  INDICATES TRACE AMOUNT.




$$
