000
CDUS44 KMEG 070642
CLITUP


CLIMATE REPORT
NATIONAL WEATHER SERVICE MEMPHIS TN
142 AM CDT TUE JUL 7 2015


...................................

...THE TUPELO CLIMATE SUMMARY FOR JULY 6 2015...

CLIMATE NORMAL PERIOD 1981 TO 2010
CLIMATE RECORD PERIOD 1930 TO 2015


WEATHER ITEM   OBSERVED TIME   RECORD YEAR NORMAL DEPARTURE LAST
                VALUE   (LST)  VALUE       VALUE  FROM      YEAR
                                                  NORMAL
..................................................................
TEMPERATURE (F)
 YESTERDAY
  MAXIMUM         85    450 PM 102    2012  91     -6       89
                                      1943
  MINIMUM         69    513 AM  52    1970  71     -2       63
  AVERAGE         77                        81     -4       76

PRECIPITATION (IN)
  YESTERDAY        0.00          1.56 1955   0.14  -0.14     0.00
  MONTH TO DATE    8.04                      0.84   7.20     0.12
  SINCE JUN 1     11.42                      5.36   6.06     8.46
  SINCE JAN 1     43.83                     29.96  13.87    28.63

SNOWFALL (IN)
  YESTERDAY        0.0          MM      MM   0.0    0.0      0.0
  MONTH TO DATE    0.0                       0.0    0.0      0.0
  SINCE JUN 1      0.0                       0.0    0.0      0.0
  SINCE JUL 1      0.0                       0.0    0.0      0.0
  SNOW DEPTH       0

DEGREE DAYS
 HEATING
  YESTERDAY        0                         0      0        0
  MONTH TO DATE    0                         0      0        0
  SINCE JUN 1      0                         0      0        0
  SINCE JUL 1      0                         0      0        0

 COOLING
  YESTERDAY       12                        16     -4       11
  MONTH TO DATE   72                        96    -24       71
  SINCE JUN 1    505                       491     14      491
  SINCE JAN 1    810                       768     42      765
..................................................................


WIND (MPH)
  HIGHEST WIND SPEED    12   HIGHEST WIND DIRECTION     W (260)
  HIGHEST GUST SPEED    15   HIGHEST GUST DIRECTION     W (270)
  AVERAGE WIND SPEED     6.2


SKY COVER
  POSSIBLE SUNSHINE  MM
  AVERAGE SKY COVER 0.5


WEATHER CONDITIONS
 THE FOLLOWING WEATHER WAS RECORDED YESTERDAY.
  FOG


RELATIVE HUMIDITY (PERCENT)
 HIGHEST    97           400 AM
 LOWEST     69          1100 AM
 AVERAGE    83

..........................................................


THE TUPELO CLIMATE NORMALS FOR TODAY
                         NORMAL    RECORD    YEAR
 MAXIMUM TEMPERATURE (F)   92       102      1977
 MINIMUM TEMPERATURE (F)   71        52      1972


SUNRISE AND SUNSET
JULY  7 2015..........SUNRISE   549 AM CDT   SUNSET   810 PM CDT
JULY  8 2015..........SUNRISE   550 AM CDT   SUNSET   810 PM CDT


-  INDICATES NEGATIVE NUMBERS.
R  INDICATES RECORD WAS SET OR TIED.
MM INDICATES DATA IS MISSING.
T  INDICATES TRACE AMOUNT.




$$
