000
CDUS44 KMEG 200739
CLITUP


CLIMATE REPORT
NATIONAL WEATHER SERVICE MEMPHIS TN
139 AM CST FRI JAN 20 2017


...................................

...THE TUPELO CLIMATE SUMMARY FOR JANUARY 19 2017...

CLIMATE NORMAL PERIOD 1981 TO 2010
CLIMATE RECORD PERIOD 1930 TO 2017


WEATHER ITEM   OBSERVED TIME   RECORD YEAR NORMAL DEPARTURE LAST
                VALUE   (LST)  VALUE       VALUE  FROM      YEAR
                                                  NORMAL
..................................................................
TEMPERATURE (F)
 YESTERDAY
  MAXIMUM         64    234 PM  77    1933  52     12       34
  MINIMUM         56   1159 PM  -3    1977  32     24       17
  AVERAGE         60                        42     18       26

PRECIPITATION (IN)
  YESTERDAY        2.18R         1.55 2002   0.15   2.03     0.00
  MONTH TO DATE    4.08                      2.75   1.33     0.58
  SINCE DEC 1      8.98                      9.03  -0.05     7.94
  SINCE JAN 1      4.08                      2.75   1.33     0.58

SNOWFALL (IN)
  YESTERDAY        0.0           0.7  1936   0.0    0.0      0.0
  MONTH TO DATE    T                         0.6   -0.6       T
  SINCE DEC 1      T                         0.9   -0.9       T
  SINCE JUL 1      T                         0.9   -0.9       T
  SNOW DEPTH       0

DEGREE DAYS
 HEATING
  YESTERDAY        5                        23    -18       39
  MONTH TO DATE  270                       451   -181      487
  SINCE DEC 1    846                      1102   -256      849
  SINCE JUL 1   1140                      1624   -484     1190

 COOLING
  YESTERDAY        0                         0      0        0
  MONTH TO DATE    8                         0      8        0
  SINCE DEC 1     15                         2     13       27
  SINCE JAN 1      8                         0      8        0
..................................................................


WIND (MPH)
  HIGHEST WIND SPEED    15   HIGHEST WIND DIRECTION    SE (140)
  HIGHEST GUST SPEED    19   HIGHEST GUST DIRECTION    SW (230)
  AVERAGE WIND SPEED     5.2


SKY COVER
  POSSIBLE SUNSHINE  MM
  AVERAGE SKY COVER 0.9


WEATHER CONDITIONS
 THE FOLLOWING WEATHER WAS RECORDED YESTERDAY.
  HEAVY RAIN
  RAIN
  LIGHT RAIN
  FOG


RELATIVE HUMIDITY (PERCENT)
 HIGHEST   100          1100 PM
 LOWEST     86           300 AM
 AVERAGE    93

..........................................................


THE TUPELO CLIMATE NORMALS FOR TODAY
                         NORMAL    RECORD    YEAR
 MAXIMUM TEMPERATURE (F)   52        77      1935
 MINIMUM TEMPERATURE (F)   32        -4      1985


SUNRISE AND SUNSET
JANUARY 20 2017.......SUNRISE   659 AM CST   SUNSET   514 PM CST
JANUARY 21 2017.......SUNRISE   659 AM CST   SUNSET   515 PM CST


-  INDICATES NEGATIVE NUMBERS.
R  INDICATES RECORD WAS SET OR TIED.
MM INDICATES DATA IS MISSING.
T  INDICATES TRACE AMOUNT.




$$
