000
CDUS45 KTWC 130730
CLITUS

CLIMATE REPORT
NATIONAL WEATHER SERVICE TUCSON AZ
1230 AM MST SAT FEB 13 2016


...................................

...THE TUCSON AZ CLIMATE SUMMARY FOR FEBRUARY 12 2016...

CLIMATE NORMAL PERIOD 1981 TO 2010
CLIMATE RECORD PERIOD 1895 TO 2016


WEATHER ITEM   OBSERVED TIME   RECORD YEAR NORMAL DEPARTURE LAST
                VALUE   (LST)  VALUE       VALUE  FROM      YEAR
                                                  NORMAL
..................................................................
TEMPERATURE (F)
 YESTERDAY
  MAXIMUM         87R   450 PM  86    1988  68     19       70
  MINIMUM         46    724 AM  20    1948  42      4       53
  AVERAGE         67                        55     12       62

PRECIPITATION (IN)
  YESTERDAY        0.00          0.87 1931   0.03  -0.03     0.00
  MONTH TO DATE    0.18                      0.38  -0.20     0.02
  SINCE OCT 1      4.59                      3.71   0.88     6.06
  SINCE JAN 1      1.71                      1.32   0.39     2.56

DEGREE DAYS
 HEATING
  YESTERDAY        0                        10    -10        3
  MONTH TO DATE  122                       128     -6       32
  SINCE DEC 1    913                       916     -3      654
  SINCE JUL 1   1108                      1122    -14      790

 COOLING
  YESTERDAY        2                         0      2        0
  MONTH TO DATE    2                         0      2        4
  SINCE DEC 1      2                         1      1        7
  SINCE JAN 1      2                         1      1        4
..................................................................


WIND (MPH)
  HIGHEST WIND SPEED    13   HIGHEST WIND DIRECTION    SE (150)
  HIGHEST GUST SPEED    18   HIGHEST GUST DIRECTION     S (160)
  AVERAGE WIND SPEED     6.8


SKY COVER
  POSSIBLE SUNSHINE  MM
  AVERAGE SKY COVER 0.0


WEATHER CONDITIONS
 THE FOLLOWING WEATHER WAS RECORDED YESTERDAY.
  NO SIGNIFICANT WEATHER WAS OBSERVED.


RELATIVE HUMIDITY (PERCENT)
 HIGHEST    39
 LOWEST      5
 AVERAGE    22

..........................................................


THE TUCSON AZ CLIMATE NORMALS FOR TODAY
                         NORMAL    RECORD    YEAR
 MAXIMUM TEMPERATURE (F)   68        89      1957
 MINIMUM TEMPERATURE (F)   42        21      1948


SUNRISE AND SUNSET
FEBRUARY 13 2016......SUNRISE   708 AM MST   SUNSET   608 PM MST
FEBRUARY 14 2016......SUNRISE   707 AM MST   SUNSET   609 PM MST


-  INDICATES NEGATIVE NUMBERS.
R  INDICATES RECORD WAS SET OR TIED.
MM INDICATES DATA IS MISSING.
T  INDICATES TRACE AMOUNT.




$$
