516
CDUS45 KTWC 260735 RRA
CLITUS

CLIMATE REPORT
NATIONAL WEATHER SERVICE TUCSON AZ
1234 AM MST THU MAY 26 2016


...................................

...THE TUCSON AZ CLIMATE SUMMARY FOR MAY 25 2016...

CLIMATE NORMAL PERIOD 1981 TO 2010
CLIMATE RECORD PERIOD 1895 TO 2016


WEATHER ITEM   OBSERVED TIME   RECORD YEAR NORMAL DEPARTURE LAST
                VALUE   (LST)  VALUE       VALUE  FROM      YEAR
                                                  NORMAL
..................................................................
TEMPERATURE (F)
 YESTERDAY
  MAXIMUM         89    338 PM 105    1896  95     -6       88
  MINIMUM         59    555 AM  43    1980  63     -4       57
  AVERAGE         74                        79     -5       73

PRECIPITATION (IN)
  YESTERDAY        0.00          0.08 1967   0.01  -0.01     0.00
  MONTH TO DATE    0.00                      0.18  -0.18     0.09
  SINCE OCT 1      5.41                      5.41   0.00     7.20
  SINCE JAN 1      2.53                      3.02  -0.49     3.70

DEGREE DAYS
 HEATING
  YESTERDAY        0                         0      0        0
  MONTH TO DATE    0                         3     -3        3
  SINCE MAR 1     89                       242   -153       63
  SINCE JUL 1   1217                      1509   -292      905

 COOLING
  YESTERDAY        9                        14     -5        8
  MONTH TO DATE  253                       259     -6      170
  SINCE MAR 1    468                       409     59      405
  SINCE JAN 1    502                       413     89      413
..................................................................


WIND (MPH)
  HIGHEST WIND SPEED    28   HIGHEST WIND DIRECTION    SW (230)
  HIGHEST GUST SPEED    34   HIGHEST GUST DIRECTION    SW (220)
  AVERAGE WIND SPEED    10.7


SKY COVER
  POSSIBLE SUNSHINE  MM
  AVERAGE SKY COVER 0.0


WEATHER CONDITIONS
 THE FOLLOWING WEATHER WAS RECORDED YESTERDAY.
  NO SIGNIFICANT WEATHER WAS OBSERVED.


RELATIVE HUMIDITY (PERCENT)
 HIGHEST    33
 LOWEST      7
 AVERAGE    20

..........................................................


THE TUCSON AZ CLIMATE NORMALS FOR TODAY
                         NORMAL    RECORD    YEAR
 MAXIMUM TEMPERATURE (F)   95       107      1951
 MINIMUM TEMPERATURE (F)   63        44      1916


SUNRISE AND SUNSET
MAY 26 2016...........SUNRISE   520 AM MST   SUNSET   722 PM MST
MAY 27 2016...........SUNRISE   520 AM MST   SUNSET   723 PM MST


-  INDICATES NEGATIVE NUMBERS.
R  INDICATES RECORD WAS SET OR TIED.
MM INDICATES DATA IS MISSING.
T  INDICATES TRACE AMOUNT.




$$
