000
CDUS45 KTWC 140030
CLITUS

CLIMATE REPORT
NATIONAL WEATHER SERVICE TUCSON AZ
528 PM MST SUN JUL 13 2014


...................................

...THE TUCSON AZ CLIMATE SUMMARY FOR JULY 13 2014...
VALID TODAY AS OF 0500 PM LOCAL TIME.

CLIMATE NORMAL PERIOD 1981 TO 2010
CLIMATE RECORD PERIOD 1895 TO 2014


WEATHER ITEM   OBSERVED TIME   RECORD YEAR NORMAL DEPARTURE LAST
                VALUE   (LST)  VALUE       VALUE  FROM      YEAR
                                                  NORMAL
..................................................................
TEMPERATURE (F)
 TODAY
  MAXIMUM        102    219 PM 110    1994 100      2      100
                                      1989
                                      1987
  MINIMUM         77    505 AM  62    1936  75      2       78
  AVERAGE         90                        88      2       89

PRECIPITATION (IN)
  TODAY            0.00          0.62 1912   0.07  -0.07      T
  MONTH TO DATE    0.70                      0.67   0.03     1.06
  SINCE OCT 1      4.36                      6.33  -1.97     4.04
  SINCE JAN 1      1.31                      3.94  -2.63     2.83

DEGREE DAYS
 HEATING
  TODAY            0                         0      0        0
  MONTH TO DATE    0                         0      0        0
  SINCE JUN 1      0                         0      0        0
  SINCE JUL 1      0                         0      0        0

 COOLING
  TODAY           25                        22      3       24
  MONTH TO DATE  302                       298      4      322
  SINCE JUN 1   1027                       892    135     1063
  SINCE JAN 1   1630                      1394    236     1774
..................................................................


WIND (MPH)
  HIGHEST WIND SPEED    26   HIGHEST WIND DIRECTION    SE (130)
  HIGHEST GUST SPEED    33   HIGHEST GUST DIRECTION    SE (150)
  AVERAGE WIND SPEED     9.4


SKY COVER
  POSSIBLE SUNSHINE  MM
  AVERAGE SKY COVER 0.1


WEATHER CONDITIONS
 THE FOLLOWING WEATHER WAS RECORDED TODAY.
  THUNDERSTORM


RELATIVE HUMIDITY (PERCENT)
 HIGHEST    56
 LOWEST     21
 AVERAGE    39

..........................................................


THE TUCSON AZ CLIMATE NORMALS FOR TOMORROW
                         NORMAL    RECORD    YEAR
 MAXIMUM TEMPERATURE (F)  100       109      1994
                                             1989
 MINIMUM TEMPERATURE (F)   75        65      2002
                                             1962


SUNRISE AND SUNSET
JULY 13 2014..........SUNRISE   527 AM MST   SUNSET   732 PM MST
JULY 14 2014..........SUNRISE   528 AM MST   SUNSET   731 PM MST


-  INDICATES NEGATIVE NUMBERS.
R  INDICATES RECORD WAS SET OR TIED.
MM INDICATES DATA IS MISSING.
T  INDICATES TRACE AMOUNT.




$$
