000
CDUS45 KTWC 220731
CLITUS

CLIMATE REPORT
NATIONAL WEATHER SERVICE TUCSON AZ
1230 AM MST SUN OCT 22 2017

...................................

...THE TUCSON AZ CLIMATE SUMMARY FOR OCTOBER 21 2017...

CLIMATE NORMAL PERIOD 1981 TO 2010
CLIMATE RECORD PERIOD 1895 TO 2017


WEATHER ITEM   OBSERVED TIME   RECORD YEAR NORMAL DEPARTURE LAST
                VALUE   (LST)  VALUE       VALUE  FROM      YEAR
                                                  NORMAL
..................................................................
TEMPERATURE (F)
 YESTERDAY
  MAXIMUM         83    240 PM  96    2016  83      0       96
                                      2003
                                      1909
  MINIMUM         56    630 AM  33    1920  55      1       71
  AVERAGE         70                        69      1       84

PRECIPITATION (IN)
  YESTERDAY        0.00          1.55 1978   0.02  -0.02     0.00
  MONTH TO DATE    0.00                      0.66  -0.66     0.10
  SINCE OCT 1      0.00                      0.66  -0.66     0.10
  SINCE JAN 1     10.18                      9.86   0.32    10.23

DEGREE DAYS
 HEATING
  YESTERDAY        0                         1     -1        0
  MONTH TO DATE    0                         7     -7        0
  SINCE SEP 1      0                         7     -7        0
  SINCE JUL 1      0                         7     -7        0

 COOLING
  YESTERDAY        5                         5      0       19
  MONTH TO DATE  298                       172    126      257
  SINCE SEP 1    844                       669    175      732
  SINCE JAN 1   3683                      3079    604     3442
..................................................................


WIND (MPH)
  HIGHEST WIND SPEED    13   HIGHEST WIND DIRECTION     N (350)
  HIGHEST GUST SPEED    20   HIGHEST GUST DIRECTION    NW (330)
  AVERAGE WIND SPEED     4.1


SKY COVER
  POSSIBLE SUNSHINE  MM
  AVERAGE SKY COVER  MM


WEATHER CONDITIONS
 THE FOLLOWING WEATHER WAS RECORDED YESTERDAY.
  NO SIGNIFICANT WEATHER WAS OBSERVED.


RELATIVE HUMIDITY (PERCENT)
 HIGHEST    MM
 LOWEST     MM
 AVERAGE    MM

..........................................................


THE TUCSON AZ CLIMATE NORMALS FOR TODAY
                         NORMAL    RECORD    YEAR
 MAXIMUM TEMPERATURE (F)   83        96      2016
 MINIMUM TEMPERATURE (F)   55        29      1908


SUNRISE AND SUNSET
OCTOBER 22 2017.......SUNRISE   633 AM MST   SUNSET   543 PM MST
OCTOBER 23 2017.......SUNRISE   634 AM MST   SUNSET   542 PM MST


-  INDICATES NEGATIVE NUMBERS.
R  INDICATES RECORD WAS SET OR TIED.
MM INDICATES DATA IS MISSING.
T  INDICATES TRACE AMOUNT.

$$
