000
CDUS45 KTWC 270734
CLITUS

CLIMATE REPORT
NATIONAL WEATHER SERVICE TUCSON AZ
1233 AM MST SAT DEC 27 2014


...................................

...THE TUCSON AZ CLIMATE SUMMARY FOR DECEMBER 26 2014...

CLIMATE NORMAL PERIOD 1981 TO 2010
CLIMATE RECORD PERIOD 1895 TO 2014


WEATHER ITEM   OBSERVED TIME   RECORD YEAR NORMAL DEPARTURE LAST
                VALUE   (LST)  VALUE       VALUE  FROM      YEAR
                                                  NORMAL
..................................................................
TEMPERATURE (F)
 YESTERDAY
  MAXIMUM         52    407 PM  82    1933  64    -12       66
  MINIMUM         35   1159 PM  16    1895  39     -4       46
  AVERAGE         44                        51     -7       56

PRECIPITATION (IN)
  YESTERDAY        0.00          0.68 1994   0.03  -0.03     0.00
  MONTH TO DATE    1.63                      0.78   0.85     0.83
  SINCE OCT 1      2.96                      2.24   0.72     3.05
  SINCE JAN 1      9.65                     11.44  -1.79     8.53

DEGREE DAYS
 HEATING
  YESTERDAY       21                        14      7        9
  MONTH TO DATE  237                       338   -101      303
  SINCE DEC 1    237                       338   -101      303
  SINCE JUL 1    373                       544   -171      409

 COOLING
  YESTERDAY        0                         0      0        0
  MONTH TO DATE    3                         0      3        0
  SINCE DEC 1      3                         0      3        0
  SINCE JAN 1   3619                      3146    473     3653
..................................................................


WIND (MPH)
  HIGHEST WIND SPEED    14   HIGHEST WIND DIRECTION     N (340)
  HIGHEST GUST SPEED    18   HIGHEST GUST DIRECTION    NW (320)
  AVERAGE WIND SPEED     4.7


SKY COVER
  POSSIBLE SUNSHINE  MM
  AVERAGE SKY COVER 0.2


WEATHER CONDITIONS
 THE FOLLOWING WEATHER WAS RECORDED YESTERDAY.
  NO SIGNIFICANT WEATHER WAS OBSERVED.


RELATIVE HUMIDITY (PERCENT)
 HIGHEST    89
 LOWEST     21
 AVERAGE    55

..........................................................


THE TUCSON AZ CLIMATE NORMALS FOR TODAY
                         NORMAL    RECORD    YEAR
 MAXIMUM TEMPERATURE (F)   64        82      1928
 MINIMUM TEMPERATURE (F)   39        20      1895


SUNRISE AND SUNSET
DECEMBER 27 2014......SUNRISE   723 AM MST   SUNSET   527 PM MST
DECEMBER 28 2014......SUNRISE   723 AM MST   SUNSET   527 PM MST


-  INDICATES NEGATIVE NUMBERS.
R  INDICATES RECORD WAS SET OR TIED.
MM INDICATES DATA IS MISSING.
T  INDICATES TRACE AMOUNT.




$$
