000
CDUS45 KTWC 230043
CLITUS

CLIMATE REPORT
NATIONAL WEATHER SERVICE TUCSON AZ
535 PM MST SUN JAN 22 2017

...................................

...THE TUCSON AZ CLIMATE SUMMARY FOR JANUARY 22 2017...
VALID TODAY AS OF 0500 PM LOCAL TIME.

CLIMATE NORMAL PERIOD 1981 TO 2010
CLIMATE RECORD PERIOD 1895 TO 2017


WEATHER ITEM   OBSERVED TIME   RECORD YEAR NORMAL DEPARTURE LAST
                VALUE   (LST)  VALUE       VALUE  FROM      YEAR
                                                  NORMAL
..................................................................
TEMPERATURE (F)
 TODAY
  MAXIMUM         64    428 PM  81    2013  66     -2       77
  MINIMUM         38    432 AM  15    1937  40     -2       41
                                      1904
  AVERAGE         51                        53     -2       59

PRECIPITATION (IN)
  TODAY            0.00          1.11 2010   0.03  -0.03     0.00
  MONTH TO DATE    1.04                      0.66   0.38     1.53
  SINCE OCT 1      2.72                      3.05  -0.33     4.41
  SINCE JAN 1      1.04                      0.66   0.38     1.53

DEGREE DAYS
 HEATING
  TODAY           14                        12      2        6
  MONTH TO DATE  229                       278    -49      296
  SINCE DEC 1    493                       683   -190      706
  SINCE JUL 1    587                       889   -302      901

 COOLING
  TODAY            0                         0      0        0
  MONTH TO DATE    0                         0      0        0
  SINCE DEC 1      3                         0      3        0
  SINCE JAN 1      0                         0      0        0
..................................................................


WIND (MPH)
  HIGHEST WIND SPEED    13   HIGHEST WIND DIRECTION    SE (140)
  HIGHEST GUST SPEED    15   HIGHEST GUST DIRECTION     S (180)
  AVERAGE WIND SPEED     7.2


SKY COVER
  POSSIBLE SUNSHINE  MM
  AVERAGE SKY COVER  MM


WEATHER CONDITIONS
 THE FOLLOWING WEATHER WAS RECORDED TODAY.
  NO SIGNIFICANT WEATHER WAS OBSERVED.


RELATIVE HUMIDITY (PERCENT)
 HIGHEST    82
 LOWEST     22
 AVERAGE    52

..........................................................


THE TUCSON AZ CLIMATE NORMALS FOR TOMORROW
                         NORMAL    RECORD    YEAR
 MAXIMUM TEMPERATURE (F)   66        81      2016
 MINIMUM TEMPERATURE (F)   40        17      1937


SUNRISE AND SUNSET
JANUARY 22 2017.......SUNRISE   723 AM MST   SUNSET   549 PM MST
JANUARY 23 2017.......SUNRISE   722 AM MST   SUNSET   550 PM MST


-  INDICATES NEGATIVE NUMBERS.
R  INDICATES RECORD WAS SET OR TIED.
MM INDICATES DATA IS MISSING.
T  INDICATES TRACE AMOUNT.

$$
