000
CDUS45 KTWC 260734
CLITUS

CLIMATE REPORT
NATIONAL WEATHER SERVICE TUCSON AZ
1234 AM MST SUN MAR 26 2017

...................................

...THE TUCSON AZ CLIMATE SUMMARY FOR MARCH 25 2017...

CLIMATE NORMAL PERIOD 1981 TO 2010
CLIMATE RECORD PERIOD 1895 TO 2017


WEATHER ITEM   OBSERVED TIME   RECORD YEAR NORMAL DEPARTURE LAST
                VALUE   (LST)  VALUE       VALUE  FROM      YEAR
                                                  NORMAL
..................................................................
TEMPERATURE (F)
 YESTERDAY
  MAXIMUM         82    219 PM  94    1896  76      6       81
  MINIMUM         47    543 AM  25    1901  47      0       46
  AVERAGE         65                        62      3       64

PRECIPITATION (IN)
  YESTERDAY        0.00          1.42 1903   0.02  -0.02     0.00
  MONTH TO DATE    0.00                      0.61  -0.61     0.11
  SINCE OCT 1      3.06                      4.80  -1.74     4.70
  SINCE JAN 1      1.38                      2.41  -1.03     1.82

DEGREE DAYS
 HEATING
  YESTERDAY        0                         5     -5        1
  MONTH TO DATE   37                       155   -118       43
  SINCE MAR 1     37                       155   -118       43
  SINCE JUL 1    918                      1422   -504     1171

 COOLING
  YESTERDAY        0                         1     -1        0
  MONTH TO DATE  137                        17    120       68
  SINCE MAR 1    137                        17    120       68
  SINCE JAN 1    146                        21    125      102
..................................................................


WIND (MPH)
  HIGHEST WIND SPEED    21   HIGHEST WIND DIRECTION     W (280)
  HIGHEST GUST SPEED    27   HIGHEST GUST DIRECTION     W (270)
  AVERAGE WIND SPEED     8.4


SKY COVER
  POSSIBLE SUNSHINE  MM
  AVERAGE SKY COVER 0.0


WEATHER CONDITIONS
 THE FOLLOWING WEATHER WAS RECORDED YESTERDAY.
  NO SIGNIFICANT WEATHER WAS OBSERVED.


RELATIVE HUMIDITY (PERCENT)
 HIGHEST    37
 LOWEST     11
 AVERAGE    24

..........................................................


THE TUCSON AZ CLIMATE NORMALS FOR TODAY
                         NORMAL    RECORD    YEAR
 MAXIMUM TEMPERATURE (F)   77        99      1988
 MINIMUM TEMPERATURE (F)   48        26      1913


SUNRISE AND SUNSET
MARCH 26 2017.........SUNRISE   619 AM MST   SUNSET   640 PM MST
MARCH 27 2017.........SUNRISE   618 AM MST   SUNSET   640 PM MST


-  INDICATES NEGATIVE NUMBERS.
R  INDICATES RECORD WAS SET OR TIED.
MM INDICATES DATA IS MISSING.
T  INDICATES TRACE AMOUNT.

$$
