000
CDUS45 KTWC 120731
CLITUS

CLIMATE REPORT
NATIONAL WEATHER SERVICE TUCSON AZ
1230 AM MST TUE DEC 12 2017


...................................

...THE TUCSON AZ CLIMATE SUMMARY FOR DECEMBER 11 2017...

CLIMATE NORMAL PERIOD 1981 TO 2010
CLIMATE RECORD PERIOD 1895 TO 2017


WEATHER ITEM   OBSERVED TIME   RECORD YEAR NORMAL DEPARTURE LAST
                VALUE   (LST)  VALUE       VALUE  FROM      YEAR
                                                  NORMAL
..................................................................
TEMPERATURE (F)
 YESTERDAY
  MAXIMUM         73    356 PM  83    1939  65      8       75
  MINIMUM         57   1254 AM  15    1916  39     18       46
  AVERAGE         65                        52     13       61

PRECIPITATION (IN)
  YESTERDAY        0.00          1.02 1940   0.03  -0.03     0.00
  MONTH TO DATE    0.02                      0.33  -0.31     0.00
  SINCE OCT 1      0.11                      1.79  -1.68     0.60
  SINCE JAN 1     10.29                     10.99  -0.70    10.73

DEGREE DAYS
 HEATING
  YESTERDAY        0                        13    -13        4
  MONTH TO DATE   53                       132    -79      112
  SINCE DEC 1     53                       132    -79      112
  SINCE JUL 1     57                       338   -281      206

 COOLING
  YESTERDAY        0                         0      0        0
  MONTH TO DATE    9                         0      9        0
  SINCE DEC 1      9                         0      9        0
  SINCE JAN 1   3918                      3146    772     3652
..................................................................


WIND (MPH)
  HIGHEST WIND SPEED    20   HIGHEST WIND DIRECTION    SE (150)
  HIGHEST GUST SPEED    29   HIGHEST GUST DIRECTION    SE (130)
  AVERAGE WIND SPEED    10.2


SKY COVER
  POSSIBLE SUNSHINE  MM
  AVERAGE SKY COVER  MM


WEATHER CONDITIONS
 THE FOLLOWING WEATHER WAS RECORDED YESTERDAY.
  HAZE


RELATIVE HUMIDITY (PERCENT)
 HIGHEST    MM
 LOWEST     MM
 AVERAGE    MM

..........................................................


THE TUCSON AZ CLIMATE NORMALS FOR TODAY
                         NORMAL    RECORD    YEAR
 MAXIMUM TEMPERATURE (F)   65        79      2004
 MINIMUM TEMPERATURE (F)   39        20      1916


SUNRISE AND SUNSET
DECEMBER 12 2017......SUNRISE   715 AM MST   SUNSET   520 PM MST
DECEMBER 13 2017......SUNRISE   716 AM MST   SUNSET   520 PM MST


-  INDICATES NEGATIVE NUMBERS.
R  INDICATES RECORD WAS SET OR TIED.
MM INDICATES DATA IS MISSING.
T  INDICATES TRACE AMOUNT.




$$
