000
CDUS45 KTWC 230808 CCA
CLITUS

CLIMATE REPORT
NATIONAL WEATHER SERVICE TUCSON AZ
107 AM MST WED AUG 23 2017

...................................

...THE TUCSON AZ CLIMATE SUMMARY FOR AUGUST 22 2017...

CLIMATE NORMAL PERIOD 1981 TO 2010
CLIMATE RECORD PERIOD 1895 TO 2017


WEATHER ITEM   OBSERVED TIME   RECORD YEAR NORMAL DEPARTURE LAST
                VALUE   (LST)  VALUE       VALUE  FROM      YEAR
                                                  NORMAL
..................................................................
TEMPERATURE (F)
 YESTERDAY
  MAXIMUM        103    441 PM 110    1930  98      5       95
  MINIMUM         73    521 AM  62    1895  73      0       67
  AVERAGE         88                        85      3       81

PRECIPITATION (IN)
  YESTERDAY        T             2.48 1961   0.07  -0.07     0.00
  MONTH TO DATE    1.61                      1.77  -0.16     1.09
  SINCE OCT 1     11.70                      9.68   2.02    11.41
  SINCE JAN 1     10.02                      7.29   2.73     8.53

DEGREE DAYS
 HEATING
  YESTERDAY        0                         0      0        0
  MONTH TO DATE    0                         0      0        0
  SINCE JUN 1      0                         0      0        0
  SINCE JUL 1      0                         0      0        0

 COOLING
  YESTERDAY       23                        20      3       16
  MONTH TO DATE  437                       446     -9      459
  SINCE JUN 1   1891                      1723    168     1962
  SINCE JAN 1   2624                      2225    399     2529
..................................................................


WIND (MPH)
  HIGHEST WIND SPEED    21   HIGHEST WIND DIRECTION    SW (230)
  HIGHEST GUST SPEED    31   HIGHEST GUST DIRECTION    SW (230)
  AVERAGE WIND SPEED    MM


SKY COVER
  POSSIBLE SUNSHINE  MM
  AVERAGE SKY COVER  MM


WEATHER CONDITIONS
 THE FOLLOWING WEATHER WAS RECORDED YESTERDAY.
  LIGHT RAIN


RELATIVE HUMIDITY (PERCENT)
 HIGHEST    52
 LOWEST     16
 AVERAGE    34

..........................................................


THE TUCSON AZ CLIMATE NORMALS FOR TODAY
                         NORMAL    RECORD    YEAR
 MAXIMUM TEMPERATURE (F)   98       107      2011
                                             1985
 MINIMUM TEMPERATURE (F)   73        60      1900


SUNRISE AND SUNSET
AUGUST 23 2017........SUNRISE   554 AM MST   SUNSET   658 PM MST
AUGUST 24 2017........SUNRISE   554 AM MST   SUNSET   657 PM MST


-  INDICATES NEGATIVE NUMBERS.
R  INDICATES RECORD WAS SET OR TIED.
MM INDICATES DATA IS MISSING.
T  INDICATES TRACE AMOUNT.

$$
