887
CDUS45 KTWC 300738
CLITUS

CLIMATE REPORT
NATIONAL WEATHER SERVICE TUCSON AZ
1235 AM MST SUN APR 30 2017

...................................

...THE TUCSON AZ CLIMATE SUMMARY FOR APRIL 29 2017...

CLIMATE NORMAL PERIOD 1981 TO 2010
CLIMATE RECORD PERIOD 1895 TO 2017


WEATHER ITEM   OBSERVED TIME   RECORD YEAR NORMAL DEPARTURE LAST
                VALUE   (LST)  VALUE       VALUE  FROM      YEAR
                                                  NORMAL
..................................................................
TEMPERATURE (F)
 YESTERDAY
  MAXIMUM         73    432 PM 102    1992  86    -13       76
  MINIMUM         53    612 AM  36    1970  56     -3       50
  AVERAGE         63                        71     -8       63

PRECIPITATION (IN)
  YESTERDAY        0.00          0.20 1951   0.00   0.00     0.00
  MONTH TO DATE    T                         0.30  -0.30     0.71
  SINCE OCT 1      3.27                      5.22  -1.95     5.41
  SINCE JAN 1      1.59                      2.83  -1.24     2.53

DEGREE DAYS
 HEATING
  YESTERDAY        2                         1      1        2
  MONTH TO DATE   16                        59    -43       22
  SINCE MAR 1     63                       238   -175       89
  SINCE JUL 1    944                      1505   -561     1217

 COOLING
  YESTERDAY        0                         7     -7        0
  MONTH TO DATE  203                       114     89      134
  SINCE MAR 1    347                       143    204      212
  SINCE JAN 1    356                       147    209      246
..................................................................


WIND (MPH)
  HIGHEST WIND SPEED    23   HIGHEST WIND DIRECTION     N (340)
  HIGHEST GUST SPEED    32   HIGHEST GUST DIRECTION    NW (320)
  AVERAGE WIND SPEED     9.6


SKY COVER
  POSSIBLE SUNSHINE  MM
  AVERAGE SKY COVER 0.1


WEATHER CONDITIONS
 THE FOLLOWING WEATHER WAS RECORDED YESTERDAY.
  NO SIGNIFICANT WEATHER WAS OBSERVED.


RELATIVE HUMIDITY (PERCENT)
 HIGHEST    19
 LOWEST      8
 AVERAGE    14

..........................................................


THE TUCSON AZ CLIMATE NORMALS FOR TODAY
                         NORMAL    RECORD    YEAR
 MAXIMUM TEMPERATURE (F)   86       102      1943
 MINIMUM TEMPERATURE (F)   56        36      1899


SUNRISE AND SUNSET
APRIL 30 2017.........SUNRISE   538 AM MST   SUNSET   704 PM MST
MAY  1 2017...........SUNRISE   537 AM MST   SUNSET   705 PM MST


-  INDICATES NEGATIVE NUMBERS.
R  INDICATES RECORD WAS SET OR TIED.
MM INDICATES DATA IS MISSING.
T  INDICATES TRACE AMOUNT.

$$
