000
CDUS45 KTWC 030732
CLITUS

CLIMATE REPORT
NATIONAL WEATHER SERVICE TUCSON AZ
1231 AM MST THU SEP 3 2015


...................................

...THE TUCSON AZ CLIMATE SUMMARY FOR SEPTEMBER 2 2015...

CLIMATE NORMAL PERIOD 1981 TO 2010
CLIMATE RECORD PERIOD 1895 TO 2015


WEATHER ITEM   OBSERVED TIME   RECORD YEAR NORMAL DEPARTURE LAST
                VALUE   (LST)  VALUE       VALUE  FROM      YEAR
                                                  NORMAL
..................................................................
TEMPERATURE (F)
 YESTERDAY
  MAXIMUM         96    228 PM 107    1899  97     -1      104
  MINIMUM         78    347 AM  57    1914  72      6       74
  AVERAGE         87                        85      2       89

PRECIPITATION (IN)
  YESTERDAY        T             0.70 1988   0.06  -0.06     0.00
  MONTH TO DATE    0.47                      0.12   0.35     0.00
  SINCE OCT 1     12.11                     10.42   1.69     6.98
  SINCE JAN 1      8.61                      8.03   0.58     3.93

DEGREE DAYS
 HEATING
  YESTERDAY        0                         0      0        0
  MONTH TO DATE    0                         0      0        0
  SINCE SEP 1      0                         0      0        0
  SINCE JUL 1      0                         0      0        0

 COOLING
  YESTERDAY       22                        20      2       24
  MONTH TO DATE   42                        40      2       47
  SINCE SEP 1     42                        40      2       47
  SINCE JAN 1   2722                      2450    272     2738
..................................................................


WIND (MPH)
  HIGHEST WIND SPEED    25   HIGHEST WIND DIRECTION    SE (120)
  HIGHEST GUST SPEED    32   HIGHEST GUST DIRECTION    SE (120)
  AVERAGE WIND SPEED     7.1


SKY COVER
  POSSIBLE SUNSHINE  MM
  AVERAGE SKY COVER 0.0


WEATHER CONDITIONS
 THE FOLLOWING WEATHER WAS RECORDED YESTERDAY.
  NO SIGNIFICANT WEATHER WAS OBSERVED.


RELATIVE HUMIDITY (PERCENT)
 HIGHEST    58
 LOWEST     28
 AVERAGE    43

..........................................................


THE TUCSON AZ CLIMATE NORMALS FOR TODAY
                         NORMAL    RECORD    YEAR
 MAXIMUM TEMPERATURE (F)   97       107      1983
                                             1948
 MINIMUM TEMPERATURE (F)   72        58      1913


SUNRISE AND SUNSET
SEPTEMBER  3 2015.....SUNRISE   600 AM MST   SUNSET   646 PM MST
SEPTEMBER  4 2015.....SUNRISE   601 AM MST   SUNSET   644 PM MST


-  INDICATES NEGATIVE NUMBERS.
R  INDICATES RECORD WAS SET OR TIED.
MM INDICATES DATA IS MISSING.
T  INDICATES TRACE AMOUNT.




$$
