963
CDUS45 KTWC 060039
CLITUS

CLIMATE REPORT
NATIONAL WEATHER SERVICE TUCSON AZ
535 PM MST THU MAY 5 2016

...................................

...THE TUCSON AZ CLIMATE SUMMARY FOR MAY 5 2016...
VALID TODAY AS OF 0500 PM LOCAL TIME.

CLIMATE NORMAL PERIOD 1981 TO 2010
CLIMATE RECORD PERIOD 1895 TO 2016


WEATHER ITEM   OBSERVED TIME   RECORD YEAR NORMAL DEPARTURE LAST
                VALUE   (LST)  VALUE       VALUE  FROM      YEAR
                                                  NORMAL
..................................................................
TEMPERATURE (F)
 TODAY
  MAXIMUM         94    302 PM 102    1947  88      6       82
  MINIMUM         62    325 AM  38    1950  57      5       57
  AVERAGE         78                        73      5       70

PRECIPITATION (IN)
  TODAY            0.00          0.45 1969   0.01  -0.01     0.00
  MONTH TO DATE    0.00                      0.03  -0.03     0.03
  SINCE OCT 1      5.41                      5.26   0.15     7.14
  SINCE JAN 1      2.53                      2.87  -0.34     3.64

DEGREE DAYS
 HEATING
  TODAY            0                         0      0        0
  MONTH TO DATE    0                         3     -3        0
  SINCE MAR 1     89                       242   -153       60
  SINCE JUL 1   1217                      1509   -292      902

 COOLING
  TODAY           13                         8      5        5
  MONTH TO DATE   42                        38      4       52
  SINCE MAR 1    257                       188     69      287
  SINCE JAN 1    291                       192     99      295
..................................................................


WIND (MPH)
  HIGHEST WIND SPEED    25   HIGHEST WIND DIRECTION     S (200)
  HIGHEST GUST SPEED    33   HIGHEST GUST DIRECTION    SW (230)
  AVERAGE WIND SPEED    10.4


SKY COVER
  POSSIBLE SUNSHINE  MM
  AVERAGE SKY COVER  MM


WEATHER CONDITIONS
 THE FOLLOWING WEATHER WAS RECORDED TODAY.
  NO SIGNIFICANT WEATHER WAS OBSERVED.


RELATIVE HUMIDITY (PERCENT)
 HIGHEST    28
 LOWEST      4
 AVERAGE    16

..........................................................


THE TUCSON AZ CLIMATE NORMALS FOR TOMORROW
                         NORMAL    RECORD    YEAR
 MAXIMUM TEMPERATURE (F)   88       104      1989
 MINIMUM TEMPERATURE (F)   58        39      1917
                                             1915
                                             1912


SUNRISE AND SUNSET
MAY  5 2016...........SUNRISE   533 AM MST   SUNSET   708 PM MST
MAY  6 2016...........SUNRISE   533 AM MST   SUNSET   708 PM MST


-  INDICATES NEGATIVE NUMBERS.
R  INDICATES RECORD WAS SET OR TIED.
MM INDICATES DATA IS MISSING.
T  INDICATES TRACE AMOUNT.

$$
