000
CDUS45 KTWC 260028
CLITUS

CLIMATE REPORT
NATIONAL WEATHER SERVICE TUCSON AZ
525 PM MST SAT OCT 25 2014

...................................

...THE TUCSON AZ CLIMATE SUMMARY FOR OCTOBER 25 2014...
VALID TODAY AS OF 0500 PM LOCAL TIME.

CLIMATE NORMAL PERIOD 1981 TO 2010
CLIMATE RECORD PERIOD 1895 TO 2014


WEATHER ITEM   OBSERVED TIME   RECORD YEAR NORMAL DEPARTURE LAST
                VALUE   (LST)  VALUE       VALUE  FROM      YEAR
                                                  NORMAL
..................................................................
TEMPERATURE (F)
 TODAY
  MAXIMUM         95R   231 PM  94    1990  82     13       86
                                      1959
  MINIMUM         64    626 AM  33    1908  54     10       53
  AVERAGE         80                        68     12       70

PRECIPITATION (IN)
  TODAY            0.00          0.20 1944   0.03  -0.03     0.00
  MONTH TO DATE    1.33                      0.76   0.57     0.00
  SINCE OCT 1      1.33                      0.76   0.57     0.00
  SINCE JAN 1      8.02                      9.96  -1.94     5.48

DEGREE DAYS
 HEATING
  TODAY            0                         1     -1        0
  MONTH TO DATE    0                        11    -11        2
  SINCE SEP 1      0                        11    -11        2
  SINCE JUL 1      0                        11    -11        2

 COOLING
  TODAY           15                         4     11        5
  MONTH TO DATE  281                       190     91      158
  SINCE SEP 1    823                       687    136      705
  SINCE JAN 1   3514                      3097    417     3579
..................................................................


WIND (MPH)
  HIGHEST WIND SPEED    16   HIGHEST WIND DIRECTION    SW (220)
  HIGHEST GUST SPEED    22   HIGHEST GUST DIRECTION     S (170)
  AVERAGE WIND SPEED     7.4


SKY COVER
  POSSIBLE SUNSHINE  MM
  AVERAGE SKY COVER 0.1


WEATHER CONDITIONS
 THE FOLLOWING WEATHER WAS RECORDED TODAY.
  NO SIGNIFICANT WEATHER WAS OBSERVED.


RELATIVE HUMIDITY (PERCENT)
 HIGHEST    56
 LOWEST     20
 AVERAGE    38

..........................................................


THE TUCSON AZ CLIMATE NORMALS FOR TOMORROW
                         NORMAL    RECORD    YEAR
 MAXIMUM TEMPERATURE (F)   81        96      2001
 MINIMUM TEMPERATURE (F)   54        32      1899


SUNRISE AND SUNSET
OCTOBER 25 2014.......SUNRISE   635 AM MST   SUNSET   540 PM MST
OCTOBER 26 2014.......SUNRISE   636 AM MST   SUNSET   539 PM MST


-  INDICATES NEGATIVE NUMBERS.
R  INDICATES RECORD WAS SET OR TIED.
MM INDICATES DATA IS MISSING.
T  INDICATES TRACE AMOUNT.

$$
