000
CDUS45 KTWC 100739
CLITUS

CLIMATE REPORT
NATIONAL WEATHER SERVICE TUCSON AZ
1238 AM MST SAT DEC 10 2016

...................................

...THE TUCSON AZ CLIMATE SUMMARY FOR DECEMBER 9 2016...

CLIMATE NORMAL PERIOD 1981 TO 2010
CLIMATE RECORD PERIOD 1895 TO 2016


WEATHER ITEM   OBSERVED TIME   RECORD YEAR NORMAL DEPARTURE LAST
                VALUE   (LST)  VALUE       VALUE  FROM      YEAR
                                                  NORMAL
..................................................................
TEMPERATURE (F)
 YESTERDAY
  MAXIMUM         72    400 PM  84    1933  65      7       78
  MINIMUM         41    646 AM  23    1978  39      2       45
                                      1917
  AVERAGE         57                        52      5       62

PRECIPITATION (IN)
  YESTERDAY        0.00          0.94 1965   0.03  -0.03     0.00
  MONTH TO DATE    0.00                      0.27  -0.27     0.00
  SINCE OCT 1      0.60                      1.73  -1.13     2.41
  SINCE JAN 1     10.73                     10.93  -0.20    12.95

DEGREE DAYS
 HEATING
  YESTERDAY        8                        13     -5        3
  MONTH TO DATE  101                       106     -5       59
  SINCE DEC 1    101                       106     -5       59
  SINCE JUL 1    195                       312   -117      254

 COOLING
  YESTERDAY        0                         0      0        0
  MONTH TO DATE    0                         0      0        0
  SINCE DEC 1      0                         0      0        0
  SINCE JAN 1   3652                      3146    506     3522
..................................................................


WIND (MPH)
  HIGHEST WIND SPEED    10   HIGHEST WIND DIRECTION    SE (140)
  HIGHEST GUST SPEED    13   HIGHEST GUST DIRECTION     N (340)
  AVERAGE WIND SPEED     4.9


SKY COVER
  POSSIBLE SUNSHINE  MM
  AVERAGE SKY COVER  MM


WEATHER CONDITIONS
 THE FOLLOWING WEATHER WAS RECORDED YESTERDAY.
  NO SIGNIFICANT WEATHER WAS OBSERVED.


RELATIVE HUMIDITY (PERCENT)
 HIGHEST    67
 LOWEST     23
 AVERAGE    45

..........................................................


THE TUCSON AZ CLIMATE NORMALS FOR TODAY
                         NORMAL    RECORD    YEAR
 MAXIMUM TEMPERATURE (F)   65        82      1950
                                             1939
 MINIMUM TEMPERATURE (F)   39        19      1916


SUNRISE AND SUNSET
DECEMBER 10 2016......SUNRISE   714 AM MST   SUNSET   520 PM MST
DECEMBER 11 2016......SUNRISE   715 AM MST   SUNSET   520 PM MST


-  INDICATES NEGATIVE NUMBERS.
R  INDICATES RECORD WAS SET OR TIED.
MM INDICATES DATA IS MISSING.
T  INDICATES TRACE AMOUNT.

$$
