000
CDUS43 KAPX 180526
CLITVC


CLIMATE REPORT
NATIONAL WEATHER SERVICE GAYLORD MI
1226 AM EST THU JAN 18 2018


...................................

...THE TRAVERSE CITY MI CLIMATE SUMMARY FOR JANUARY 17 2018...

CLIMATE NORMAL PERIOD 1981 TO 2010
CLIMATE RECORD PERIOD 1896 TO 2018


WEATHER ITEM   OBSERVED TIME   RECORD YEAR NORMAL DEPARTURE LAST
                VALUE   (LST)  VALUE       VALUE  FROM      YEAR
                                                  NORMAL
..................................................................
TEMPERATURE (F)
 YESTERDAY
  MAXIMUM         27   1159 PM  49    1914  28     -1       37
  MINIMUM         15    115 AM -11    1982  15      0       34
  AVERAGE         21                        21      0       36

PRECIPITATION (IN)
  YESTERDAY        T             1.03 1990   0.10  -0.10     0.18
  MONTH TO DATE    0.45                      1.66  -1.21     1.03
  SINCE DEC 1      1.77                      4.15  -2.38     2.26
  SINCE JAN 1      0.45                      1.66  -1.21     1.03

DEGREE DAYS
 HEATING
  YESTERDAY       44                        44      0       29
  MONTH TO DATE  787                       733     54      709
  SINCE DEC 1   2059                      1922    137     1829
  SINCE JUL 1   3353                      3541   -188     2788
..................................................................


WIND (MPH)
  HIGHEST WIND SPEED    20   HIGHEST WIND DIRECTION     W (250)
  HIGHEST GUST SPEED    33   HIGHEST GUST DIRECTION    SW (240)
  AVERAGE WIND SPEED     9.8




RELATIVE HUMIDITY (PERCENT)
 HIGHEST    88
 LOWEST     55
 AVERAGE    72

..........................................................


THE TRAVERSE CITY MI CLIMATE NORMALS FOR TODAY
                         NORMAL    RECORD    YEAR
 MAXIMUM TEMPERATURE (F)   28        56      1996
 MINIMUM TEMPERATURE (F)   15       -13      1918


SUNRISE AND SUNSET
JANUARY 18 2018.......SUNRISE   814 AM EST   SUNSET   532 PM EST
JANUARY 19 2018.......SUNRISE   814 AM EST   SUNSET   533 PM EST


-  INDICATES NEGATIVE NUMBERS.
R  INDICATES RECORD WAS SET OR TIED.
MM INDICATES DATA IS MISSING.
T  INDICATES TRACE AMOUNT.




$$
