000
CDUS43 KAPX 280528
CLITVC


CLIMATE REPORT
NATIONAL WEATHER SERVICE GAYLORD MI
127 AM EDT WED JUN 28 2017


...................................

...THE TRAVERSE CITY MI CLIMATE SUMMARY FOR JUNE 27 2017...

CLIMATE NORMAL PERIOD 1981 TO 2010
CLIMATE RECORD PERIOD 1896 TO 2017


WEATHER ITEM   OBSERVED TIME   RECORD YEAR NORMAL DEPARTURE LAST
                VALUE   (LST)  VALUE       VALUE  FROM      YEAR
                                                  NORMAL
..................................................................
TEMPERATURE (F)
 YESTERDAY
  MAXIMUM         72    422 PM 102    1901  79     -7       78
  MINIMUM         46    219 AM  38    1897  56    -10       58
  AVERAGE         59                        67     -8       68

PRECIPITATION (IN)
  YESTERDAY        0.00          1.46 1983   0.11  -0.11     0.00
  MONTH TO DATE    3.81                      2.82   0.99     1.87
  SINCE JUN 1      3.81                      2.82   0.99     1.87
  SINCE JAN 1     13.78                     14.37  -0.59    11.73

DEGREE DAYS
 HEATING
  YESTERDAY        6                         2      4        0
  MONTH TO DATE   47                       108    -61       56
  SINCE JUN 1     47                       108    -61       56
  SINCE JUL 1   6122                      7544  -1422     6224

 COOLING
  YESTERDAY        0                         4     -4        3
  MONTH TO DATE   93                        67     26       86
  SINCE JUN 1     93                        67     26       86
  SINCE JAN 1    114                        87     27      136
..................................................................


WIND (MPH)
  HIGHEST WIND SPEED    17   HIGHEST WIND DIRECTION     W (270)
  HIGHEST GUST SPEED    23   HIGHEST GUST DIRECTION     W (270)
  AVERAGE WIND SPEED     5.5




RELATIVE HUMIDITY (PERCENT)
 HIGHEST    96
 LOWEST     38
 AVERAGE    67

..........................................................


THE TRAVERSE CITY MI CLIMATE NORMALS FOR TODAY
                         NORMAL    RECORD    YEAR
 MAXIMUM TEMPERATURE (F)   79       101      1971
 MINIMUM TEMPERATURE (F)   56        38      1925


SUNRISE AND SUNSET
JUNE 28 2017..........SUNRISE   559 AM EDT   SUNSET   932 PM EDT
JUNE 29 2017..........SUNRISE   600 AM EDT   SUNSET   932 PM EDT


-  INDICATES NEGATIVE NUMBERS.
R  INDICATES RECORD WAS SET OR TIED.
MM INDICATES DATA IS MISSING.
T  INDICATES TRACE AMOUNT.




$$
