000
CDUS43 KAPX 030538
CLITVC


CLIMATE REPORT
NATIONAL WEATHER SERVICE GAYLORD MI
138 AM EDT FRI JUL 3 2015


...................................

...THE TRAVERSE CITY MI CLIMATE SUMMARY FOR JULY 2 2015...

CLIMATE NORMAL PERIOD 1981 TO 2010
CLIMATE RECORD PERIOD 1896 TO 2015


WEATHER ITEM   OBSERVED TIME   RECORD YEAR NORMAL DEPARTURE LAST
                VALUE   (LST)  VALUE       VALUE  FROM      YEAR
                                                  NORMAL
..................................................................
TEMPERATURE (F)
 YESTERDAY
  MAXIMUM         73    347 PM 100    1966  80     -7       68
  MINIMUM         44    526 AM  38    2001  57    -13       53
  AVERAGE         59                        68     -9       61

PRECIPITATION (IN)
  YESTERDAY        0.00          0.69 1973   0.09  -0.09     0.06
  MONTH TO DATE    T                         0.19  -0.19     0.08
  SINCE JUN 1      2.02                      3.35  -1.33     2.75
  SINCE JAN 1      8.50                     14.90  -6.40    12.43

DEGREE DAYS
 HEATING
  YESTERDAY        6                         1      5        4
  MONTH TO DATE   17                         3     14        4
  SINCE JUN 1    105                       115    -10       76
  SINCE JUL 1     17                         3     14        4

 COOLING
  YESTERDAY        0                         5     -5        0
  MONTH TO DATE    0                        10    -10        8
  SINCE JUN 1     24                        91    -67      115
  SINCE JAN 1     59                       111    -52      124
..................................................................


WIND (MPH)
  HIGHEST WIND SPEED    13   HIGHEST WIND DIRECTION     N (10)
  HIGHEST GUST SPEED    17   HIGHEST GUST DIRECTION     N (10)
  AVERAGE WIND SPEED     3.9




RELATIVE HUMIDITY (PERCENT)
 HIGHEST   100
 LOWEST     41
 AVERAGE    71

..........................................................


THE TRAVERSE CITY MI CLIMATE NORMALS FOR TODAY
                         NORMAL    RECORD    YEAR
 MAXIMUM TEMPERATURE (F)   80        98      1966
 MINIMUM TEMPERATURE (F)   57        42      1968


SUNRISE AND SUNSET
JULY  3 2015..........SUNRISE   601 AM EDT   SUNSET   931 PM EDT
JULY  4 2015..........SUNRISE   602 AM EDT   SUNSET   931 PM EDT


-  INDICATES NEGATIVE NUMBERS.
R  INDICATES RECORD WAS SET OR TIED.
MM INDICATES DATA IS MISSING.
T  INDICATES TRACE AMOUNT.




$$
