000
CDUS43 KAPX 222128
CLITVC


CLIMATE REPORT
NATIONAL WEATHER SERVICE GAYLORD MI
527 PM EDT SUN OCT 22 2017


...................................

...THE TRAVERSE CITY MI CLIMATE SUMMARY FOR OCTOBER 22 2017...
VALID TODAY AS OF 0500 PM LOCAL TIME.

CLIMATE NORMAL PERIOD 1981 TO 2010
CLIMATE RECORD PERIOD 1896 TO 2017


WEATHER ITEM   OBSERVED TIME   RECORD YEAR NORMAL DEPARTURE LAST
                VALUE   (LST)  VALUE       VALUE  FROM      YEAR
                                                  NORMAL
..................................................................
TEMPERATURE (F)
 TODAY
  MAXIMUM         78   1243 PM  83    1947  55     23       54
  MINIMUM         59    359 PM  22    2008  37     22       42
  AVERAGE         69                        46     23       48

PRECIPITATION (IN)
  TODAY            0.25          1.00 1972   0.10   0.15     0.00
  MONTH TO DATE    2.53                      2.29   0.24     2.21
  SINCE SEP 1      4.93                      5.82  -0.89     5.98
  SINCE JAN 1     25.30                     26.93  -1.63    23.72

SNOWFALL (IN)
  TODAY           MM            MM      MM   0.0   MM       MM
  MONTH TO DATE   MM                         0.0   MM       MM
  SINCE OCT 1     MM                         0.0   MM       MM
  SINCE JUL 1     MM                         0.0   MM       MM

DEGREE DAYS
 HEATING
  TODAY            0                        19    -19       17
  MONTH TO DATE  115                       340   -225      169
  SINCE SEP 1    216                       533   -317      218
  SINCE JUL 1    250                       602   -352      227

 COOLING
  TODAY            4                         0      4        0
  MONTH TO DATE   24                         0     24        4
  SINCE SEP 1    148                        38    110      103
  SINCE JAN 1    531                       407    124      763
..................................................................


WIND (MPH)
  RESULTANT WIND SPEED   4   RESULTANT WIND DIRECTION  SE (150)
  HIGHEST WIND SPEED    23   HIGHEST WIND DIRECTION     W (280)
  HIGHEST GUST SPEED    27   HIGHEST GUST DIRECTION     W (280)
  AVERAGE WIND SPEED     6.8


SKY COVER
  POSSIBLE SUNSHINE  MM
  AVERAGE SKY COVER 0.4


WEATHER CONDITIONS
 THE FOLLOWING WEATHER WAS RECORDED TODAY.
  RAIN
  LIGHT RAIN
  FOG


RELATIVE HUMIDITY (PERCENT)
 HIGHEST    87           300 PM
 LOWEST     49          1200 AM
 AVERAGE    68

..........................................................




SUNRISE AND SUNSET
OCTOBER 22 2017.......SUNRISE   807 AM EDT   SUNSET   646 PM EDT
OCTOBER 23 2017.......SUNRISE   808 AM EDT   SUNSET   644 PM EDT


-  INDICATES NEGATIVE NUMBERS.
R  INDICATES RECORD WAS SET OR TIED.
MM INDICATES DATA IS MISSING.
T  INDICATES TRACE AMOUNT.




$$
