000
CDUS43 KAPX 122138
CLITVC


CLIMATE REPORT
NATIONAL WEATHER SERVICE GAYLORD MI
537 PM EDT SAT JUL 12 2014


...................................

...THE TRAVERSE CITY MI CLIMATE SUMMARY FOR JULY 12 2014...
VALID TODAY AS OF 0500 PM LOCAL TIME.

CLIMATE NORMAL PERIOD 1981 TO 2010
CLIMATE RECORD PERIOD 1896 TO 2014


WEATHER ITEM   OBSERVED TIME   RECORD YEAR NORMAL DEPARTURE LAST
                VALUE   (LST)  VALUE       VALUE  FROM      YEAR
                                                  NORMAL
..................................................................
TEMPERATURE (F)
 TODAY
  MAXIMUM         80    359 PM  95    1987  81     -1       84
  MINIMUM         68    618 AM  41    1965  58     10       54
  AVERAGE         74                        69      5       69

PRECIPITATION (IN)
  TODAY            0.00          0.92 1992   0.09  -0.09     0.00
                                      1937
  MONTH TO DATE    0.55                      1.13  -0.58     1.10
  SINCE JUN 1      3.22                      4.29  -1.07     2.48
  SINCE JAN 1     12.90                     15.84  -2.94    14.86

DEGREE DAYS
 HEATING
  TODAY            0                         1     -1        0
  MONTH TO DATE   25                        13     12        5
  SINCE JUN 1     97                       125    -28      107
  SINCE JUL 1     25                        13     12        5

 COOLING
  TODAY            9                         5      4        4
  MONTH TO DATE   37                        60    -23       77
  SINCE JUN 1    144                       141      3      164
  SINCE JAN 1    153                       161     -8      206
..................................................................


WIND (MPH)
  RESULTANT WIND SPEED   3   RESULTANT WIND DIRECTION   S (170)
  HIGHEST WIND SPEED    10   HIGHEST WIND DIRECTION     S (200)
  HIGHEST GUST SPEED    18   HIGHEST GUST DIRECTION    SW (210)
  AVERAGE WIND SPEED     5.0


SKY COVER
  POSSIBLE SUNSHINE  MM
  AVERAGE SKY COVER 0.9


WEATHER CONDITIONS
 THE FOLLOWING WEATHER WAS RECORDED TODAY.
  NO SIGNIFICANT WEATHER WAS OBSERVED.


RELATIVE HUMIDITY (PERCENT)
 HIGHEST    61           700 AM
 LOWEST     56          1000 AM
 AVERAGE    59

..........................................................




SUNRISE AND SUNSET
JULY 12 2014..........SUNRISE   608 AM EDT   SUNSET   927 PM EDT
JULY 13 2014..........SUNRISE   609 AM EDT   SUNSET   927 PM EDT


-  INDICATES NEGATIVE NUMBERS.
R  INDICATES RECORD WAS SET OR TIED.
MM INDICATES DATA IS MISSING.
T  INDICATES TRACE AMOUNT.




$$
