000
CDUS43 KAPX 260546
CLITVC


CLIMATE REPORT
NATIONAL WEATHER SERVICE GAYLORD MI
1245 AM EST MON JAN 26 2015


...................................

...THE TRAVERSE CITY MI CLIMATE SUMMARY FOR JANUARY 25 2015...

CLIMATE NORMAL PERIOD 1981 TO 2010
CLIMATE RECORD PERIOD 1896 TO 2015


WEATHER ITEM   OBSERVED TIME   RECORD YEAR NORMAL DEPARTURE LAST
                VALUE   (LST)  VALUE       VALUE  FROM      YEAR
                                                  NORMAL
..................................................................
TEMPERATURE (F)
 YESTERDAY
  MAXIMUM         23   1203 AM  55    1950  28     -5       27
  MINIMUM          3   1123 PM -15    1904  14    -11        4
  AVERAGE         13                        21     -8       16

PRECIPITATION (IN)
  YESTERDAY        0.00          1.59 1950   0.08  -0.08     0.04
  MONTH TO DATE    0.37                      2.35  -1.98     0.91
  SINCE DEC 1      1.43                      4.84  -3.41     1.90
  SINCE JAN 1      0.37                      2.35  -1.98     0.91

DEGREE DAYS
 HEATING
  YESTERDAY       52                        44      8       49
  MONTH TO DATE 1159                      1085     74     1168
  SINCE DEC 1   2230                      2274    -44     2498
  SINCE JUL 1   3909                      3893     16     3989
..................................................................


WIND (MPH)
  HIGHEST WIND SPEED    15   HIGHEST WIND DIRECTION    NE (60)
  HIGHEST GUST SPEED    21   HIGHEST GUST DIRECTION    NE (50)
  AVERAGE WIND SPEED     7.0




RELATIVE HUMIDITY (PERCENT)
 HIGHEST    86
 LOWEST     51
 AVERAGE    69

..........................................................


THE TRAVERSE CITY MI CLIMATE NORMALS FOR TODAY
                         NORMAL    RECORD    YEAR
 MAXIMUM TEMPERATURE (F)   28        59      1944
 MINIMUM TEMPERATURE (F)   14       -14      1927


SUNRISE AND SUNSET
JANUARY 26 2015.......SUNRISE   808 AM EST   SUNSET   542 PM EST
JANUARY 27 2015.......SUNRISE   807 AM EST   SUNSET   543 PM EST


-  INDICATES NEGATIVE NUMBERS.
R  INDICATES RECORD WAS SET OR TIED.
MM INDICATES DATA IS MISSING.
T  INDICATES TRACE AMOUNT.




$$
