000
CDUS43 KAPX 280540
CLITVC


CLIMATE REPORT
NATIONAL WEATHER SERVICE GAYLORD MI
138 AM EDT FRI APR 28 2017


...................................

...THE TRAVERSE CITY MI CLIMATE SUMMARY FOR APRIL 27 2017...

CLIMATE NORMAL PERIOD 1981 TO 2010
CLIMATE RECORD PERIOD 1896 TO 2017


WEATHER ITEM   OBSERVED TIME   RECORD YEAR NORMAL DEPARTURE LAST
                VALUE   (LST)  VALUE       VALUE  FROM      YEAR
                                                  NORMAL
..................................................................
TEMPERATURE (F)
 YESTERDAY
  MAXIMUM         69   1129 AM  88    1986  59     10       50
  MINIMUM         41   1159 PM  22    1909  36      5       29
  AVERAGE         55                        47      8       40

PRECIPITATION (IN)
  YESTERDAY        0.19          0.85 1995   0.08   0.11     0.00
  MONTH TO DATE    2.53                      2.52   0.01     1.73
  SINCE MAR 1      4.26                      4.38  -0.12     5.55
  SINCE JAN 1      7.59                      8.70  -1.11     8.34

DEGREE DAYS
 HEATING
  YESTERDAY       10                        18     -8       25
  MONTH TO DATE  435                       614   -179      648
  SINCE MAR 1   1468                      1676   -208     1503
  SINCE JUL 1   5641                      7016  -1375     5813

 COOLING
  YESTERDAY        0                         0      0        0
  MONTH TO DATE    3                         0      3        0
  SINCE MAR 1      3                         0      3        0
  SINCE JAN 1      3                         0      3        0
..................................................................


WIND (MPH)
  HIGHEST WIND SPEED    23   HIGHEST WIND DIRECTION    SW (210)
  HIGHEST GUST SPEED    37   HIGHEST GUST DIRECTION     S (180)
  AVERAGE WIND SPEED     7.8




RELATIVE HUMIDITY (PERCENT)
 HIGHEST    93
 LOWEST     49
 AVERAGE    71

..........................................................


THE TRAVERSE CITY MI CLIMATE NORMALS FOR TODAY
                         NORMAL    RECORD    YEAR
 MAXIMUM TEMPERATURE (F)   60        88      1990
 MINIMUM TEMPERATURE (F)   36        21      1928


SUNRISE AND SUNSET
APRIL 28 2017.........SUNRISE   636 AM EDT   SUNSET   844 PM EDT
APRIL 29 2017.........SUNRISE   635 AM EDT   SUNSET   845 PM EDT


-  INDICATES NEGATIVE NUMBERS.
R  INDICATES RECORD WAS SET OR TIED.
MM INDICATES DATA IS MISSING.
T  INDICATES TRACE AMOUNT.




$$
