000
CDUS44 KJAN 270633
CLITVR


CLIMATE REPORT
NATIONAL WEATHER SERVICE JACKSON MS
128 AM CDT THU AUG 27 2015


...................................

...THE VICKSBURG CLIMATE SUMMARY FOR AUGUST 26 2015...

CLIMATE NORMAL PERIOD 1981 TO 2010
CLIMATE RECORD PERIOD 1948 TO 2015


WEATHER ITEM   OBSERVED TIME   RECORD YEAR NORMAL DEPARTURE LAST
                VALUE   (LST)  VALUE       VALUE  FROM      YEAR
                                                  NORMAL
..................................................................
TEMPERATURE (F)
 YESTERDAY
  MAXIMUM         89    313 PM 101    2011  91     -2       92
  MINIMUM         57   1154 PM  55    1966  69    -12       67
  AVERAGE         73                        80     -7       80

PRECIPITATION (IN)
  YESTERDAY        0.00          1.37 1975   0.14  -0.14     0.00
  MONTH TO DATE    3.21                      2.98   0.23     4.72
  SINCE JUN 1     10.18                     10.60  -0.42    14.20
  SINCE JAN 1     40.45                     35.90   4.55    42.53

SNOWFALL (IN)
  YESTERDAY        0.0

DEGREE DAYS
 HEATING
  YESTERDAY        0                         0      0        0
  MONTH TO DATE    0                         0      0        0
  SINCE JUN 1      0                         0      0        0
  SINCE JUL 1      0                         0      0        0

 COOLING
  YESTERDAY        8                        15     -7       15
  MONTH TO DATE  470                       421     49      401
  SINCE JUN 1   1547                      1349    198     1232
  SINCE JAN 1   1993                      1719    274     1582
..................................................................


WIND (MPH)
  HIGHEST WIND SPEED    16   HIGHEST WIND DIRECTION     N (10)
  HIGHEST GUST SPEED    20   HIGHEST GUST DIRECTION    NE (30)
  AVERAGE WIND SPEED     5.5


SKY COVER
  POSSIBLE SUNSHINE  MM
  AVERAGE SKY COVER 0.0


WEATHER CONDITIONS
 THE FOLLOWING WEATHER WAS RECORDED YESTERDAY.
  NO SIGNIFICANT WEATHER WAS OBSERVED.


RELATIVE HUMIDITY (PERCENT)
 HIGHEST    93           300 AM
 LOWEST     30           500 PM
 AVERAGE    62

..........................................................


THE VICKSBURG CLIMATE NORMALS FOR TODAY
                         NORMAL    RECORD    YEAR
 MAXIMUM TEMPERATURE (F)   91       100      2000
 MINIMUM TEMPERATURE (F)   68        56      1952


SUNRISE AND SUNSET
AUGUST 27 2015........SUNRISE   636 AM CDT   SUNSET   735 PM CDT
AUGUST 28 2015........SUNRISE   636 AM CDT   SUNSET   734 PM CDT


-  INDICATES NEGATIVE NUMBERS.
R  INDICATES RECORD WAS SET OR TIED.
MM INDICATES DATA IS MISSING.
T  INDICATES TRACE AMOUNT.




$$
