699
CDUS44 KJAN 242209
CLITVR


CLIMATE REPORT
NATIONAL WEATHER SERVICE JACKSON MS
407 PM CST FRI NOV 24 2017


...................................

...THE VICKSBURG CLIMATE SUMMARY FOR NOVEMBER 24 2017...
VALID TODAY AS OF 0400 PM LOCAL TIME.

CLIMATE NORMAL PERIOD 1981 TO 2010
CLIMATE RECORD PERIOD 1948 TO 2017


WEATHER ITEM   OBSERVED TIME   RECORD YEAR NORMAL DEPARTURE LAST
                VALUE   (LST)  VALUE       VALUE  FROM      YEAR
                                                  NORMAL
..................................................................
TEMPERATURE (F)
 TODAY
  MAXIMUM         66    301 PM  82    2010  65      1       68
  MINIMUM         27    550 AM  21    1970  41    -14       36
  AVERAGE         47                        53     -6       52

PRECIPITATION (IN)
  TODAY            0.00          1.65 2000   0.18  -0.18     0.00
  MONTH TO DATE    0.93                      3.74  -2.81     1.19
  SINCE SEP 1      4.20                     11.30  -7.10     1.31
  SINCE JAN 1     53.62                     47.87   5.75    52.86

SNOWFALL (IN)
  TODAY            0.0

DEGREE DAYS
 HEATING
  TODAY           18                        12      6       13
  MONTH TO DATE  195                       219    -24      180
  SINCE SEP 1    299                       321    -22      209
  SINCE JUL 1    299                       321    -22      209

 COOLING
  TODAY            0                         0      0        0
  MONTH TO DATE   56                        12     44       25
  SINCE SEP 1    576                       432    144      672
  SINCE JAN 1   2498                      2221    277     2919
..................................................................


WIND (MPH)
  HIGHEST WIND SPEED     9   HIGHEST WIND DIRECTION     S (180)
  HIGHEST GUST SPEED    11   HIGHEST GUST DIRECTION     S (170)
  AVERAGE WIND SPEED     1.9


SKY COVER
  POSSIBLE SUNSHINE  MM
  AVERAGE SKY COVER 0.0


WEATHER CONDITIONS
 THE FOLLOWING WEATHER WAS RECORDED TODAY.
  FOG


RELATIVE HUMIDITY (PERCENT)
 HIGHEST   100          1200 AM
 LOWEST     24           200 PM
 AVERAGE    62

..........................................................


THE VICKSBURG CLIMATE NORMALS FOR TOMORROW
                         NORMAL    RECORD    YEAR
 MAXIMUM TEMPERATURE (F)   64        83      2010
 MINIMUM TEMPERATURE (F)   41        19      2012
                                             1950


SUNRISE AND SUNSET
NOVEMBER 24 2017......SUNRISE   642 AM CST   SUNSET   500 PM CST
NOVEMBER 25 2017......SUNRISE   643 AM CST   SUNSET   500 PM CST


-  INDICATES NEGATIVE NUMBERS.
R  INDICATES RECORD WAS SET OR TIED.
MM INDICATES DATA IS MISSING.
T  INDICATES TRACE AMOUNT.




$$
