000
CDUS44 KJAN 271120
CLITVR


CLIMATE REPORT
NATIONAL WEATHER SERVICE JACKSON MS
518 AM CST FRI FEB 27 2015


...................................

...THE VICKSBURG CLIMATE SUMMARY FOR FEBRUARY 26 2015...

CLIMATE NORMAL PERIOD 1981 TO 2010
CLIMATE RECORD PERIOD 1948 TO 2015


WEATHER ITEM   OBSERVED TIME   RECORD YEAR NORMAL DEPARTURE LAST
                VALUE   (LST)  VALUE       VALUE  FROM      YEAR
                                                  NORMAL
..................................................................
TEMPERATURE (F)
 YESTERDAY
  MAXIMUM         41    146 PM  82    1951  63    -22       45
  MINIMUM         33   1159 PM  21    1974  42     -9       26
  AVERAGE         37                        53    -16       36

PRECIPITATION (IN)
  YESTERDAY        0.00          2.20 1971   0.17  -0.17     0.16
  MONTH TO DATE    5.68                      4.89   0.79     3.16
  SINCE DEC 1     15.84                     15.57   0.27     9.77
  SINCE JAN 1     11.25                      9.96   1.29     5.42

SNOWFALL (IN)
  YESTERDAY        0.0

DEGREE DAYS
 HEATING
  YESTERDAY       28                        13     15       29
  MONTH TO DATE  581                       407    174      467
  SINCE DEC 1   1670                      1549    121     1830
  SINCE JUL 1   2208                      1951    257     2360

 COOLING
  YESTERDAY        0                         0      0        0
  MONTH TO DATE    0                         0      0        7
  SINCE DEC 1      4                         9     -5       23
  SINCE JAN 1      0                         3     -3        7
..................................................................


WIND (MPH)
  HIGHEST WIND SPEED    18   HIGHEST WIND DIRECTION     N (20)
  HIGHEST GUST SPEED    22   HIGHEST GUST DIRECTION    NE (30)
  AVERAGE WIND SPEED     7.8


SKY COVER
  POSSIBLE SUNSHINE  MM
  AVERAGE SKY COVER 1.0


WEATHER CONDITIONS
 THE FOLLOWING WEATHER WAS RECORDED YESTERDAY.
  NO SIGNIFICANT WEATHER WAS OBSERVED.


RELATIVE HUMIDITY (PERCENT)
 HIGHEST    96           500 AM
 LOWEST     70           200 PM
 AVERAGE    83

..........................................................


THE VICKSBURG CLIMATE NORMALS FOR TODAY
                         NORMAL    RECORD    YEAR
 MAXIMUM TEMPERATURE (F)   64        84      2011
 MINIMUM TEMPERATURE (F)   42        17      2014


SUNRISE AND SUNSET
FEBRUARY 27 2015......SUNRISE   634 AM CST   SUNSET   600 PM CST
FEBRUARY 28 2015......SUNRISE   633 AM CST   SUNSET   601 PM CST


-  INDICATES NEGATIVE NUMBERS.
R  INDICATES RECORD WAS SET OR TIED.
MM INDICATES DATA IS MISSING.
T  INDICATES TRACE AMOUNT.




$$
