000
CDUS44 KJAN 250628
CLITVR


CLIMATE REPORT
NATIONAL WEATHER SERVICE JACKSON MS
126 AM CDT THU MAY 25 2017


...................................

...THE VICKSBURG CLIMATE SUMMARY FOR MAY 24 2017...

CLIMATE NORMAL PERIOD 1981 TO 2010
CLIMATE RECORD PERIOD 1948 TO 2017


WEATHER ITEM   OBSERVED TIME   RECORD YEAR NORMAL DEPARTURE LAST
                VALUE   (LST)  VALUE       VALUE  FROM      YEAR
                                                  NORMAL
..................................................................
TEMPERATURE (F)
 YESTERDAY
  MAXIMUM         73   1149 AM  96    1969  86    -13       91
  MINIMUM         55   1123 PM  43    1951  64     -9       64
  AVERAGE         64                        75    -11       78

PRECIPITATION (IN)
  YESTERDAY        0.14          1.42 1955   0.16  -0.02     0.00
  MONTH TO DATE    4.55                      4.02   0.53     1.32
  SINCE MAR 1     18.39                     14.02   4.37    23.95
  SINCE JAN 1     25.15                     24.36   0.79    33.95

SNOWFALL (IN)
  YESTERDAY        0.0

DEGREE DAYS
 HEATING
  YESTERDAY        1                         0      1        0
  MONTH TO DATE   15                         9      6        0
  SINCE MAR 1    214                       374   -160      129
  SINCE JUL 1   1490                      2350   -860     1507

 COOLING
  YESTERDAY        0                        10    -10       13
  MONTH TO DATE  149                       177    -28      180
  SINCE MAR 1    384                       286     98      396
  SINCE JAN 1    435                       295    140      408
..................................................................


WIND (MPH)
  HIGHEST WIND SPEED    16   HIGHEST WIND DIRECTION     W (280)
  HIGHEST GUST SPEED    25   HIGHEST GUST DIRECTION     W (280)
  AVERAGE WIND SPEED     6.9


SKY COVER
  POSSIBLE SUNSHINE  MM
  AVERAGE SKY COVER 0.5


WEATHER CONDITIONS
 THE FOLLOWING WEATHER WAS RECORDED YESTERDAY.
  HEAVY RAIN
  RAIN
  LIGHT RAIN
  FOG


RELATIVE HUMIDITY (PERCENT)
 HIGHEST   100          1200 AM
 LOWEST     47           300 PM
 AVERAGE    74

..........................................................


THE VICKSBURG CLIMATE NORMALS FOR TODAY
                         NORMAL    RECORD    YEAR
 MAXIMUM TEMPERATURE (F)   86        94      1972
                                             1970
 MINIMUM TEMPERATURE (F)   64        49      1979


SUNRISE AND SUNSET
MAY 25 2017...........SUNRISE   600 AM CDT   SUNSET   802 PM CDT
MAY 26 2017...........SUNRISE   600 AM CDT   SUNSET   803 PM CDT


-  INDICATES NEGATIVE NUMBERS.
R  INDICATES RECORD WAS SET OR TIED.
MM INDICATES DATA IS MISSING.
T  INDICATES TRACE AMOUNT.




$$
