000
CDUS44 KJAN 180732
CLITVR


CLIMATE REPORT
NATIONAL WEATHER SERVICE JACKSON MS
231 AM CDT FRI APR 18 2014


...................................

...THE VICKSBURG CLIMATE SUMMARY FOR APRIL 17 2014...

CLIMATE NORMAL PERIOD 1981 TO 2010
CLIMATE RECORD PERIOD 1948 TO 2014


WEATHER ITEM   OBSERVED TIME   RECORD YEAR NORMAL DEPARTURE LAST
                VALUE   (LST)  VALUE       VALUE  FROM      YEAR
                                                  NORMAL
..................................................................
TEMPERATURE (F)
 YESTERDAY
  MAXIMUM         68    357 PM  91    2006  76     -8       88
  MINIMUM         47    621 AM  32    1951  53     -6       69
  AVERAGE         58                        65     -7       79

PRECIPITATION (IN)
  YESTERDAY        0.00          2.31 2012   0.17  -0.17     0.00
  MONTH TO DATE   12.21                      2.83   9.38     2.37
  SINCE MAR 1     18.14                      7.86  10.28     5.33
  SINCE JAN 1     23.56                     18.20   5.36    28.16

SNOWFALL (IN)
  YESTERDAY        0.0

DEGREE DAYS
 HEATING
  YESTERDAY        7                         3      4        0
  MONTH TO DATE   80                        74      6       71
  SINCE MAR 1    448                       339    109      457
  SINCE JUL 1   2857                      2315    542     2227

 COOLING
  YESTERDAY        0                         3     -3       14
  MONTH TO DATE   40                        39      1       69
  SINCE MAR 1     47                        62    -15       76
  SINCE JAN 1     54                        71    -17       94
..................................................................


WIND (MPH)
  HIGHEST WIND SPEED    14   HIGHEST WIND DIRECTION     E (110)
  HIGHEST GUST SPEED    16   HIGHEST GUST DIRECTION     E (100)
  AVERAGE WIND SPEED     5.4


SKY COVER
  POSSIBLE SUNSHINE  MM
  AVERAGE SKY COVER 0.3


WEATHER CONDITIONS
 THE FOLLOWING WEATHER WAS RECORDED YESTERDAY.
  NO SIGNIFICANT WEATHER WAS OBSERVED.


RELATIVE HUMIDITY (PERCENT)
 HIGHEST    93           600 AM
 LOWEST     52          1200 PM
 AVERAGE    73

..........................................................


THE VICKSBURG CLIMATE NORMALS FOR TODAY
                         NORMAL    RECORD    YEAR
 MAXIMUM TEMPERATURE (F)   77        91      2006
 MINIMUM TEMPERATURE (F)   54        37      2001


SUNRISE AND SUNSET
APRIL 18 2014.........SUNRISE   631 AM CDT   SUNSET   736 PM CDT
APRIL 19 2014.........SUNRISE   630 AM CDT   SUNSET   737 PM CDT


-  INDICATES NEGATIVE NUMBERS.
R  INDICATES RECORD WAS SET OR TIED.
MM INDICATES DATA IS MISSING.
T  INDICATES TRACE AMOUNT.




$$
