000
CDUS44 KJAN 240835
CLITVR


CLIMATE REPORT
NATIONAL WEATHER SERVICE JACKSON MS
330 AM CDT MON JUL 24 2017


...................................

...THE VICKSBURG CLIMATE SUMMARY FOR JULY 23 2017...

CLIMATE NORMAL PERIOD 1981 TO 2010
CLIMATE RECORD PERIOD 1948 TO 2017


WEATHER ITEM   OBSERVED TIME   RECORD YEAR NORMAL DEPARTURE LAST
                VALUE   (LST)  VALUE       VALUE  FROM      YEAR
                                                  NORMAL
..................................................................
TEMPERATURE (F)
 YESTERDAY
  MAXIMUM         91        MM 100    1952  92     -1       98
  MINIMUM         72        MM  59    2007  71      1       74
  AVERAGE         82                        82      0       86

PRECIPITATION (IN)
  YESTERDAY        0.50          1.17 1992   0.10   0.40     0.00
  MONTH TO DATE    2.93                      2.75   0.18     1.65
  SINCE JUN 1     10.08                      6.74   3.34     5.16
  SINCE JAN 1     37.50                     32.04   5.46    40.63

SNOWFALL (IN)
  YESTERDAY        0.0

DEGREE DAYS
 HEATING
  YESTERDAY        0                         0      0        0
  MONTH TO DATE    0                         0      0        0
  SINCE JUN 1      0                         0      0        0
  SINCE JUL 1      0                         0      0        0

 COOLING
  YESTERDAY       17                        17      0       21
  MONTH TO DATE  414                       377     37      464
  SINCE JUN 1    808                       795     13      983
  SINCE JAN 1   1308                      1165    143     1498
..................................................................


WIND (MPH)
  HIGHEST WIND SPEED    17   HIGHEST WIND DIRECTION    NE (60)
  HIGHEST GUST SPEED    34   HIGHEST GUST DIRECTION    MM
  AVERAGE WIND SPEED     2.3


SKY COVER
  POSSIBLE SUNSHINE  MM
  AVERAGE SKY COVER 0.6


WEATHER CONDITIONS
 THE FOLLOWING WEATHER WAS RECORDED YESTERDAY.
  THUNDERSTORM
  RAIN
  FOG
  FOG W/VISIBILITY <= 1/4 MILE


RELATIVE HUMIDITY (PERCENT)
 HIGHEST   100          1200 AM
 LOWEST     64          1200 PM
 AVERAGE    82

..........................................................


THE VICKSBURG CLIMATE NORMALS FOR TODAY
                         NORMAL    RECORD    YEAR
 MAXIMUM TEMPERATURE (F)   92       103      1954
 MINIMUM TEMPERATURE (F)   71        61      2006


SUNRISE AND SUNSET
JULY 24 2017..........SUNRISE   614 AM CDT   SUNSET   807 PM CDT
JULY 25 2017..........SUNRISE   614 AM CDT   SUNSET   807 PM CDT


-  INDICATES NEGATIVE NUMBERS.
R  INDICATES RECORD WAS SET OR TIED.
MM INDICATES DATA IS MISSING.
T  INDICATES TRACE AMOUNT.




$$
