000
CDUS44 KJAN 290718
CLITVR


CLIMATE REPORT
NATIONAL WEATHER SERVICE JACKSON MS
215 AM CDT FRI AUG 29 2014


...................................

...THE VICKSBURG CLIMATE SUMMARY FOR AUGUST 28 2014...

CLIMATE NORMAL PERIOD 1981 TO 2010
CLIMATE RECORD PERIOD 1948 TO 2014


WEATHER ITEM   OBSERVED TIME   RECORD YEAR NORMAL DEPARTURE LAST
                VALUE   (LST)  VALUE       VALUE  FROM      YEAR
                                                  NORMAL
..................................................................
TEMPERATURE (F)
 YESTERDAY
  MAXIMUM         93   1258 PM 103    1954  91      2       91
  MINIMUM         67    504 AM  53    1952  68     -1       60
  AVERAGE         80                        80      0       76

PRECIPITATION (IN)
  YESTERDAY        1.15          1.54 2009   0.14   1.01     0.00
  MONTH TO DATE    5.87                      3.25   2.62     1.05
  SINCE JUN 1     15.35                     10.87   4.48    12.83
  SINCE JAN 1     43.68                     36.17   7.51    48.15

SNOWFALL (IN)
  YESTERDAY        0.0

DEGREE DAYS
 HEATING
  YESTERDAY        0                         0      0        0
  MONTH TO DATE    0                         0      0        0
  SINCE JUN 1      0                         0      0        0
  SINCE JUL 1      0                         0      0        0

 COOLING
  YESTERDAY       15                        15      0       11
  MONTH TO DATE  432                       451    -19      445
  SINCE JUN 1   1263                      1379   -116     1335
  SINCE JAN 1   1613                      1749   -136     1665
..................................................................


WIND (MPH)
  HIGHEST WIND SPEED    22   HIGHEST WIND DIRECTION    NW (310)
  HIGHEST GUST SPEED    30   HIGHEST GUST DIRECTION    NW (320)
  AVERAGE WIND SPEED     2.0


SKY COVER
  POSSIBLE SUNSHINE  MM
  AVERAGE SKY COVER 0.3


WEATHER CONDITIONS
 THE FOLLOWING WEATHER WAS RECORDED YESTERDAY.
  HEAVY RAIN
  LIGHT RAIN


RELATIVE HUMIDITY (PERCENT)
 HIGHEST   100           400 AM
 LOWEST     44           100 PM
 AVERAGE    72

..........................................................


THE VICKSBURG CLIMATE NORMALS FOR TODAY
                         NORMAL    RECORD    YEAR
 MAXIMUM TEMPERATURE (F)   91       104      1954
 MINIMUM TEMPERATURE (F)   68        55      1968


SUNRISE AND SUNSET
AUGUST 29 2014........SUNRISE   637 AM CDT   SUNSET   732 PM CDT
AUGUST 30 2014........SUNRISE   638 AM CDT   SUNSET   731 PM CDT


-  INDICATES NEGATIVE NUMBERS.
R  INDICATES RECORD WAS SET OR TIED.
MM INDICATES DATA IS MISSING.
T  INDICATES TRACE AMOUNT.




$$
