000
CDUS44 KJAN 300621
CLITVR


CLIMATE REPORT
NATIONAL WEATHER SERVICE JACKSON MS
120 AM CDT FRI SEP 30 2016


...................................

...THE VICKSBURG CLIMATE SUMMARY FOR SEPTEMBER 29 2016...

CLIMATE NORMAL PERIOD 1981 TO 2010
CLIMATE RECORD PERIOD 1948 TO 2016


WEATHER ITEM   OBSERVED TIME   RECORD YEAR NORMAL DEPARTURE LAST
                VALUE   (LST)  VALUE       VALUE  FROM      YEAR
                                                  NORMAL
..................................................................
TEMPERATURE (F)
 YESTERDAY
  MAXIMUM         79    323 PM  96    1953  83     -4       83
  MINIMUM         52   1159 PM  34    1967  59     -7       68
  AVERAGE         66                        71     -5       76

PRECIPITATION (IN)
  YESTERDAY        0.00          1.59 1999   0.10  -0.10      T
  MONTH TO DATE    0.12                      2.79  -2.67     0.78
  SINCE SEP 1      0.12                      2.79  -2.67     0.78
  SINCE JAN 1     51.67                     39.36  12.31    41.23

SNOWFALL (IN)
  YESTERDAY        0.0

DEGREE DAYS
 HEATING
  YESTERDAY        0                         1     -1        0
  MONTH TO DATE    0                         2     -2        0
  SINCE SEP 1      0                         2     -2        0
  SINCE JUL 1      0                         2     -2        0

 COOLING
  YESTERDAY        1                         7     -6       11
  MONTH TO DATE  469                       301    168      366
  SINCE SEP 1    469                       301    168      366
  SINCE JAN 1   2716                      2090    626     2420
..................................................................


WIND (MPH)
  HIGHEST WIND SPEED    17   HIGHEST WIND DIRECTION    NE (30)
  HIGHEST GUST SPEED    27   HIGHEST GUST DIRECTION     N (340)
  AVERAGE WIND SPEED     8.6


SKY COVER
  POSSIBLE SUNSHINE  MM
  AVERAGE SKY COVER 0.0


WEATHER CONDITIONS
 THE FOLLOWING WEATHER WAS RECORDED YESTERDAY.
  NO SIGNIFICANT WEATHER WAS OBSERVED.


RELATIVE HUMIDITY (PERCENT)
 HIGHEST    93          1200 AM
 LOWEST     32           100 PM
 AVERAGE    63

..........................................................


THE VICKSBURG CLIMATE NORMALS FOR TODAY
                         NORMAL    RECORD    YEAR
 MAXIMUM TEMPERATURE (F)   83        95      1994
 MINIMUM TEMPERATURE (F)   59        35      1949


SUNRISE AND SUNSET
SEPTEMBER 30 2016.....SUNRISE   658 AM CDT   SUNSET   649 PM CDT
OCTOBER  1 2016.......SUNRISE   658 AM CDT   SUNSET   648 PM CDT


-  INDICATES NEGATIVE NUMBERS.
R  INDICATES RECORD WAS SET OR TIED.
MM INDICATES DATA IS MISSING.
T  INDICATES TRACE AMOUNT.




$$
