000
CDUS44 KJAN 252117
CLITVR


CLIMATE REPORT
NATIONAL WEATHER SERVICE JACKSON MS
414 PM CDT WED MAY 25 2016


...................................

...THE VICKSBURG CLIMATE SUMMARY FOR MAY 25 2016...
VALID TODAY AS OF 0400 PM LOCAL TIME.

CLIMATE NORMAL PERIOD 1981 TO 2010
CLIMATE RECORD PERIOD 1948 TO 2016


WEATHER ITEM   OBSERVED TIME   RECORD YEAR NORMAL DEPARTURE LAST
                VALUE   (LST)  VALUE       VALUE  FROM      YEAR
                                                  NORMAL
..................................................................
TEMPERATURE (F)
 TODAY
  MAXIMUM         91    248 PM  94    1972  86      5       89
                                      1970
  MINIMUM         71    458 AM  49    1979  64      7       64
  AVERAGE         81                        75      6       77

PRECIPITATION (IN)
  TODAY            0.00          2.98 1986   0.15  -0.15     0.61
  MONTH TO DATE    1.32                      4.17  -2.85     7.56
  SINCE MAR 1     23.95                     14.17   9.78    17.84
  SINCE JAN 1     33.95                     24.51   9.44    29.09

SNOWFALL (IN)
  TODAY            0.0

DEGREE DAYS
 HEATING
  TODAY            0                         0      0        0
  MONTH TO DATE    0                         9     -9        3
  SINCE MAR 1    129                       374   -245      264
  SINCE JUL 1   1507                      2350   -843     2522

 COOLING
  TODAY           16                        10      6       12
  MONTH TO DATE  196                       187      9      223
  SINCE MAR 1    412                       296    116      377
  SINCE JAN 1    424                       305    119      377
..................................................................


WIND (MPH)
  HIGHEST WIND SPEED    16   HIGHEST WIND DIRECTION     S (170)
  HIGHEST GUST SPEED    22   HIGHEST GUST DIRECTION     S (170)
  AVERAGE WIND SPEED     8.6


SKY COVER
  POSSIBLE SUNSHINE  MM
  AVERAGE SKY COVER 0.5


WEATHER CONDITIONS
 THE FOLLOWING WEATHER WAS RECORDED TODAY.
  NO SIGNIFICANT WEATHER WAS OBSERVED.


RELATIVE HUMIDITY (PERCENT)
 HIGHEST    93           500 AM
 LOWEST     50           300 PM
 AVERAGE    72

..........................................................


THE VICKSBURG CLIMATE NORMALS FOR TOMORROW
                         NORMAL    RECORD    YEAR
 MAXIMUM TEMPERATURE (F)   87        93      2000
 MINIMUM TEMPERATURE (F)   64        46      1979


SUNRISE AND SUNSET
MAY 25 2016...........SUNRISE   600 AM CDT   SUNSET   802 PM CDT
MAY 26 2016...........SUNRISE   600 AM CDT   SUNSET   803 PM CDT


-  INDICATES NEGATIVE NUMBERS.
R  INDICATES RECORD WAS SET OR TIED.
MM INDICATES DATA IS MISSING.
T  INDICATES TRACE AMOUNT.




$$
