000
CDUS44 KJAN 272215
CLITVR


CLIMATE REPORT
NATIONAL WEATHER SERVICE JACKSON MS
413 PM CST SAT DEC 27 2014


...................................

...THE VICKSBURG CLIMATE SUMMARY FOR DECEMBER 27 2014...
VALID TODAY AS OF 0400 PM LOCAL TIME.

CLIMATE NORMAL PERIOD 1981 TO 2010
CLIMATE RECORD PERIOD 1948 TO 2014


WEATHER ITEM   OBSERVED TIME   RECORD YEAR NORMAL DEPARTURE LAST
                VALUE   (LST)  VALUE       VALUE  FROM      YEAR
                                                  NORMAL
..................................................................
TEMPERATURE (F)
 TODAY
  MAXIMUM         68    218 PM  80    2008  56     12       56
  MINIMUM         57    621 AM  13    2010  36     21       29
  AVERAGE         63                        46     17       43

PRECIPITATION (IN)
  TODAY            0.12          2.52 1987   0.16  -0.04      T
  MONTH TO DATE    2.38                      5.05  -2.67     4.07
  SINCE DEC 1      2.38                      5.05  -2.67     4.07
  SINCE JAN 1     56.29                     54.18   2.11    67.65

SNOWFALL (IN)
  TODAY            0.0

DEGREE DAYS
 HEATING
  TODAY            2                        19    -17       22
  MONTH TO DATE  372                       458    -86      511
  SINCE DEC 1    372                       458    -86      511
  SINCE JUL 1    910                       860     50     1041

 COOLING
  TODAY            0                         0      0        0
  MONTH TO DATE    4                         0      4       16
  SINCE DEC 1      4                         0      4       16
  SINCE JAN 1   2193                      2225    -32     2280
..................................................................


WIND (MPH)
  HIGHEST WIND SPEED    16   HIGHEST WIND DIRECTION     S (160)
  HIGHEST GUST SPEED    22   HIGHEST GUST DIRECTION    SE (150)
  AVERAGE WIND SPEED    10.8


SKY COVER
  POSSIBLE SUNSHINE  MM
  AVERAGE SKY COVER 1.0


WEATHER CONDITIONS
 THE FOLLOWING WEATHER WAS RECORDED TODAY.
  THUNDERSTORM
  HEAVY RAIN
  LIGHT RAIN
  FOG


RELATIVE HUMIDITY (PERCENT)
 HIGHEST    93           500 AM
 LOWEST     75          1200 AM
 AVERAGE    84

..........................................................


THE VICKSBURG CLIMATE NORMALS FOR TOMORROW
                         NORMAL    RECORD    YEAR
 MAXIMUM TEMPERATURE (F)   56        78      1988
 MINIMUM TEMPERATURE (F)   36        19      2010


SUNRISE AND SUNSET
DECEMBER 27 2014......SUNRISE   704 AM CST   SUNSET   507 PM CST
DECEMBER 28 2014......SUNRISE   704 AM CST   SUNSET   507 PM CST


-  INDICATES NEGATIVE NUMBERS.
R  INDICATES RECORD WAS SET OR TIED.
MM INDICATES DATA IS MISSING.
T  INDICATES TRACE AMOUNT.




$$
