000
CDUS45 KBOI 240933
CLITWF


CLIMATE REPORT
NATIONAL WEATHER SERVICE BOISE ID
233 AM MST FRI NOV 24 2017


...................................

...THE TWIN FALLS ID CLIMATE SUMMARY FOR NOVEMBER 23 2017...

CLIMATE NORMAL PERIOD 1981 TO 2010
CLIMATE RECORD PERIOD 9999 TO 9999


WEATHER ITEM   OBSERVED TIME   NORMAL DEPARTURE LAST
                VALUE   (LST)  VALUE  FROM      YEAR
                                      NORMAL
......................................................
TEMPERATURE (F)
 YESTERDAY
  MAXIMUM         65   1101 AM  44     21       43
  MINIMUM         44    549 AM  24     20       29
  AVERAGE         55

PRECIPITATION (IN)
  YESTERDAY        T             0.05  -0.05     0.07
  MONTH TO DATE    0.96          0.85   0.11     0.15
  SINCE OCT 1      1.61          1.65  -0.04     2.93
  SINCE JAN 1      9.74          9.10   0.64    11.84

DEGREE DAYS
 HEATING
  YESTERDAY       10            31    -21       29
  MONTH TO DATE  550           593    -43      470
  SINCE SEP 1   1350          1191    159     1071
  SINCE JUL 1   1352          1212    140     1095

 COOLING
  YESTERDAY        0             0      0        0
  MONTH TO DATE    0             0      0        0
  SINCE SEP 1    119            63     56       26
  SINCE JAN 1    871           680    191      642
......................................................


WIND (MPH)
  HIGHEST WIND SPEED    24   HIGHEST WIND DIRECTION    SW (240)
  HIGHEST GUST SPEED    31   HIGHEST GUST DIRECTION    SW (210)
  AVERAGE WIND SPEED    12.8


SKY COVER
  AVERAGE SKY COVER 0.4


WEATHER CONDITIONS
 THE FOLLOWING WEATHER WAS RECORDED YESTERDAY.
  LIGHT RAIN


RELATIVE HUMIDITY (PERCENT)
 HIGHEST    89           600 AM
 LOWEST     46          1000 AM
 AVERAGE    68

..........................................................




SUNRISE AND SUNSET
NOVEMBER 24 2017......SUNRISE   740 AM MST   SUNSET   509 PM MST
NOVEMBER 25 2017......SUNRISE   741 AM MST   SUNSET   508 PM MST


-  INDICATES NEGATIVE NUMBERS.
R  INDICATES RECORD WAS SET OR TIED.
MM INDICATES DATA IS MISSING.
T  INDICATES TRACE AMOUNT.




$$
