000
CDUS45 KBOI 260931
CLITWF


CLIMATE REPORT
NATIONAL WEATHER SERVICE BOISE ID
231 AM MST WED NOV 26 2014


...................................

...THE TWIN FALLS ID CLIMATE SUMMARY FOR NOVEMBER 25 2014...

CLIMATE NORMAL PERIOD 1981 TO 2010
CLIMATE RECORD PERIOD 9999 TO 9999


WEATHER ITEM   OBSERVED TIME   NORMAL DEPARTURE LAST
                VALUE   (LST)  VALUE  FROM      YEAR
                                      NORMAL
......................................................
TEMPERATURE (F)
 YESTERDAY
  MAXIMUM         56    306 PM  43     13       48
  MINIMUM         41    230 AM  23     18       23
  AVERAGE         49

PRECIPITATION (IN)
  YESTERDAY        0.00          0.05  -0.05     0.00
  MONTH TO DATE    1.26          0.94   0.32     0.23
  SINCE OCT 1      1.39          1.74  -0.35     0.35
  SINCE JAN 1     14.43          9.19   5.24     4.46

DEGREE DAYS
 HEATING
  YESTERDAY       16            32    -16       29
  MONTH TO DATE  722           656     66      611
  SINCE SEP 1   1084          1254   -170     1222
  SINCE JUL 1   1103          1275   -172     1222

 COOLING
  YESTERDAY        0             0      0        0
  MONTH TO DATE    0             0      0        0
  SINCE SEP 1     92            63     29       99
  SINCE JAN 1    851           680    171     1138
......................................................


WIND (MPH)
  HIGHEST WIND SPEED    32   HIGHEST WIND DIRECTION    SW (230)
  HIGHEST GUST SPEED    43   HIGHEST GUST DIRECTION    SW (240)
  AVERAGE WIND SPEED    20.7


SKY COVER
  AVERAGE SKY COVER 1.0


WEATHER CONDITIONS
 THE FOLLOWING WEATHER WAS RECORDED YESTERDAY.
  NO SIGNIFICANT WEATHER WAS OBSERVED.


RELATIVE HUMIDITY (PERCENT)
 HIGHEST    59           800 PM
 LOWEST     43          1200 AM
 AVERAGE    51

..........................................................




SUNRISE AND SUNSET
NOVEMBER 26 2014......SUNRISE   742 AM MST   SUNSET   508 PM MST
NOVEMBER 27 2014......SUNRISE   743 AM MST   SUNSET   507 PM MST


-  INDICATES NEGATIVE NUMBERS.
R  INDICATES RECORD WAS SET OR TIED.
MM INDICATES DATA IS MISSING.
T  INDICATES TRACE AMOUNT.




$$
