000
CDUS45 KBOI 010932
CLITWF


CLIMATE REPORT
NATIONAL WEATHER SERVICE BOISE ID
232 AM MST SUN FEB 1 2015


...................................

...THE TWIN FALLS ID CLIMATE SUMMARY FOR JANUARY 31 2015...

CLIMATE NORMAL PERIOD 1981 TO 2010
CLIMATE RECORD PERIOD 9999 TO 9999


WEATHER ITEM   OBSERVED TIME   NORMAL DEPARTURE LAST
                VALUE   (LST)  VALUE  FROM      YEAR
                                      NORMAL
......................................................
TEMPERATURE (F)
 YESTERDAY
  MAXIMUM         45    318 PM  39      6       38
  MINIMUM         28    624 PM  22      6       29
  AVERAGE         37

PRECIPITATION (IN)
  YESTERDAY        0.00          0.03  -0.03     0.00
  MONTH TO DATE    0.92          0.98  -0.06     0.70
  SINCE OCT 1      3.92          4.23  -0.31     1.17
  SINCE JAN 1      0.92          0.98  -0.06     0.70

DEGREE DAYS
 HEATING
  YESTERDAY       28            35     -7       31
  MONTH TO DATE 1002          1099    -97      976
  SINCE DEC 1   1883          2230   -347     2166
  SINCE JUL 1   3075          3668   -593     3522

 COOLING
  YESTERDAY        0             0      0        0
  MONTH TO DATE    0             0      0        0
  SINCE DEC 1      0             0      0        0
  SINCE JAN 1      0             0      0        0
......................................................


WIND (MPH)
  HIGHEST WIND SPEED    23   HIGHEST WIND DIRECTION     W (250)
  HIGHEST GUST SPEED    27   HIGHEST GUST DIRECTION     W (270)
  AVERAGE WIND SPEED    11.3


SKY COVER
  AVERAGE SKY COVER 0.2


WEATHER CONDITIONS
 THE FOLLOWING WEATHER WAS RECORDED YESTERDAY.
  NO SIGNIFICANT WEATHER WAS OBSERVED.


RELATIVE HUMIDITY (PERCENT)
 HIGHEST    82          1200 AM
 LOWEST     53           200 PM
 AVERAGE    68

..........................................................




SUNRISE AND SUNSET
FEBRUARY  1 2015......SUNRISE   752 AM MST   SUNSET   552 PM MST
FEBRUARY  2 2015......SUNRISE   751 AM MST   SUNSET   553 PM MST


-  INDICATES NEGATIVE NUMBERS.
R  INDICATES RECORD WAS SET OR TIED.
MM INDICATES DATA IS MISSING.
T  INDICATES TRACE AMOUNT.




$$
