000
CDUS45 KBOI 230934
CLITWF


CLIMATE REPORT
NATIONAL WEATHER SERVICE BOISE ID
334 AM MDT TUE SEP 23 2014


...................................

...THE TWIN FALLS ID CLIMATE SUMMARY FOR SEPTEMBER 22 2014...

CLIMATE NORMAL PERIOD 1981 TO 2010
CLIMATE RECORD PERIOD 9999 TO 9999


WEATHER ITEM   OBSERVED TIME   NORMAL DEPARTURE LAST
                VALUE   (LST)  VALUE  FROM      YEAR
                                      NORMAL
......................................................
TEMPERATURE (F)
 YESTERDAY
  MAXIMUM         76    433 PM  74      2       67
  MINIMUM         54    126 AM  45      9       47
  AVERAGE         65

PRECIPITATION (IN)
  YESTERDAY        T             0.03  -0.03     0.00
  MONTH TO DATE    0.13          0.39  -0.26     0.73
  SINCE OCT 1     12.85         10.52   2.33     7.10
  SINCE JAN 1     12.38          7.27   5.11     3.92

DEGREE DAYS
 HEATING
  YESTERDAY        0             6     -6        8
  MONTH TO DATE   43            79    -36       32
  SINCE SEP 1     43            79    -36       32
  SINCE JUL 1     62           100    -38       32

 COOLING
  YESTERDAY        0             1     -1        0
  MONTH TO DATE   62            56      6       99
  SINCE SEP 1     62            56      6       99
  SINCE JAN 1    821           673    148     1138
......................................................


WIND (MPH)
  HIGHEST WIND SPEED    14   HIGHEST WIND DIRECTION     S (200)
  HIGHEST GUST SPEED    19   HIGHEST GUST DIRECTION     S (180)
  AVERAGE WIND SPEED     7.3


SKY COVER
  AVERAGE SKY COVER 0.3


WEATHER CONDITIONS
 THE FOLLOWING WEATHER WAS RECORDED YESTERDAY.
  HAZE


RELATIVE HUMIDITY (PERCENT)
 HIGHEST    83          1200 AM
 LOWEST     38           400 PM
 AVERAGE    61

..........................................................




SUNRISE AND SUNSET
SEPTEMBER 23 2014.....SUNRISE   726 AM MDT   SUNSET   733 PM MDT
SEPTEMBER 24 2014.....SUNRISE   727 AM MDT   SUNSET   732 PM MDT


-  INDICATES NEGATIVE NUMBERS.
R  INDICATES RECORD WAS SET OR TIED.
MM INDICATES DATA IS MISSING.
T  INDICATES TRACE AMOUNT.




$$
