000
CDUS45 KBOI 160932
CLITWF


CLIMATE REPORT
NATIONAL WEATHER SERVICE BOISE ID
332 AM MDT WED APR 16 2014


...................................

...THE TWIN FALLS ID CLIMATE SUMMARY FOR APRIL 15 2014...

CLIMATE NORMAL PERIOD 1981 TO 2010
CLIMATE RECORD PERIOD 9999 TO 9999


WEATHER ITEM   OBSERVED TIME   NORMAL DEPARTURE LAST
                VALUE   (LST)  VALUE  FROM      YEAR
                                      NORMAL
......................................................
TEMPERATURE (F)
 YESTERDAY
  MAXIMUM         62    933 AM  60      2       49
  MINIMUM         41   1126 PM  35      6       31
  AVERAGE         52

PRECIPITATION (IN)
  YESTERDAY        0.00          0.04  -0.04     0.00
  MONTH TO DATE    0.06          0.54  -0.48     0.62
  SINCE OCT 1      4.66          6.62  -1.96     5.36
  SINCE JAN 1      4.19          3.37   0.82     2.18

DEGREE DAYS
 HEATING
  YESTERDAY       13            17     -4       25
  MONTH TO DATE  233           279    -46      252
  SINCE MAR 1    839          1001   -162      908
  SINCE JUL 1   5092          5568   -476     5200

 COOLING
  YESTERDAY        0             0      0        0
  MONTH TO DATE    0             0      0        0
  SINCE MAR 1      0             0      0        0
  SINCE JAN 1      0             0      0        0
......................................................


WIND (MPH)
  HIGHEST WIND SPEED    35   HIGHEST WIND DIRECTION     W (280)
  HIGHEST GUST SPEED    42   HIGHEST GUST DIRECTION     W (270)
  AVERAGE WIND SPEED    19.2


SKY COVER
  AVERAGE SKY COVER 0.1


WEATHER CONDITIONS
 THE FOLLOWING WEATHER WAS RECORDED YESTERDAY.
  NO SIGNIFICANT WEATHER WAS OBSERVED.


RELATIVE HUMIDITY (PERCENT)
 HIGHEST    39          1000 PM
 LOWEST     19           700 AM
 AVERAGE    29

..........................................................




SUNRISE AND SUNSET
APRIL 16 2014.........SUNRISE   655 AM MDT   SUNSET   821 PM MDT
APRIL 17 2014.........SUNRISE   654 AM MDT   SUNSET   822 PM MDT


-  INDICATES NEGATIVE NUMBERS.
R  INDICATES RECORD WAS SET OR TIED.
MM INDICATES DATA IS MISSING.
T  INDICATES TRACE AMOUNT.




$$
