000
CDUS45 KBOI 070930
CLITWF


CLIMATE REPORT
NATIONAL WEATHER SERVICE BOISE ID
330 AM MDT TUE JUL 7 2015


...................................

...THE TWIN FALLS ID CLIMATE SUMMARY FOR JULY 6 2015...

CLIMATE NORMAL PERIOD 1981 TO 2010
CLIMATE RECORD PERIOD 9999 TO 9999


WEATHER ITEM   OBSERVED TIME   NORMAL DEPARTURE LAST
                VALUE   (LST)  VALUE  FROM      YEAR
                                      NORMAL
......................................................
TEMPERATURE (F)
 YESTERDAY
  MAXIMUM         90    427 PM  88      2       99
  MINIMUM         68    553 AM  56     12       66
  AVERAGE         79

PRECIPITATION (IN)
  YESTERDAY        0.00          0.01  -0.01     0.00
  MONTH TO DATE    T             0.08  -0.08     0.00
  SINCE OCT 1      7.40          9.59  -2.19     6.92
  SINCE JAN 1      4.40          6.34  -1.94     6.45

DEGREE DAYS
 HEATING
  YESTERDAY        0             0      0        0
  MONTH TO DATE    0             3     -3        0
  SINCE JUN 1      7            90    -83       58
  SINCE JUL 1      0             3     -3        0

 COOLING
  YESTERDAY       14             7      7       18
  MONTH TO DATE  115            39     76       79
  SINCE JUN 1    381           126    255      166
  SINCE JAN 1    397           148    249      199
......................................................


WIND (MPH)
  HIGHEST WIND SPEED    15   HIGHEST WIND DIRECTION    NW (320)
  HIGHEST GUST SPEED    20   HIGHEST GUST DIRECTION    NE (40)
  AVERAGE WIND SPEED     8.2


SKY COVER
  AVERAGE SKY COVER 0.4


WEATHER CONDITIONS
 THE FOLLOWING WEATHER WAS RECORDED YESTERDAY.
  NO SIGNIFICANT WEATHER WAS OBSERVED.


RELATIVE HUMIDITY (PERCENT)
 HIGHEST    55          1200 AM
 LOWEST     23           500 PM
 AVERAGE    39

..........................................................




SUNRISE AND SUNSET
JULY  7 2015..........SUNRISE   608 AM MDT   SUNSET   917 PM MDT
JULY  8 2015..........SUNRISE   609 AM MDT   SUNSET   917 PM MDT


-  INDICATES NEGATIVE NUMBERS.
R  INDICATES RECORD WAS SET OR TIED.
MM INDICATES DATA IS MISSING.
T  INDICATES TRACE AMOUNT.




$$
