000
CDUS45 KBOI 040930
CLITWF


CLIMATE REPORT
NATIONAL WEATHER SERVICE BOISE ID
230 AM MST SUN DEC 4 2016


...................................

...THE TWIN FALLS ID CLIMATE SUMMARY FOR DECEMBER 3 2016...

CLIMATE NORMAL PERIOD 1981 TO 2010
CLIMATE RECORD PERIOD 9999 TO 9999


WEATHER ITEM   OBSERVED TIME   NORMAL DEPARTURE LAST
                VALUE   (LST)  VALUE  FROM      YEAR
                                      NORMAL
......................................................
TEMPERATURE (F)
 YESTERDAY
  MAXIMUM         41    310 PM  40      1       45
  MINIMUM         28    808 PM  21      7       21
  AVERAGE         35

PRECIPITATION (IN)
  YESTERDAY        0.00          0.04  -0.04     0.00
  MONTH TO DATE    T             0.11  -0.11     0.00
  SINCE OCT 1      2.97          2.09   0.88     2.71
  SINCE JAN 1     11.88          9.54   2.34     8.66

DEGREE DAYS
 HEATING
  YESTERDAY       30            35     -5       32
  MONTH TO DATE  100           103     -3      134
  SINCE DEC 1    100           103     -3      134
  SINCE JUL 1   1402          1541   -139     1345

 COOLING
  YESTERDAY        0             0      0        0
  MONTH TO DATE    0             0      0        0
  SINCE DEC 1      0             0      0        0
  SINCE JAN 1    642           680    -38     1020
......................................................


WIND (MPH)
  HIGHEST WIND SPEED    22   HIGHEST WIND DIRECTION     W (270)
  HIGHEST GUST SPEED    26   HIGHEST GUST DIRECTION    SW (240)
  AVERAGE WIND SPEED    11.1


SKY COVER
  AVERAGE SKY COVER 0.8


WEATHER CONDITIONS
 THE FOLLOWING WEATHER WAS RECORDED YESTERDAY.
  NO SIGNIFICANT WEATHER WAS OBSERVED.


RELATIVE HUMIDITY (PERCENT)
 HIGHEST    72           800 PM
 LOWEST     50          1200 PM
 AVERAGE    61

..........................................................




SUNRISE AND SUNSET
DECEMBER  4 2016......SUNRISE   751 AM MST   SUNSET   505 PM MST
DECEMBER  5 2016......SUNRISE   752 AM MST   SUNSET   505 PM MST


-  INDICATES NEGATIVE NUMBERS.
R  INDICATES RECORD WAS SET OR TIED.
MM INDICATES DATA IS MISSING.
T  INDICATES TRACE AMOUNT.




$$
