000
CDUS45 KBOI 250933
CLITWF


CLIMATE REPORT
NATIONAL WEATHER SERVICE BOISE ID
332 AM MDT WED MAY 25 2016


...................................

...THE TWIN FALLS ID CLIMATE SUMMARY FOR MAY 24 2016...

CLIMATE NORMAL PERIOD 1981 TO 2010
CLIMATE RECORD PERIOD 9999 TO 9999


WEATHER ITEM   OBSERVED TIME   NORMAL DEPARTURE LAST
                VALUE   (LST)  VALUE  FROM      YEAR
                                      NORMAL
......................................................
TEMPERATURE (F)
 YESTERDAY
  MAXIMUM         67    451 PM  73     -6       72
  MINIMUM         42    403 AM  45     -3       47
  AVERAGE         55

PRECIPITATION (IN)
  YESTERDAY        0.00          0.04  -0.04     0.18
  MONTH TO DATE    1.85          1.07   0.78     2.18
  SINCE OCT 1     10.52          8.29   2.23     7.04
  SINCE JAN 1      6.14          5.04   1.10     4.04

DEGREE DAYS
 HEATING
  YESTERDAY       10             7      3        5
  MONTH TO DATE  242           242      0      180
  SINCE MAR 1   1320          1473   -153     1121
  SINCE JUL 1   5606          6040   -434     4814

 COOLING
  YESTERDAY        0             1     -1        0
  MONTH TO DATE    3            12     -9        0
  SINCE MAR 1      3            13    -10        0
  SINCE JAN 1      3            13    -10        0
......................................................


WIND (MPH)
  HIGHEST WIND SPEED    18   HIGHEST WIND DIRECTION     S (190)
  HIGHEST GUST SPEED    26   HIGHEST GUST DIRECTION     S (200)
  AVERAGE WIND SPEED     9.1


SKY COVER
  AVERAGE SKY COVER 0.6


WEATHER CONDITIONS
 THE FOLLOWING WEATHER WAS RECORDED YESTERDAY.
  NO SIGNIFICANT WEATHER WAS OBSERVED.


RELATIVE HUMIDITY (PERCENT)
 HIGHEST    82           400 AM
 LOWEST     32           500 PM
 AVERAGE    57

..........................................................




SUNRISE AND SUNSET
MAY 25 2016...........SUNRISE   607 AM MDT   SUNSET   903 PM MDT
MAY 26 2016...........SUNRISE   606 AM MDT   SUNSET   904 PM MDT


-  INDICATES NEGATIVE NUMBERS.
R  INDICATES RECORD WAS SET OR TIED.
MM INDICATES DATA IS MISSING.
T  INDICATES TRACE AMOUNT.




$$
