000
CDUS45 KBOI 230931
CLITWF


CLIMATE REPORT
NATIONAL WEATHER SERVICE BOISE ID
231 AM MST MON JAN 23 2017


...................................

...THE TWIN FALLS ID CLIMATE SUMMARY FOR JANUARY 22 2017...

CLIMATE NORMAL PERIOD 1981 TO 2010
CLIMATE RECORD PERIOD 9999 TO 9999


WEATHER ITEM   OBSERVED TIME   NORMAL DEPARTURE LAST
                VALUE   (LST)  VALUE  FROM      YEAR
                                      NORMAL
......................................................
TEMPERATURE (F)
 YESTERDAY
  MAXIMUM         40   1224 PM  38      2       36
  MINIMUM         32    605 AM  22     10       27
  AVERAGE         36

PRECIPITATION (IN)
  YESTERDAY        T             0.02  -0.02     0.00
  MONTH TO DATE    1.19          0.76   0.43     0.33
  SINCE OCT 1      5.69          4.01   1.68     4.71
  SINCE JAN 1      1.19          0.76   0.43     0.33

DEGREE DAYS
 HEATING
  YESTERDAY       29            35     -6       33
  MONTH TO DATE  950           784    166      812
  SINCE DEC 1   2208          1913    295     1955
  SINCE JUL 1   3510          3351    159     3166

 COOLING
  YESTERDAY        0             0      0        0
  MONTH TO DATE    0             0      0        0
  SINCE DEC 1      0             0      0        0
  SINCE JAN 1      0             0      0        0
......................................................


WIND (MPH)
  HIGHEST WIND SPEED    44   HIGHEST WIND DIRECTION     S (160)
  HIGHEST GUST SPEED    55   HIGHEST GUST DIRECTION     S (170)
  AVERAGE WIND SPEED    19.9


SKY COVER
  AVERAGE SKY COVER 0.8


WEATHER CONDITIONS
 THE FOLLOWING WEATHER WAS RECORDED YESTERDAY.
  LIGHT SNOW
  FOG


RELATIVE HUMIDITY (PERCENT)
 HIGHEST    89           800 PM
 LOWEST     50          1200 PM
 AVERAGE    70

..........................................................




SUNRISE AND SUNSET
JANUARY 23 2017.......SUNRISE   800 AM MST   SUNSET   541 PM MST
JANUARY 24 2017.......SUNRISE   759 AM MST   SUNSET   542 PM MST


-  INDICATES NEGATIVE NUMBERS.
R  INDICATES RECORD WAS SET OR TIED.
MM INDICATES DATA IS MISSING.
T  INDICATES TRACE AMOUNT.




$$
