000
CDUS45 KBOI 210932
CLITWF


CLIMATE REPORT
NATIONAL WEATHER SERVICE BOISE ID
231 AM MST SUN DEC 21 2014


...................................

...THE TWIN FALLS ID CLIMATE SUMMARY FOR DECEMBER 20 2014...

CLIMATE NORMAL PERIOD 1981 TO 2010
CLIMATE RECORD PERIOD 9999 TO 9999


WEATHER ITEM   OBSERVED TIME   NORMAL DEPARTURE LAST
                VALUE   (LST)  VALUE  FROM      YEAR
                                      NORMAL
......................................................
TEMPERATURE (F)
 YESTERDAY
  MAXIMUM         46    413 PM  36     10       34
  MINIMUM         35   1231 AM  19     16       16
  AVERAGE         41

PRECIPITATION (IN)
  YESTERDAY        0.33          0.05   0.28     0.04
  MONTH TO DATE    0.65          0.84  -0.19     0.10
  SINCE OCT 1      2.11          2.82  -0.71     0.45
  SINCE JAN 1     15.15         10.27   4.88     4.56

DEGREE DAYS
 HEATING
  YESTERDAY       24            37    -13       40
  MONTH TO DATE  470           723   -253      849
  SINCE DEC 1    470           723   -253      849
  SINCE JUL 1   1662          2161   -499     2205

 COOLING
  YESTERDAY        0             0      0        0
  MONTH TO DATE    0             0      0        0
  SINCE DEC 1      0             0      0        0
  SINCE JAN 1    851           680    171     1138
......................................................


WIND (MPH)
  HIGHEST WIND SPEED    18   HIGHEST WIND DIRECTION     S (180)
  HIGHEST GUST SPEED    24   HIGHEST GUST DIRECTION     S (170)
  AVERAGE WIND SPEED    10.7


SKY COVER
  AVERAGE SKY COVER 0.9


WEATHER CONDITIONS
 THE FOLLOWING WEATHER WAS RECORDED YESTERDAY.
  LIGHT RAIN
  FOG


RELATIVE HUMIDITY (PERCENT)
 HIGHEST    85           400 AM
 LOWEST     65           200 PM
 AVERAGE    75

..........................................................




SUNRISE AND SUNSET
DECEMBER 21 2014......SUNRISE   804 AM MST   SUNSET   508 PM MST
DECEMBER 22 2014......SUNRISE   805 AM MST   SUNSET   509 PM MST


-  INDICATES NEGATIVE NUMBERS.
R  INDICATES RECORD WAS SET OR TIED.
MM INDICATES DATA IS MISSING.
T  INDICATES TRACE AMOUNT.




$$
