000
CDUS45 KBOI 270931
CLITWF


CLIMATE REPORT
NATIONAL WEATHER SERVICE BOISE ID
331 AM MDT WED MAY 27 2015


...................................

...THE TWIN FALLS ID CLIMATE SUMMARY FOR MAY 26 2015...

CLIMATE NORMAL PERIOD 1981 TO 2010
CLIMATE RECORD PERIOD 9999 TO 9999


WEATHER ITEM   OBSERVED TIME   NORMAL DEPARTURE LAST
                VALUE   (LST)  VALUE  FROM      YEAR
                                      NORMAL
......................................................
TEMPERATURE (F)
 YESTERDAY
  MAXIMUM         74    336 PM  73      1       84
  MINIMUM         54   1250 AM  45      9       54
  AVERAGE         64

PRECIPITATION (IN)
  YESTERDAY        0.00          0.04  -0.04     0.00
  MONTH TO DATE    2.18          1.15   1.03     0.64
  SINCE OCT 1      7.04          8.37  -1.33     6.06
  SINCE JAN 1      4.04          5.12  -1.08     5.59

DEGREE DAYS
 HEATING
  YESTERDAY        1             7     -6        0
  MONTH TO DATE  185           256    -71      180
  SINCE MAR 1   1126          1487   -361     1251
  SINCE JUL 1   4819          6054  -1235     5504

 COOLING
  YESTERDAY        0             1     -1        4
  MONTH TO DATE    0            14    -14       26
  SINCE MAR 1      0            15    -15       26
  SINCE JAN 1      0            15    -15       26
......................................................


WIND (MPH)
  HIGHEST WIND SPEED    32   HIGHEST WIND DIRECTION     W (250)
  HIGHEST GUST SPEED    40   HIGHEST GUST DIRECTION     W (260)
  AVERAGE WIND SPEED    10.1


SKY COVER
  AVERAGE SKY COVER 0.5


WEATHER CONDITIONS
 THE FOLLOWING WEATHER WAS RECORDED YESTERDAY.
  THUNDERSTORM


RELATIVE HUMIDITY (PERCENT)
 HIGHEST    66          1200 AM
 LOWEST     27           300 PM
 AVERAGE    47

..........................................................




SUNRISE AND SUNSET
MAY 27 2015...........SUNRISE   606 AM MDT   SUNSET   904 PM MDT
MAY 28 2015...........SUNRISE   606 AM MDT   SUNSET   905 PM MDT


-  INDICATES NEGATIVE NUMBERS.
R  INDICATES RECORD WAS SET OR TIED.
MM INDICATES DATA IS MISSING.
T  INDICATES TRACE AMOUNT.




$$
