000
CDUS44 KSHV 280748
CLITXK


CLIMATE REPORT
NATIONAL WEATHER SERVICE SHREVEPORT, LA
245 AM CDT WED SEP 28 2016


...................................

...THE TEXARKANA CLIMATE SUMMARY FOR SEPTEMBER 27 2016...

CLIMATE NORMAL PERIOD 1981 TO 2010
CLIMATE RECORD PERIOD 1896 TO 2016


WEATHER ITEM   OBSERVED TIME   RECORD YEAR NORMAL DEPARTURE LAST
                VALUE   (LST)  VALUE       VALUE  FROM      YEAR
                                                  NORMAL
..................................................................
TEMPERATURE (F)
 YESTERDAY
  MAXIMUM         83    150 PM 102    1939  83      0       89
  MINIMUM         60   1156 PM  37    1942  59      1       63
  AVERAGE         72                        71      1       76

PRECIPITATION (IN)
  YESTERDAY        0.00          1.18 1936   0.12  -0.12      T
  MONTH TO DATE    0.50                      3.06  -2.56     0.89
  SINCE DEC 1     45.24                     39.53   5.71    44.12
  SINCE JAN 1     39.26                     34.48   4.78    41.44

SNOWFALL (IN)
  YESTERDAY        0.0
  MONTH TO DATE    0.0
  SINCE SEP 1      0.0
  SINCE JUL 1      0.0
  SNOW DEPTH       0

DEGREE DAYS
 HEATING
  YESTERDAY        0                         1     -1        0
  MONTH TO DATE    0                         6     -6        0
  SINCE SEP 1      0                         6     -6        0
  SINCE JUL 1      0                         6     -6        0

 COOLING
  YESTERDAY        7                         7      0       11
  MONTH TO DATE  394                       288    106      378
  SINCE SEP 1    394                       288    106      378
  SINCE JAN 1   2334                      2076    258     2347
..................................................................


WIND (MPH)
  HIGHEST WIND SPEED    12   HIGHEST WIND DIRECTION     N (350)
  HIGHEST GUST SPEED    16   HIGHEST GUST DIRECTION     N (360)
  AVERAGE WIND SPEED     4.3


SKY COVER
  POSSIBLE SUNSHINE  MM
  AVERAGE SKY COVER 0.4


WEATHER CONDITIONS
 THE FOLLOWING WEATHER WAS RECORDED YESTERDAY.
  NO SIGNIFICANT WEATHER WAS OBSERVED.


RELATIVE HUMIDITY (PERCENT)
 HIGHEST    84          1100 PM
 LOWEST     33           200 PM
 AVERAGE    59

..........................................................


THE TEXARKANA CLIMATE NORMALS FOR TODAY
                         NORMAL    RECORD    YEAR
 MAXIMUM TEMPERATURE (F)   82       102      1953
 MINIMUM TEMPERATURE (F)   59        39      1908


SUNRISE AND SUNSET
SEPTEMBER 28 2016.....SUNRISE   709 AM CDT   SUNSET   704 PM CDT
SEPTEMBER 29 2016.....SUNRISE   709 AM CDT   SUNSET   702 PM CDT


-  INDICATES NEGATIVE NUMBERS.
R  INDICATES RECORD WAS SET OR TIED.
MM INDICATES DATA IS MISSING.
T  INDICATES TRACE AMOUNT.




$$
