000
CDUS44 KSHV 302133
CLITXK


CLIMATE REPORT
NATIONAL WEATHER SERVICE SHREVEPORT, LA
431 PM CDT SAT APR 30 2016


...................................

...THE TEXARKANA CLIMATE SUMMARY FOR APRIL 30 2016...
VALID TODAY AS OF 0400 PM LOCAL TIME.

CLIMATE NORMAL PERIOD 1981 TO 2010
CLIMATE RECORD PERIOD 1896 TO 2016


WEATHER ITEM   OBSERVED TIME   RECORD YEAR NORMAL DEPARTURE LAST
                VALUE   (LST)  VALUE       VALUE  FROM      YEAR
                                                  NORMAL
..................................................................
TEMPERATURE (F)
 TODAY
  MAXIMUM         82    243 PM  91    1943  79      3       80
  MINIMUM         64    657 AM  36    1908  57      7       50
  AVERAGE         73                        68      5       65

PRECIPITATION (IN)
  TODAY            0.76          2.64 1958   0.15   0.61     0.00
  MONTH TO DATE    7.95                      3.94   4.01     8.09
  SINCE DEC 1     28.28                     20.58   7.70    27.87
  SINCE JAN 1     22.30                     15.53   6.77    25.19

SNOWFALL (IN)
  TODAY            0.0
  MONTH TO DATE    0.0
  SINCE MAR 1      0.0
  SINCE JUL 1      0.0
  SNOW DEPTH       0

DEGREE DAYS
 HEATING
  TODAY            0                         1     -1        0
  MONTH TO DATE   60                       109    -49       82
  SINCE MAR 1    238                       409   -171      422
  SINCE JUL 1   1891                      2603   -712     2803

 COOLING
  TODAY            8                         4      4        0
  MONTH TO DATE   83                        74      9       81
  SINCE MAR 1    109                        93     16       97
  SINCE JAN 1    115                        97     18       97
..................................................................


WIND (MPH)
  HIGHEST WIND SPEED    21   HIGHEST WIND DIRECTION    SE (140)
  HIGHEST GUST SPEED    30   HIGHEST GUST DIRECTION    SE (130)
  AVERAGE WIND SPEED     6.8


SKY COVER
  POSSIBLE SUNSHINE  MM
  AVERAGE SKY COVER 0.6


WEATHER CONDITIONS
 THE FOLLOWING WEATHER WAS RECORDED TODAY.
  THUNDERSTORM
  HEAVY RAIN
  RAIN
  LIGHT RAIN
  FOG


RELATIVE HUMIDITY (PERCENT)
 HIGHEST    93          1200 AM
 LOWEST     62           100 PM
 AVERAGE    78

..........................................................


THE TEXARKANA CLIMATE NORMALS FOR TOMORROW
                         NORMAL    RECORD    YEAR
 MAXIMUM TEMPERATURE (F)   79        93      1901
 MINIMUM TEMPERATURE (F)   57        37      1925


SUNRISE AND SUNSET
APRIL 30 2016.........SUNRISE   628 AM CDT   SUNSET   759 PM CDT
MAY  1 2016...........SUNRISE   627 AM CDT   SUNSET   759 PM CDT


-  INDICATES NEGATIVE NUMBERS.
R  INDICATES RECORD WAS SET OR TIED.
MM INDICATES DATA IS MISSING.
T  INDICATES TRACE AMOUNT.




$$
