000
CDUS44 KSHV 010839
CLITXK


CLIMATE REPORT
NATIONAL WEATHER SERVICE SHREVEPORT, LA
238 AM CST SUN FEB 1 2015


...................................

...THE TEXARKANA CLIMATE SUMMARY FOR JANUARY 31 2015...

CLIMATE NORMAL PERIOD 1981 TO 2010
CLIMATE RECORD PERIOD 1896 TO 2015


WEATHER ITEM   OBSERVED TIME   RECORD YEAR NORMAL DEPARTURE LAST
                VALUE   (LST)  VALUE       VALUE  FROM      YEAR
                                                  NORMAL
..................................................................
TEMPERATURE (F)
 YESTERDAY
  MAXIMUM         54    321 PM  76    1974  55     -1       65
  MINIMUM         40    827 AM  11    1936  35      5       47
  AVERAGE         47                        45      2       56

PRECIPITATION (IN)
  YESTERDAY        0.00          4.10 1957   0.12  -0.12     0.00
  MONTH TO DATE    4.24                      3.40   0.84     0.73
  SINCE DEC 1      6.92                      8.45  -1.53     6.56
  SINCE JAN 1      4.24                      3.40   0.84     0.73

SNOWFALL (IN)
  YESTERDAY        0.0
  MONTH TO DATE    T
  SINCE DEC 1      T
  SINCE JUL 1      T
  SNOW DEPTH       0

DEGREE DAYS
 HEATING
  YESTERDAY       18                        20     -2        9
  MONTH TO DATE  670                       659     11      736
  SINCE DEC 1   1221                      1264    -43     1375
  SINCE JUL 1   1731                      1722      9     1900

 COOLING
  YESTERDAY        0                         0      0        0
  MONTH TO DATE    0                         1     -1        0
  SINCE DEC 1      1                         4     -3        2
  SINCE JAN 1      0                         1     -1        0
..................................................................


WIND (MPH)
  HIGHEST WIND SPEED    13   HIGHEST WIND DIRECTION    SE (150)
  HIGHEST GUST SPEED    17   HIGHEST GUST DIRECTION     S (160)
  AVERAGE WIND SPEED     6.2


SKY COVER
  POSSIBLE SUNSHINE  MM
  AVERAGE SKY COVER 0.4


WEATHER CONDITIONS
 THE FOLLOWING WEATHER WAS RECORDED YESTERDAY.
  NO SIGNIFICANT WEATHER WAS OBSERVED.


RELATIVE HUMIDITY (PERCENT)
 HIGHEST    65           100 AM
 LOWEST     41           300 PM
 AVERAGE    53

..........................................................


THE TEXARKANA CLIMATE NORMALS FOR TODAY
                         NORMAL    RECORD    YEAR
 MAXIMUM TEMPERATURE (F)   56        83      1989
 MINIMUM TEMPERATURE (F)   35         5      1951


SUNRISE AND SUNSET
FEBRUARY  1 2015......SUNRISE   712 AM CST   SUNSET   547 PM CST
FEBRUARY  2 2015......SUNRISE   711 AM CST   SUNSET   548 PM CST


-  INDICATES NEGATIVE NUMBERS.
R  INDICATES RECORD WAS SET OR TIED.
MM INDICATES DATA IS MISSING.
T  INDICATES TRACE AMOUNT.




$$
