000
CDUS44 KSHV 290830
CLITXK


CLIMATE REPORT
NATIONAL WEATHER SERVICE SHREVEPORT, LA
326 AM CDT FRI JUL 29 2016


...................................

...THE TEXARKANA CLIMATE SUMMARY FOR JULY 28 2016...

CLIMATE NORMAL PERIOD 1981 TO 2010
CLIMATE RECORD PERIOD 1896 TO 2016


WEATHER ITEM   OBSERVED TIME   RECORD YEAR NORMAL DEPARTURE LAST
                VALUE   (LST)  VALUE       VALUE  FROM      YEAR
                                                  NORMAL
..................................................................
TEMPERATURE (F)
 YESTERDAY
  MAXIMUM         77    202 PM 106    1930  94    -17       99
  MINIMUM         73   1159 PM  61    1994  72      1       78
  AVERAGE         75                        83     -8       89

PRECIPITATION (IN)
  YESTERDAY        1.30          2.65 1984   0.09   1.21     0.00
  MONTH TO DATE    2.40                      3.14  -0.74     2.13
  SINCE DEC 1     38.67                     33.26   5.41    42.06
  SINCE JAN 1     32.69                     28.21   4.48    39.38

SNOWFALL (IN)
  YESTERDAY        0.0
  MONTH TO DATE    0.0
  SINCE JUN 1      0.0
  SINCE JUL 1      0.0
  SNOW DEPTH       0

DEGREE DAYS
 HEATING
  YESTERDAY        0                         0      0        0
  MONTH TO DATE    0                         0      0        0
  SINCE JUN 1      0                         0      0        0
  SINCE JUL 1      0                         0      0        0

 COOLING
  YESTERDAY       10                        18     -8       24
  MONTH TO DATE  573                       482     91      556
  SINCE JUN 1   1062                       887    175     1035
  SINCE JAN 1   1352                      1207    145     1359
..................................................................


WIND (MPH)
  HIGHEST WIND SPEED    10   HIGHEST WIND DIRECTION    NW (300)
  HIGHEST GUST SPEED    14   HIGHEST GUST DIRECTION    NW (300)
  AVERAGE WIND SPEED     4.6


SKY COVER
  POSSIBLE SUNSHINE  MM
  AVERAGE SKY COVER 0.5


WEATHER CONDITIONS
 THE FOLLOWING WEATHER WAS RECORDED YESTERDAY.
  THUNDERSTORM
  HEAVY RAIN
  RAIN
  LIGHT RAIN
  FOG


RELATIVE HUMIDITY (PERCENT)
 HIGHEST   100           200 PM
 LOWEST     87           800 AM
 AVERAGE    94

..........................................................


THE TEXARKANA CLIMATE NORMALS FOR TODAY
                         NORMAL    RECORD    YEAR
 MAXIMUM TEMPERATURE (F)   94       110      1930
 MINIMUM TEMPERATURE (F)   72        65      1928


SUNRISE AND SUNSET
JULY 29 2016..........SUNRISE   627 AM CDT   SUNSET   818 PM CDT
JULY 30 2016..........SUNRISE   628 AM CDT   SUNSET   817 PM CDT


-  INDICATES NEGATIVE NUMBERS.
R  INDICATES RECORD WAS SET OR TIED.
MM INDICATES DATA IS MISSING.
T  INDICATES TRACE AMOUNT.




$$
