000
CDUS44 KSHV 280748
CLITYR


CLIMATE REPORT
NATIONAL WEATHER SERVICE SHREVEPORT, LA
245 AM CDT WED SEP 28 2016


...................................

...THE TYLER CLIMATE SUMMARY FOR SEPTEMBER 27 2016...

CLIMATE NORMAL PERIOD 1981 TO 2010
CLIMATE RECORD PERIOD 1896 TO 2016


WEATHER ITEM   OBSERVED TIME   RECORD YEAR NORMAL DEPARTURE LAST
                VALUE   (LST)  VALUE       VALUE  FROM      YEAR
                                                  NORMAL
..................................................................
TEMPERATURE (F)
 YESTERDAY
  MAXIMUM         79   1209 PM  99    1953  83     -4       88
  MINIMUM         62   1159 PM  39    1942  62      0       64
  AVERAGE         71                        73     -2       76

PRECIPITATION (IN)
  YESTERDAY        T             0.93 1993   0.11  -0.11     0.00
  MONTH TO DATE    0.16                      3.05  -2.89     0.13
  SINCE DEC 1     41.37                     36.55   4.82    42.11
  SINCE JAN 1     31.60                     32.31  -0.71    40.64

SNOWFALL (IN)
  YESTERDAY        0.0
  MONTH TO DATE    0.0
  SINCE SEP 1      0.0
  SINCE JUL 1      0.0
  SNOW DEPTH       0

DEGREE DAYS
 HEATING
  YESTERDAY        0                         0      0        0
  MONTH TO DATE    0                         0      0        0
  SINCE SEP 1      0                         0      0        0
  SINCE JUL 1      0                         0      0        0

 COOLING
  YESTERDAY        6                         8     -2       11
  MONTH TO DATE  464                       319    145      444
  SINCE SEP 1    464                       319    145      444
  SINCE JAN 1   2763                      2241    522     2714
..................................................................


WIND (MPH)
  HIGHEST WIND SPEED    10   HIGHEST WIND DIRECTION     N (360)
  HIGHEST GUST SPEED    13   HIGHEST GUST DIRECTION     N (10)
  AVERAGE WIND SPEED     4.6


SKY COVER
  POSSIBLE SUNSHINE  MM
  AVERAGE SKY COVER 0.5


WEATHER CONDITIONS
 THE FOLLOWING WEATHER WAS RECORDED YESTERDAY.
  LIGHT RAIN


RELATIVE HUMIDITY (PERCENT)
 HIGHEST    81           300 AM
 LOWEST     47          1200 PM
 AVERAGE    64

..........................................................


THE TYLER CLIMATE NORMALS FOR TODAY
                         NORMAL    RECORD    YEAR
 MAXIMUM TEMPERATURE (F)   83        99      1953
 MINIMUM TEMPERATURE (F)   62        44      1967


SUNRISE AND SUNSET
SEPTEMBER 28 2016.....SUNRISE   714 AM CDT   SUNSET   710 PM CDT
SEPTEMBER 29 2016.....SUNRISE   715 AM CDT   SUNSET   708 PM CDT


-  INDICATES NEGATIVE NUMBERS.
R  INDICATES RECORD WAS SET OR TIED.
MM INDICATES DATA IS MISSING.
T  INDICATES TRACE AMOUNT.




$$
