000
CDUS44 KSHV 230850
CLITYR


CLIMATE REPORT
NATIONAL WEATHER SERVICE SHREVEPORT, LA
249 AM CST FRI FEB 23 2018


...................................

...THE TYLER CLIMATE SUMMARY FOR FEBRUARY 22 2018...

CLIMATE NORMAL PERIOD 1981 TO 2010
CLIMATE RECORD PERIOD 1896 TO 2018


WEATHER ITEM   OBSERVED TIME   RECORD YEAR NORMAL DEPARTURE LAST
                VALUE   (LST)  VALUE       VALUE  FROM      YEAR
                                                  NORMAL
..................................................................
TEMPERATURE (F)
 YESTERDAY
  MAXIMUM         52    358 PM  87    1996  62    -10       80
  MINIMUM         40    658 AM  14    1978  42     -2       48
  AVERAGE         46                        52     -6       64

PRECIPITATION (IN)
  YESTERDAY        0.19          2.31 1994   0.13   0.06     0.00
  MONTH TO DATE    5.54                      2.95   2.59     2.25
  SINCE DEC 1     12.10                     10.25   1.85    10.44
  SINCE JAN 1      6.81                      6.01   0.80     7.79

SNOWFALL (IN)
  YESTERDAY       MM
  MONTH TO DATE    0.2
  SINCE DEC 1      1.5
  SINCE JUL 1      1.5
  SNOW DEPTH       0

DEGREE DAYS
 HEATING
  YESTERDAY       19                        13      6        1
  MONTH TO DATE  332                       338     -6      136
  SINCE DEC 1   1500                      1442     58      916
  SINCE JUL 1   1772                      1816    -44     1047

 COOLING
  YESTERDAY        0                         0      0        0
  MONTH TO DATE   16                         0     16       30
  SINCE DEC 1     25                        10     15       71
  SINCE JAN 1     19                         4     15       49
..................................................................


WIND (MPH)
  HIGHEST WIND SPEED    13   HIGHEST WIND DIRECTION    NW (310)
  HIGHEST GUST SPEED    16   HIGHEST GUST DIRECTION    NW (310)
  AVERAGE WIND SPEED     5.8


SKY COVER
  POSSIBLE SUNSHINE  MM
  AVERAGE SKY COVER 1.0


WEATHER CONDITIONS
 THE FOLLOWING WEATHER WAS RECORDED YESTERDAY.
  THUNDERSTORM
  HEAVY RAIN
  LIGHT RAIN
  FOG
  FOG W/VISIBILITY <= 1/4 MILE
  HAZE


RELATIVE HUMIDITY (PERCENT)
 HIGHEST   100           300 PM
 LOWEST     53          1200 PM
 AVERAGE    77

..........................................................


THE TYLER CLIMATE NORMALS FOR TODAY
                         NORMAL    RECORD    YEAR
 MAXIMUM TEMPERATURE (F)   63        87      1982
 MINIMUM TEMPERATURE (F)   42        19      1901


SUNRISE AND SUNSET
FEBRUARY 23 2018......SUNRISE   656 AM CST   SUNSET   614 PM CST
FEBRUARY 24 2018......SUNRISE   655 AM CST   SUNSET   615 PM CST


-  INDICATES NEGATIVE NUMBERS.
R  INDICATES RECORD WAS SET OR TIED.
MM INDICATES DATA IS MISSING.
T  INDICATES TRACE AMOUNT.




$$
