000
CDUS44 KSHV 290753
CLITYR


CLIMATE REPORT
NATIONAL WEATHER SERVICE SHREVEPORT, LA
250 AM CDT FRI MAY 29 2015


...................................

...THE TYLER CLIMATE SUMMARY FOR MAY 28 2015...

CLIMATE NORMAL PERIOD 1981 TO 2010
CLIMATE RECORD PERIOD 1896 TO 2015


WEATHER ITEM   OBSERVED TIME   RECORD YEAR NORMAL DEPARTURE LAST
                VALUE   (LST)  VALUE       VALUE  FROM      YEAR
                                                  NORMAL
..................................................................
TEMPERATURE (F)
 YESTERDAY
  MAXIMUM         89    412 PM  99    2011  85      4       84
                                      1926
  MINIMUM         72    600 AM  43    1961  67      5       67
  AVERAGE         81                        76      5       76

PRECIPITATION (IN)
  YESTERDAY        0.00          3.75 1902   0.19  -0.19     0.00
  MONTH TO DATE    9.50                      4.23   5.27     3.76
  SINCE DEC 1     34.00                     22.63  11.37    15.55
  SINCE JAN 1     32.53                     18.39  14.14    12.53

SNOWFALL (IN)
  YESTERDAY        0.0
  MONTH TO DATE    0.0
  SINCE MAR 1      0.5
  SINCE JUL 1      2.1
  SNOW DEPTH       0

DEGREE DAYS
 HEATING
  YESTERDAY        0                         0      0        0
  MONTH TO DATE    0                         6     -6       21
  SINCE MAR 1    307                       376    -69      475
  SINCE JUL 1   2194                      2268    -74     2539

 COOLING
  YESTERDAY       16                        11      5       11
  MONTH TO DATE  260                       223     37      224
  SINCE MAR 1    433                       323    110      353
  SINCE JAN 1    433                       335     98      356
..................................................................


WIND (MPH)
  HIGHEST WIND SPEED    16   HIGHEST WIND DIRECTION     S (160)
  HIGHEST GUST SPEED    20   HIGHEST GUST DIRECTION    SE (150)
  AVERAGE WIND SPEED     7.4


SKY COVER
  POSSIBLE SUNSHINE  MM
  AVERAGE SKY COVER 0.2


WEATHER CONDITIONS
 THE FOLLOWING WEATHER WAS RECORDED YESTERDAY.
  NO SIGNIFICANT WEATHER WAS OBSERVED.


RELATIVE HUMIDITY (PERCENT)
 HIGHEST    93          1200 AM
 LOWEST     52           300 PM
 AVERAGE    73

..........................................................


THE TYLER CLIMATE NORMALS FOR TODAY
                         NORMAL    RECORD    YEAR
 MAXIMUM TEMPERATURE (F)   85        98      1998
 MINIMUM TEMPERATURE (F)   67        49      1947


SUNRISE AND SUNSET
MAY 29 2015...........SUNRISE   616 AM CDT   SUNSET   822 PM CDT
MAY 30 2015...........SUNRISE   616 AM CDT   SUNSET   822 PM CDT


-  INDICATES NEGATIVE NUMBERS.
R  INDICATES RECORD WAS SET OR TIED.
MM INDICATES DATA IS MISSING.
T  INDICATES TRACE AMOUNT.




$$
