000
CDUS44 KSHV 310819
CLITYR


CLIMATE REPORT
NATIONAL WEATHER SERVICE SHREVEPORT, LA
318 AM CDT FRI JUL 31 2015


...................................

...THE TYLER CLIMATE SUMMARY FOR JULY 30 2015...

CLIMATE NORMAL PERIOD 1981 TO 2010
CLIMATE RECORD PERIOD 1896 TO 2015


WEATHER ITEM   OBSERVED TIME   RECORD YEAR NORMAL DEPARTURE LAST
                VALUE   (LST)  VALUE       VALUE  FROM      YEAR
                                                  NORMAL
..................................................................
TEMPERATURE (F)
 YESTERDAY
  MAXIMUM        104    340 PM 107    1930  94     10       89
  MINIMUM         77    536 AM  61    1984  74      3       74
  AVERAGE         91                        84      7       82

PRECIPITATION (IN)
  YESTERDAY        0.00          2.05 1903   0.07  -0.07     0.00
  MONTH TO DATE    0.04                      2.58  -2.54     1.52
  SINCE DEC 1     39.97                     30.58   9.39    21.40
  SINCE JAN 1     38.50                     26.34  12.16    18.38

SNOWFALL (IN)
  YESTERDAY        0.0
  MONTH TO DATE    0.0
  SINCE JUN 1      0.0
  SINCE JUL 1      0.0
  SNOW DEPTH       0

DEGREE DAYS
 HEATING
  YESTERDAY        0                         0      0        0
  MONTH TO DATE    0                         0      0        0
  SINCE JUN 1      0                         0      0        0
  SINCE JUL 1      0                         0      0        0

 COOLING
  YESTERDAY       26                        19      7       17
  MONTH TO DATE  652                       539    113      508
  SINCE JUN 1   1155                       972    183      976
  SINCE JAN 1   1617                      1341    276     1369
..................................................................


WIND (MPH)
  HIGHEST WIND SPEED    18   HIGHEST WIND DIRECTION     E (110)
  HIGHEST GUST SPEED    25   HIGHEST GUST DIRECTION    NE (50)
  AVERAGE WIND SPEED     4.6


SKY COVER
  POSSIBLE SUNSHINE  MM
  AVERAGE SKY COVER 0.0


WEATHER CONDITIONS
 THE FOLLOWING WEATHER WAS RECORDED YESTERDAY.
  NO SIGNIFICANT WEATHER WAS OBSERVED.


RELATIVE HUMIDITY (PERCENT)
 HIGHEST    74           500 AM
 LOWEST     29           100 PM
 AVERAGE    52

..........................................................


THE TYLER CLIMATE NORMALS FOR TODAY
                         NORMAL    RECORD    YEAR
 MAXIMUM TEMPERATURE (F)   94       111      1921
 MINIMUM TEMPERATURE (F)   74        51      1971


SUNRISE AND SUNSET
JULY 31 2015..........SUNRISE   635 AM CDT   SUNSET   820 PM CDT
AUGUST  1 2015........SUNRISE   636 AM CDT   SUNSET   819 PM CDT


-  INDICATES NEGATIVE NUMBERS.
R  INDICATES RECORD WAS SET OR TIED.
MM INDICATES DATA IS MISSING.
T  INDICATES TRACE AMOUNT.




$$
