000
CDUS44 KSHV 270740
CLITYR


CLIMATE REPORT
NATIONAL WEATHER SERVICE SHREVEPORT, LA
235 AM CDT WED JUL 27 2016


...................................

...THE TYLER CLIMATE SUMMARY FOR JULY 26 2016...

CLIMATE NORMAL PERIOD 1981 TO 2010
CLIMATE RECORD PERIOD 1896 TO 2016


WEATHER ITEM   OBSERVED TIME   RECORD YEAR NORMAL DEPARTURE LAST
                VALUE   (LST)  VALUE       VALUE  FROM      YEAR
                                                  NORMAL
..................................................................
TEMPERATURE (F)
 YESTERDAY
  MAXIMUM         97    312 PM 110    1954  94      3      100
  MINIMUM         75    546 AM  60    1911  74      1       78
  AVERAGE         86                        84      2       89

PRECIPITATION (IN)
  YESTERDAY        0.00          4.82 1962   0.05  -0.05      T
  MONTH TO DATE    1.05                      2.34  -1.29     0.04
  SINCE DEC 1     35.93                     30.34   5.59    39.97
  SINCE JAN 1     26.16                     26.10   0.06    38.50

SNOWFALL (IN)
  YESTERDAY        0.0
  MONTH TO DATE    0.0
  SINCE JUN 1      0.0
  SINCE JUL 1      0.0
  SNOW DEPTH       0

DEGREE DAYS
 HEATING
  YESTERDAY        0                         0      0        0
  MONTH TO DATE    0                         0      0        0
  SINCE JUN 1      0                         0      0        0
  SINCE JUL 1      0                         0      0        0

 COOLING
  YESTERDAY       21                        19      2       24
  MONTH TO DATE  590                       463    127      555
  SINCE JUN 1   1129                       896    233     1058
  SINCE JAN 1   1577                      1265    312     1520
..................................................................


WIND (MPH)
  HIGHEST WIND SPEED    14   HIGHEST WIND DIRECTION     E (110)
  HIGHEST GUST SPEED    18   HIGHEST GUST DIRECTION    SE (130)
  AVERAGE WIND SPEED     3.5


SKY COVER
  POSSIBLE SUNSHINE  MM
  AVERAGE SKY COVER 0.1


WEATHER CONDITIONS
 THE FOLLOWING WEATHER WAS RECORDED YESTERDAY.
  NO SIGNIFICANT WEATHER WAS OBSERVED.


RELATIVE HUMIDITY (PERCENT)
 HIGHEST    87           200 AM
 LOWEST     43           300 PM
 AVERAGE    65

..........................................................


THE TYLER CLIMATE NORMALS FOR TODAY
                         NORMAL    RECORD    YEAR
 MAXIMUM TEMPERATURE (F)   94       105      2011
 MINIMUM TEMPERATURE (F)   74        65      2004


SUNRISE AND SUNSET
JULY 27 2016..........SUNRISE   633 AM CDT   SUNSET   823 PM CDT
JULY 28 2016..........SUNRISE   634 AM CDT   SUNSET   822 PM CDT


-  INDICATES NEGATIVE NUMBERS.
R  INDICATES RECORD WAS SET OR TIED.
MM INDICATES DATA IS MISSING.
T  INDICATES TRACE AMOUNT.




$$
