000
CDUS44 KSHV 222134
CLITYR


CLIMATE REPORT
NATIONAL WEATHER SERVICE SHREVEPORT, LA
432 PM CDT SAT JUL 22 2017


...................................

...THE TYLER CLIMATE SUMMARY FOR JULY 22 2017...
VALID TODAY AS OF 0400 PM LOCAL TIME.

CLIMATE NORMAL PERIOD 1981 TO 2010
CLIMATE RECORD PERIOD 1896 TO 2017


WEATHER ITEM   OBSERVED TIME   RECORD YEAR NORMAL DEPARTURE LAST
                VALUE   (LST)  VALUE       VALUE  FROM      YEAR
                                                  NORMAL
..................................................................
TEMPERATURE (F)
 TODAY
  MAXIMUM         96    245 PM 105    1963  93      3      100
  MINIMUM         76    545 AM  59    1970  74      2       81
  AVERAGE         86                        84      2       91

PRECIPITATION (IN)
  TODAY            0.00          2.17 1905   0.05  -0.05     0.00
  MONTH TO DATE    1.64                      2.14  -0.50     0.27
  SINCE DEC 1     25.26                     30.14  -4.88    35.15
  SINCE JAN 1     22.61                     25.90  -3.29    25.38

DEGREE DAYS
 HEATING
  TODAY            0                         0      0        0
  MONTH TO DATE    0                         0      0        0
  SINCE JUN 1      0                         0      0        0
  SINCE JUL 1      0                         0      0        0

 COOLING
  TODAY           21                        18      3       26
  MONTH TO DATE  411                       387     24      498
  SINCE JUN 1    874                       820     54     1037
  SINCE JAN 1   1426                      1189    237     1485
..................................................................


WIND (MPH)
  HIGHEST WIND SPEED    13   HIGHEST WIND DIRECTION    SW (220)
  HIGHEST GUST SPEED    16   HIGHEST GUST DIRECTION    SW (230)
  AVERAGE WIND SPEED     7.3


SKY COVER
  POSSIBLE SUNSHINE  MM
  AVERAGE SKY COVER 0.1


WEATHER CONDITIONS
 THE FOLLOWING WEATHER WAS RECORDED TODAY.
  NO SIGNIFICANT WEATHER WAS OBSERVED.


RELATIVE HUMIDITY (PERCENT)
 HIGHEST   100           500 AM
 LOWEST     42           200 PM
 AVERAGE    71

..........................................................


THE TYLER CLIMATE NORMALS FOR TOMORROW
                         NORMAL    RECORD    YEAR
 MAXIMUM TEMPERATURE (F)   94       105      1963
 MINIMUM TEMPERATURE (F)   74        63      1970


SUNRISE AND SUNSET
JULY 22 2017..........SUNRISE   630 AM CDT   SUNSET   826 PM CDT
JULY 23 2017..........SUNRISE   631 AM CDT   SUNSET   825 PM CDT


-  INDICATES NEGATIVE NUMBERS.
R  INDICATES RECORD WAS SET OR TIED.
MM INDICATES DATA IS MISSING.
T  INDICATES TRACE AMOUNT.




$$
