000
CDUS44 KSHV 230845
CLITYR


CLIMATE REPORT
NATIONAL WEATHER SERVICE SHREVEPORT, LA
244 AM CST THU NOV 23 2017


...................................

...THE TYLER CLIMATE SUMMARY FOR NOVEMBER 22 2017...

CLIMATE NORMAL PERIOD 1981 TO 2010
CLIMATE RECORD PERIOD 1896 TO 2017


WEATHER ITEM   OBSERVED TIME   RECORD YEAR NORMAL DEPARTURE LAST
                VALUE   (LST)  VALUE       VALUE  FROM      YEAR
                                                  NORMAL
..................................................................
TEMPERATURE (F)
 YESTERDAY
  MAXIMUM         60    320 PM  83    1909  63     -3       75
  MINIMUM         38   1159 PM  22    1976  44     -6       57
  AVERAGE         49                        53     -4       66

PRECIPITATION (IN)
  YESTERDAY        0.00          2.98 1961   0.12  -0.12     0.71
  MONTH TO DATE    1.38                      3.10  -1.72     1.00
  SINCE DEC 1     37.53                     44.79  -7.26    43.59
  SINCE JAN 1     34.88                     40.55  -5.67    33.82

SNOWFALL (IN)
  YESTERDAY        0.0
  MONTH TO DATE    0.0
  SINCE SEP 1      0.0
  SINCE JUL 1      0.0
  SNOW DEPTH       0

DEGREE DAYS
 HEATING
  YESTERDAY       16                        12      4        0
  MONTH TO DATE  115                       188    -73       65
  SINCE SEP 1    203                       265    -62       71
  SINCE JUL 1    203                       265    -62       71

 COOLING
  YESTERDAY        0                         0      0        1
  MONTH TO DATE   69                        14     55       59
  SINCE SEP 1    633                       485    148      794
  SINCE JAN 1   2767                      2407    360     3093
..................................................................


WIND (MPH)
  HIGHEST WIND SPEED    15   HIGHEST WIND DIRECTION    NW (320)
  HIGHEST GUST SPEED    18   HIGHEST GUST DIRECTION     N (360)
  AVERAGE WIND SPEED     7.7


SKY COVER
  POSSIBLE SUNSHINE  MM
  AVERAGE SKY COVER 0.2


WEATHER CONDITIONS
 THE FOLLOWING WEATHER WAS RECORDED YESTERDAY.
  NO SIGNIFICANT WEATHER WAS OBSERVED.


RELATIVE HUMIDITY (PERCENT)
 HIGHEST    86          1200 AM
 LOWEST     32           300 PM
 AVERAGE    59

..........................................................


THE TYLER CLIMATE NORMALS FOR TODAY
                         NORMAL    RECORD    YEAR
 MAXIMUM TEMPERATURE (F)   62        84      1955
 MINIMUM TEMPERATURE (F)   43        22      1975


SUNRISE AND SUNSET
NOVEMBER 23 2017......SUNRISE   658 AM CST   SUNSET   518 PM CST
NOVEMBER 24 2017......SUNRISE   659 AM CST   SUNSET   517 PM CST


-  INDICATES NEGATIVE NUMBERS.
R  INDICATES RECORD WAS SET OR TIED.
MM INDICATES DATA IS MISSING.
T  INDICATES TRACE AMOUNT.




$$
