000
CDUS44 KSHV 260735
CLITYR


CLIMATE REPORT
NATIONAL WEATHER SERVICE SHREVEPORT, LA
234 AM CDT FRI MAY 26 2017


...................................

...THE TYLER CLIMATE SUMMARY FOR MAY 25 2017...

CLIMATE NORMAL PERIOD 1981 TO 2010
CLIMATE RECORD PERIOD 1896 TO 2017


WEATHER ITEM   OBSERVED TIME   RECORD YEAR NORMAL DEPARTURE LAST
                VALUE   (LST)  VALUE       VALUE  FROM      YEAR
                                                  NORMAL
..................................................................
TEMPERATURE (F)
 YESTERDAY
  MAXIMUM         88    404 PM  98    1896  85      3       89
  MINIMUM         56    445 AM  45    1901  66    -10       76
  AVERAGE         72                        75     -3       83

PRECIPITATION (IN)
  YESTERDAY        0.00          2.04 2003   0.14  -0.14     0.00
  MONTH TO DATE    3.87                      3.71   0.16     1.61
  SINCE DEC 1     18.99                     22.11  -3.12    31.54
  SINCE JAN 1     16.34                     17.87  -1.53    21.77

SNOWFALL (IN)
  YESTERDAY        0.0
  MONTH TO DATE    0.0
  SINCE MAR 1      0.0
  SINCE JUL 1      T
  SNOW DEPTH       0

DEGREE DAYS
 HEATING
  YESTERDAY        0                         0      0        0
  MONTH TO DATE    7                         6      1       12
  SINCE MAR 1    173                       376   -203      158
  SINCE JUL 1   1256                      2268  -1012     1467

 COOLING
  YESTERDAY        7                        10     -3       18
  MONTH TO DATE  150                       190    -40      194
  SINCE MAR 1    396                       290    106      371
  SINCE JAN 1    470                       302    168      381
..................................................................


WIND (MPH)
  HIGHEST WIND SPEED    24   HIGHEST WIND DIRECTION     S (200)
  HIGHEST GUST SPEED    34   HIGHEST GUST DIRECTION     S (200)
  AVERAGE WIND SPEED    13.2


SKY COVER
  POSSIBLE SUNSHINE  MM
  AVERAGE SKY COVER 0.0


WEATHER CONDITIONS
 THE FOLLOWING WEATHER WAS RECORDED YESTERDAY.
  NO SIGNIFICANT WEATHER WAS OBSERVED.


RELATIVE HUMIDITY (PERCENT)
 HIGHEST    86           300 AM
 LOWEST     40           300 PM
 AVERAGE    63

..........................................................


THE TYLER CLIMATE NORMALS FOR TODAY
                         NORMAL    RECORD    YEAR
 MAXIMUM TEMPERATURE (F)   85        98      1896
 MINIMUM TEMPERATURE (F)   66        46      1979


SUNRISE AND SUNSET
MAY 26 2017...........SUNRISE   617 AM CDT   SUNSET   820 PM CDT
MAY 27 2017...........SUNRISE   617 AM CDT   SUNSET   821 PM CDT


-  INDICATES NEGATIVE NUMBERS.
R  INDICATES RECORD WAS SET OR TIED.
MM INDICATES DATA IS MISSING.
T  INDICATES TRACE AMOUNT.




$$
