948
CDUS44 KSHV 312207
CLITYR


CLIMATE REPORT
NATIONAL WEATHER SERVICE SHREVEPORT, LA
506 PM CDT WED AUG 31 2016


...................................

...THE TYLER CLIMATE SUMMARY FOR AUGUST 31 2016...
VALID TODAY AS OF 0500 PM LOCAL TIME.

CLIMATE NORMAL PERIOD 1981 TO 2010
CLIMATE RECORD PERIOD 1896 TO 2016


WEATHER ITEM   OBSERVED TIME   RECORD YEAR NORMAL DEPARTURE LAST
                VALUE   (LST)  VALUE       VALUE  FROM      YEAR
                                                  NORMAL
..................................................................
TEMPERATURE (F)
 TODAY
  MAXIMUM         95    255 PM 107    1954  91      4       91
  MINIMUM         75    609 AM  55    1911  71      4       71
  AVERAGE         85                        81      4       81

PRECIPITATION (IN)
  TODAY            0.00          5.47 1976   0.12  -0.12     0.00
  MONTH TO DATE    5.09                      2.86   2.23     2.01
  SINCE DEC 1     41.21                     33.50   7.71    41.98
  SINCE JAN 1     31.44                     29.26   2.18    40.51

DEGREE DAYS
 HEATING
  TODAY            0                         0      0        0
  MONTH TO DATE    0                         0      0        0
  SINCE JUN 1      0                         0      0        0
  SINCE JUL 1      0                         0      0        0

 COOLING
  TODAY           20                        16      4       16
  MONTH TO DATE  619                       564     55      630
  SINCE JUN 1   1850                      1553    297     1808
  SINCE JAN 1   2298                      1922    376     2270
..................................................................


WIND (MPH)
  HIGHEST WIND SPEED    14   HIGHEST WIND DIRECTION    NE (50)
  HIGHEST GUST SPEED    17   HIGHEST GUST DIRECTION    NE (60)
  AVERAGE WIND SPEED     4.5


SKY COVER
  POSSIBLE SUNSHINE  MM
  AVERAGE SKY COVER 0.1


WEATHER CONDITIONS
 THE FOLLOWING WEATHER WAS RECORDED TODAY.
  FOG


RELATIVE HUMIDITY (PERCENT)
 HIGHEST    94           400 AM
 LOWEST     39           300 PM
 AVERAGE    67

..........................................................


THE TYLER CLIMATE NORMALS FOR TOMORROW
                         NORMAL    RECORD    YEAR
 MAXIMUM TEMPERATURE (F)   90       107      2000
 MINIMUM TEMPERATURE (F)   71        55      1915


SUNRISE AND SUNSET
AUGUST 31 2016........SUNRISE   656 AM CDT   SUNSET   747 PM CDT
SEPTEMBER  1 2016.....SUNRISE   657 AM CDT   SUNSET   745 PM CDT


-  INDICATES NEGATIVE NUMBERS.
R  INDICATES RECORD WAS SET OR TIED.
MM INDICATES DATA IS MISSING.
T  INDICATES TRACE AMOUNT.




$$
