000
CDUS44 KMRX 162227
CLITYS


CLIMATE REPORT
NATIONAL WEATHER SERVICE MORRISTOWN TN
527 PM EST MON JAN 16 2017


...................................

...THE KNOXVILLE    ASOS CLIMATE SUMMARY FOR JANUARY 16 2017...
VALID TODAY AS OF 0500 PM LOCAL TIME.

CLIMATE NORMAL PERIOD 1981 TO 2010
CLIMATE RECORD PERIOD 1871 TO 2017


WEATHER ITEM   OBSERVED TIME   RECORD YEAR NORMAL DEPARTURE LAST
                VALUE   (LST)  VALUE       VALUE  FROM      YEAR
                                                  NORMAL
..................................................................
TEMPERATURE (F)
 TODAY
  MAXIMUM         63    359 PM  74    1932  47     16       47
  MINIMUM         53    933 AM -10    1893  29     24       35
  AVERAGE         58                        38     20       41

PRECIPITATION (IN)
  TODAY            0.00          2.15 1882   0.14  -0.14     0.00
  MONTH TO DATE    1.30                      2.21  -0.91     0.76
  SINCE DEC 1      8.26                      6.71   1.55     8.60
  SINCE JAN 1      1.30                      2.21  -0.91     0.76

SNOWFALL (IN)
  TODAY            0.0                       0.1   -0.1      0.0
  MONTH TO DATE    2.3                       1.3    1.0       T
  SINCE DEC 1      2.3                       2.1    0.2       T
  SINCE JUL 1      2.3                       2.1    0.2       T
  SNOW DEPTH       0

DEGREE DAYS
 HEATING
  TODAY            7                        27    -20       24
  MONTH TO DATE  310                       432   -122      444
  SINCE DEC 1    991                      1184   -193      827
  SINCE JUL 1   1395                      1865   -470     1337

 COOLING
  TODAY            0                         0      0        0
  MONTH TO DATE    0                         0      0        0
  SINCE DEC 1      0                         0      0        5
  SINCE JAN 1      0                         0      0        0
..................................................................


WIND (MPH)
  HIGHEST WIND SPEED     8   HIGHEST WIND DIRECTION    NE (30)
  HIGHEST GUST SPEED     9   HIGHEST GUST DIRECTION    NE (30)
  AVERAGE WIND SPEED     2.6


SKY COVER
  POSSIBLE SUNSHINE  MM
  AVERAGE SKY COVER 1.0


WEATHER CONDITIONS
 THE FOLLOWING WEATHER WAS RECORDED TODAY.
  FOG
  FOG W/VISIBILITY <= 1/4 MILE


RELATIVE HUMIDITY (PERCENT)
 HIGHEST   100          1200 AM
 LOWEST     72           400 PM
 AVERAGE    86

..........................................................


THE KNOXVILLE    ASOS CLIMATE NORMALS FOR TOMORROW
                         NORMAL    RECORD    YEAR
 MAXIMUM TEMPERATURE (F)   47        74      1943
 MINIMUM TEMPERATURE (F)   29        -5      1982


SUNRISE AND SUNSET
JANUARY 16 2017.......SUNRISE   745 AM EST   SUNSET   547 PM EST
JANUARY 17 2017.......SUNRISE   745 AM EST   SUNSET   548 PM EST


-  INDICATES NEGATIVE NUMBERS.
R  INDICATES RECORD WAS SET OR TIED.
MM INDICATES DATA IS MISSING.
T  INDICATES TRACE AMOUNT.




$$
