000
CDUS44 KMRX 300848
CLITYS

CLIMATE REPORT
NATIONAL WEATHER SERVICE MORRISTOWN TN
442 AM EDT TUE JUN 30 2015


...THE KNOXVILLE ASOS CLIMATE SUMMARY FOR JUNE 29 2015...

CLIMATE NORMAL PERIOD 1981 TO 2010
CLIMATE RECORD PERIOD 1871 TO 2015


WEATHER ITEM   OBSERVED TIME   RECORD YEAR NORMAL DEPARTURE LAST
                VALUE   (LST)  VALUE       VALUE  FROM      YEAR
                                                  NORMAL
..................................................................
TEMPERATURE (F)
 YESTERDAY
  MAXIMUM         84    429 PM 102    2012  88     -4       86
  MINIMUM         59    552 AM  56    1974  68     -9       68
  AVERAGE         72                        78     -6       77

PRECIPITATION (IN)
  YESTERDAY        0.15          2.48 1902   0.15   0.00     0.10
  MONTH TO DATE    3.66                      3.66   0.00     4.55
  SINCE JUN 1      3.66                      3.66   0.00     4.55
  SINCE JAN 1     21.14                     25.10  -3.96    20.58

SNOWFALL (IN)
  YESTERDAY        0.0                       0.0    0.0      0.0
  MONTH TO DATE    0.0                       0.0    0.0      0.0
  SINCE JUN 1      0.0                       0.0    0.0      0.0
  SINCE JUL 1      9.3                       6.5    2.8     12.4
  SNOW DEPTH       0

DEGREE DAYS
 HEATING
  YESTERDAY        0                         0      0        0
  MONTH TO DATE    0                         0      0        0
  SINCE JUN 1      0                         0      0        0
  SINCE JUL 1   3845                      3633    212     3797

 COOLING
  YESTERDAY        7                        13     -6       12
  MONTH TO DATE  396                       292    104      321
  SINCE JUN 1    396                       292    104      321
  SINCE JAN 1    630                       454    176      526
..................................................................


WIND (MPH)
  HIGHEST WIND SPEED    22   HIGHEST WIND DIRECTION    SW (220)
  HIGHEST GUST SPEED    31   HIGHEST GUST DIRECTION    SW (220)
  AVERAGE WIND SPEED     8.4


SKY COVER
  POSSIBLE SUNSHINE  MM
  AVERAGE SKY COVER 0.5


WEATHER CONDITIONS
 THE FOLLOWING WEATHER WAS RECORDED YESTERDAY.
  THUNDERSTORM
  LIGHT RAIN
  FOG


RELATIVE HUMIDITY (PERCENT)
 HIGHEST    93           500 AM
 LOWEST     47           300 PM
 AVERAGE    70

..........................................................


THE KNOXVILLE    ASOS CLIMATE NORMALS FOR TODAY
                         NORMAL    RECORD    YEAR
 MAXIMUM TEMPERATURE (F)   88       105      2012
 MINIMUM TEMPERATURE (F)   68        50      1923


SUNRISE AND SUNSET
JUNE 30 2015..........SUNRISE   623 AM EDT   SUNSET   856 PM EDT
JULY  1 2015..........SUNRISE   623 AM EDT   SUNSET   856 PM EDT


-  INDICATES NEGATIVE NUMBERS.
R  INDICATES RECORD WAS SET OR TIED.
MM INDICATES DATA IS MISSING.
T  INDICATES TRACE AMOUNT.


$$
