000
CDUS44 KMRX 020945
CLITYS

CLIMATE REPORT
NATIONAL WEATHER SERVICE MORRISTOWN TN
443 AM EST MON MAR 2 2015


...................................

...THE KNOXVILLE    ASOS CLIMATE SUMMARY FOR MARCH 1 2015...

CLIMATE NORMAL PERIOD 1981 TO 2010
CLIMATE RECORD PERIOD 1871 TO 2015


WEATHER ITEM   OBSERVED TIME   RECORD YEAR NORMAL DEPARTURE LAST
                VALUE   (LST)  VALUE       VALUE  FROM      YEAR
                                                  NORMAL
..................................................................
TEMPERATURE (F)
 YESTERDAY
  MAXIMUM         49    227 PM  80    1997  57     -8       59
  MINIMUM         31    625 AM  14    1914  36     -5       37
                                      1884
  AVERAGE         40                        46     -6       48

PRECIPITATION (IN)
  YESTERDAY        0.03          2.73 1875   0.14  -0.11     0.02
  MONTH TO DATE    0.03                      0.14  -0.11     0.02
  SINCE MAR 1      0.03                      0.14  -0.11     0.02
  SINCE JAN 1      7.17                      8.72  -1.55     8.09

SNOWFALL (IN)
  YESTERDAY        0.0                       0.0    0.0      0.0
  MONTH TO DATE    0.0                       0.0    0.0      0.0
  SINCE MAR 1      0.0                       0.0    0.0      0.0
  SINCE JUL 1      9.3                       5.1    4.2     11.9
  SNOW DEPTH       0

DEGREE DAYS
 HEATING
  YESTERDAY       25                        19      6       17
  MONTH TO DATE   25                        19      6       17
  SINCE MAR 1     25                        19      6       17
  SINCE JUL 1   3290                      2915    375     3064

 COOLING
  YESTERDAY        0                         0      0        0
  MONTH TO DATE    0                         0      0        0
  SINCE MAR 1      0                         0      0        0
  SINCE JAN 1      0                         0      0        0
..................................................................


WIND (MPH)
  HIGHEST WIND SPEED    10   HIGHEST WIND DIRECTION     W (250)
  HIGHEST GUST SPEED    12   HIGHEST GUST DIRECTION     W (290)
  AVERAGE WIND SPEED     3.9


SKY COVER
  POSSIBLE SUNSHINE  MM
  AVERAGE SKY COVER 0.8


WEATHER CONDITIONS
 THE FOLLOWING WEATHER WAS RECORDED YESTERDAY.
  LIGHT RAIN
  FOG


RELATIVE HUMIDITY (PERCENT)
 HIGHEST    92           900 PM
 LOWEST     60           100 PM
 AVERAGE    76

..........................................................


THE KNOXVILLE    ASOS CLIMATE NORMALS FOR TODAY
                         NORMAL    RECORD    YEAR
 MAXIMUM TEMPERATURE (F)   57        79      1976
 MINIMUM TEMPERATURE (F)   36        10      1980


SUNRISE AND SUNSET
MARCH  2 2015.........SUNRISE   705 AM EST   SUNSET   632 PM EST
MARCH  3 2015.........SUNRISE   704 AM EST   SUNSET   633 PM EST


-  INDICATES NEGATIVE NUMBERS.
R  INDICATES RECORD WAS SET OR TIED.
MM INDICATES DATA IS MISSING.
T  INDICATES TRACE AMOUNT.


$$
