000
CDUS44 KMRX 220819
CLITYS

CLIMATE REPORT
NATIONAL WEATHER SERVICE MORRISTOWN TN
418 AM EDT WED OCT 22 2014


...................................

...THE KNOXVILLE    ASOS CLIMATE SUMMARY FOR OCTOBER 21 2014...

CLIMATE NORMAL PERIOD 1981 TO 2010
CLIMATE RECORD PERIOD 1871 TO 2014


WEATHER ITEM   OBSERVED TIME   RECORD YEAR NORMAL DEPARTURE LAST
                VALUE   (LST)  VALUE       VALUE  FROM      YEAR
                                                  NORMAL
..................................................................
TEMPERATURE (F)
 YESTERDAY
  MAXIMUM         68    415 PM  86    1953  70     -2       71
                                      1947
  MINIMUM         48   1157 PM  29    1987  47      1       37
  AVERAGE         58                        58      0       54

PRECIPITATION (IN)
  YESTERDAY        0.00          0.86 1929   0.08  -0.08     0.00
  MONTH TO DATE    4.98                      1.64   3.34     0.91
  SINCE SEP 1      5.17                      4.88   0.29     5.33
  SINCE JAN 1     34.43                     38.48  -4.05    56.71

SNOWFALL (IN)
  YESTERDAY        0.0                       0.0    0.0      0.0
  MONTH TO DATE    0.0                       0.0    0.0      0.0
  SINCE SEP 1      0.0                       0.0    0.0      0.0
  SINCE JUL 1      0.0                       0.0    0.0      0.0
  SNOW DEPTH       0

DEGREE DAYS
 HEATING
  YESTERDAY        7                         8     -1       11
  MONTH TO DATE   84                       104    -20       54
  SINCE SEP 1     85                       127    -42       55
  SINCE JUL 1     85                       127    -42       55

 COOLING
  YESTERDAY        0                         1     -1        0
  MONTH TO DATE   36                        32      4       51
  SINCE SEP 1    287                       238     49      249
  SINCE JAN 1   1486                      1519    -33     1436
..................................................................


WIND (MPH)
  HIGHEST WIND SPEED    18   HIGHEST WIND DIRECTION     N (10)
  HIGHEST GUST SPEED    24   HIGHEST GUST DIRECTION     N (10)
  AVERAGE WIND SPEED     7.9


SKY COVER
  POSSIBLE SUNSHINE  MM
  AVERAGE SKY COVER  MM


WEATHER CONDITIONS
 THE FOLLOWING WEATHER WAS RECORDED YESTERDAY.
  NO SIGNIFICANT WEATHER WAS OBSERVED.


RELATIVE HUMIDITY (PERCENT)
 HIGHEST    89          1200 AM
 LOWEST     42           400 PM
 AVERAGE    66

..........................................................


THE KNOXVILLE    ASOS CLIMATE NORMALS FOR TODAY
                         NORMAL    RECORD    YEAR
 MAXIMUM TEMPERATURE (F)   69        86      1947
 MINIMUM TEMPERATURE (F)   46        25      1987


SUNRISE AND SUNSET
OCTOBER 22 2014.......SUNRISE   749 AM EDT   SUNSET   651 PM EDT
OCTOBER 23 2014.......SUNRISE   750 AM EDT   SUNSET   650 PM EDT


-  INDICATES NEGATIVE NUMBERS.
R  INDICATES RECORD WAS SET OR TIED.
MM INDICATES DATA IS MISSING.
T  INDICATES TRACE AMOUNT.




$$
