000
CDUS44 KMRX 042133
CLITYS


CLIMATE REPORT
NATIONAL WEATHER SERVICE MORRISTOWN TN
532 PM EDT WED MAY 4 2016


...................................

...THE KNOXVILLE    ASOS CLIMATE SUMMARY FOR MAY 4 2016...
VALID TODAY AS OF 0500 PM LOCAL TIME.

CLIMATE NORMAL PERIOD 1981 TO 2010
CLIMATE RECORD PERIOD 1871 TO 2016


WEATHER ITEM   OBSERVED TIME   RECORD YEAR NORMAL DEPARTURE LAST
                VALUE   (LST)  VALUE       VALUE  FROM      YEAR
                                                  NORMAL
..................................................................
TEMPERATURE (F)
 TODAY
  MAXIMUM         68    258 PM  91    1902  75     -7       81
  MINIMUM         50    616 AM  32    1986  53     -3       52
  AVERAGE         59                        64     -5       67

PRECIPITATION (IN)
  TODAY            0.00          2.15 1879   0.15  -0.15     0.00
  MONTH TO DATE    0.59                      0.60  -0.01     0.00
  SINCE MAR 1      5.91                      8.95  -3.04     8.58
  SINCE JAN 1     15.79                     17.53  -1.74    15.72

SNOWFALL (IN)
  TODAY            0.0                       0.0    0.0      0.0
  MONTH TO DATE    0.0                       0.0    0.0      0.0
  SINCE MAR 1      0.0                       1.4   -1.4       T
  SINCE JUL 1      5.2                       6.5   -1.3      9.3
  SNOW DEPTH       0

DEGREE DAYS
 HEATING
  TODAY            6                         3      3        0
  MONTH TO DATE    6                        14     -8       22
  SINCE MAR 1    476                       693   -217      572
  SINCE JUL 1   2909                      3589   -680     3837

 COOLING
  TODAY            0                         2     -2        2
  MONTH TO DATE   13                         8      5        2
  SINCE MAR 1     86                        45     41       27
  SINCE JAN 1     86                        45     41       27
..................................................................


WIND (MPH)
  HIGHEST WIND SPEED    16   HIGHEST WIND DIRECTION     W (250)
  HIGHEST GUST SPEED    22   HIGHEST GUST DIRECTION    SW (230)
  AVERAGE WIND SPEED     7.5


SKY COVER
  POSSIBLE SUNSHINE  MM
  AVERAGE SKY COVER 0.6


WEATHER CONDITIONS
 THE FOLLOWING WEATHER WAS RECORDED TODAY.
  NO SIGNIFICANT WEATHER WAS OBSERVED.


RELATIVE HUMIDITY (PERCENT)
 HIGHEST    83           700 AM
 LOWEST     37           400 PM
 AVERAGE    60

..........................................................


THE KNOXVILLE    ASOS CLIMATE NORMALS FOR TOMORROW
                         NORMAL    RECORD    YEAR
 MAXIMUM TEMPERATURE (F)   75        93      1959
 MINIMUM TEMPERATURE (F)   53        37      2011
                                             1954


SUNRISE AND SUNSET
MAY  4 2016...........SUNRISE   640 AM EDT   SUNSET   826 PM EDT
MAY  5 2016...........SUNRISE   639 AM EDT   SUNSET   827 PM EDT


-  INDICATES NEGATIVE NUMBERS.
R  INDICATES RECORD WAS SET OR TIED.
MM INDICATES DATA IS MISSING.
T  INDICATES TRACE AMOUNT.




$$
