000
CDUS44 KMRX 280829 RRA
CLITYS

CLIMATE REPORT
NATIONAL WEATHER SERVICE MORRISTOWN TN
428 AM EDT THU MAY 28 2015


...................................

...THE KNOXVILLE CLIMATE SUMMARY FOR MAY 27 2015...

CLIMATE NORMAL PERIOD 1981 TO 2010
CLIMATE RECORD PERIOD 1871 TO 2015


WEATHER ITEM   OBSERVED TIME   RECORD YEAR NORMAL DEPARTURE LAST
                VALUE   (LST)  VALUE       VALUE  FROM      YEAR
                                                  NORMAL
..................................................................
TEMPERATURE (F)
 YESTERDAY
  MAXIMUM         83    543 PM  94    1941  81      2       86
  MINIMUM         64    440 AM  39    1961  59      5       67
  AVERAGE         74                        70      4       77

PRECIPITATION (IN)
  YESTERDAY        0.00          1.96 1973   0.14  -0.14     0.00
  MONTH TO DATE    0.62                      3.96  -3.34     0.98
  SINCE MAR 1      9.20                     12.31  -3.11     7.72
  SINCE JAN 1     16.34                     20.89  -4.55    15.79

SNOWFALL (IN)
  YESTERDAY        0.0                       0.0    0.0      0.0
  MONTH TO DATE    0.0                       0.0    0.0      0.0
  SINCE MAR 1      T                         1.4   -1.4      0.5
  SINCE JUL 1      9.3                       6.5    2.8     12.4
  SNOW DEPTH       0

DEGREE DAYS
 HEATING
  YESTERDAY        0                         1     -1        0
  MONTH TO DATE   30                        56    -26       61
  SINCE MAR 1    580                       735   -155      750
  SINCE JUL 1   3845                      3631    214     3797

 COOLING
  YESTERDAY        9                         6      3       12
  MONTH TO DATE  171                        99     72      130
  SINCE MAR 1    196                       136     60      162
  SINCE JAN 1    196                       136     60      162
..................................................................


WIND (MPH)
  HIGHEST WIND SPEED    17   HIGHEST WIND DIRECTION     W (250)
  HIGHEST GUST SPEED    21   HIGHEST GUST DIRECTION     W (250)
  AVERAGE WIND SPEED     7.9


SKY COVER
  POSSIBLE SUNSHINE  MM
  AVERAGE SKY COVER 0.7


WEATHER CONDITIONS
 THE FOLLOWING WEATHER WAS RECORDED YESTERDAY.
  NO SIGNIFICANT WEATHER WAS OBSERVED.


RELATIVE HUMIDITY (PERCENT)
 HIGHEST    93           500 AM
 LOWEST     43           300 PM
 AVERAGE    68

..........................................................


THE KNOXVILLE CLIMATE NORMALS FOR TODAY
                         NORMAL    RECORD    YEAR
 MAXIMUM TEMPERATURE (F)   81        94      1914
 MINIMUM TEMPERATURE (F)   60        41      1961


SUNRISE AND SUNSET
MAY 28 2015...........SUNRISE   623 AM EDT   SUNSET   844 PM EDT
MAY 29 2015...........SUNRISE   622 AM EDT   SUNSET   845 PM EDT


-  INDICATES NEGATIVE NUMBERS.
R  INDICATES RECORD WAS SET OR TIED.
MM INDICATES DATA IS MISSING.
T  INDICATES TRACE AMOUNT.




$$
