000
CDUS44 KMRX 230810
CLITYS


CLIMATE REPORT
NATIONAL WEATHER SERVICE MORRISTOWN TN
409 AM EDT SAT SEP 23 2017


...................................

...THE KNOXVILLE    ASOS CLIMATE SUMMARY FOR SEPTEMBER 22 2017...

CLIMATE NORMAL PERIOD 1981 TO 2010
CLIMATE RECORD PERIOD 1871 TO 2017


WEATHER ITEM   OBSERVED TIME   RECORD YEAR NORMAL DEPARTURE LAST
                VALUE   (LST)  VALUE       VALUE  FROM      YEAR
                                                  NORMAL
..................................................................
TEMPERATURE (F)
 YESTERDAY
  MAXIMUM         88    417 PM  96    1955  80      8       91
                                      1931
  MINIMUM         64    554 AM  38    1983  58      6       64
  AVERAGE         76                        69      7       78

PRECIPITATION (IN)
  YESTERDAY        0.00          3.16 1907   0.11  -0.11     0.00
  MONTH TO DATE    2.43                      2.36   0.07     0.91
  SINCE SEP 1      2.43                      2.36   0.07     0.91
  SINCE JAN 1     39.95                     35.96   3.99    31.73

SNOWFALL (IN)
  YESTERDAY        0.0                       0.0    0.0      0.0
  MONTH TO DATE    0.0                       0.0    0.0      0.0
  SINCE SEP 1      0.0                       0.0    0.0      0.0
  SINCE JUL 1      0.0                       0.0    0.0      0.0
  SNOW DEPTH       0

DEGREE DAYS
 HEATING
  YESTERDAY        0                         1     -1        0
  MONTH TO DATE   15                         7      8        0
  SINCE SEP 1     15                         7      8        0
  SINCE JUL 1     15                         7      8        0

 COOLING
  YESTERDAY       11                         5      6       13
  MONTH TO DATE  103                       175    -72      297
  SINCE SEP 1    103                       175    -72      297
  SINCE JAN 1   1391                      1456    -65     1947
..................................................................


WIND (MPH)
  HIGHEST WIND SPEED     8   HIGHEST WIND DIRECTION     N (10)
  HIGHEST GUST SPEED    11   HIGHEST GUST DIRECTION    NW (310)
  AVERAGE WIND SPEED     2.4


SKY COVER
  POSSIBLE SUNSHINE  MM
  AVERAGE SKY COVER 0.3


WEATHER CONDITIONS
 THE FOLLOWING WEATHER WAS RECORDED YESTERDAY.
  NO SIGNIFICANT WEATHER WAS OBSERVED.


RELATIVE HUMIDITY (PERCENT)
 HIGHEST    93           600 AM
 LOWEST     40           400 PM
 AVERAGE    67

..........................................................


THE KNOXVILLE    ASOS CLIMATE NORMALS FOR TODAY
                         NORMAL    RECORD    YEAR
 MAXIMUM TEMPERATURE (F)   79        96      1931
 MINIMUM TEMPERATURE (F)   58        40      1999
                                             1983


SUNRISE AND SUNSET
SEPTEMBER 23 2017.....SUNRISE   725 AM EDT   SUNSET   731 PM EDT
SEPTEMBER 24 2017.....SUNRISE   726 AM EDT   SUNSET   729 PM EDT


-  INDICATES NEGATIVE NUMBERS.
R  INDICATES RECORD WAS SET OR TIED.
MM INDICATES DATA IS MISSING.
T  INDICATES TRACE AMOUNT.




$$
