000
CDUS44 KMRX 182126
CLITYS

CLIMATE REPORT NATIONAL WEATHER SERVICE MORRISTOWN TN
526 PM EDT THU SEP 18 2014

...................................

...THE KNOXVILLE  CLIMATE SUMMARY FOR SEPTEMBER 18 2014... VALID
TODAY AS OF 0500 PM LOCAL TIME.

CLIMATE NORMAL PERIOD 1981 TO 2010
CLIMATE RECORD PERIOD 1871 TO 2014


WEATHER ITEM   OBSERVED TIME   RECORD YEAR NORMAL DEPARTURE LAST
                VALUE   (LST)  VALUE       VALUE  FROM      YEAR
                                                  NORMAL
..................................................................
TEMPERATURE (F)
 TODAY
  MAXIMUM         80    327 PM  98    1931  81     -1       76
  MINIMUM         60    700 AM  45    1903  60      0       63
  AVERAGE         70                        70      0       70

PRECIPITATION (IN)
  TODAY            0.00          3.16 2012   0.11  -0.11      T
  MONTH TO DATE    0.15                      1.93  -1.78     1.62
  SINCE SEP 1      0.15                      1.93  -1.78     1.62
  SINCE JAN 1     29.41                     35.53  -6.12    53.00

SNOWFALL (IN)
  TODAY            0.0                       0.0    0.0      0.0
  MONTH TO DATE    0.0                       0.0    0.0      0.0
  SINCE SEP 1      0.0                       0.0    0.0      0.0
  SINCE JUL 1      0.0                       0.0    0.0      0.0
  SNOW DEPTH       0

DEGREE DAYS
 HEATING
  TODAY            0                         1     -1        0
  MONTH TO DATE    0                         3     -3        1
  SINCE SEP 1      0                         3     -3        1
  SINCE JUL 1      0                         3     -3        1

 COOLING
  TODAY            5                         6     -1        5
  MONTH TO DATE  189                       154     35      162
  SINCE SEP 1    189                       154     35      162
  SINCE JAN 1   1388                      1435    -47     1349
..................................................................


WIND (MPH)
  HIGHEST WIND SPEED    10   HIGHEST WIND DIRECTION     N (20)
  HIGHEST GUST SPEED    14   HIGHEST GUST DIRECTION    NE (30)
  AVERAGE WIND SPEED     4.7


SKY COVER
  POSSIBLE SUNSHINE  MM
  AVERAGE SKY COVER  MM


WEATHER CONDITIONS
 THE FOLLOWING WEATHER WAS RECORDED TODAY.
  FOG
  HAZE


RELATIVE HUMIDITY (PERCENT)
 HIGHEST    90          1200 AM
 LOWEST     39           100 PM
 AVERAGE    65

..........................................................


THE KNOXVILLE    ASOS CLIMATE NORMALS FOR TOMORROW
                         NORMAL    RECORD    YEAR
 MAXIMUM TEMPERATURE (F)   81        98      1925
 MINIMUM TEMPERATURE (F)   59        42      1901


SUNRISE AND SUNSET
SEPTEMBER 18 2014.....SUNRISE   721 AM EDT   SUNSET   739 PM EDT
SEPTEMBER 19 2014.....SUNRISE   722 AM EDT   SUNSET   737 PM EDT


-  INDICATES NEGATIVE NUMBERS.
R  INDICATES RECORD WAS SET OR TIED.
MM INDICATES DATA IS MISSING.
T  INDICATES TRACE AMOUNT.




$$
