000
CDUS44 KMRX 310842
CLITYS


CLIMATE REPORT
NATIONAL WEATHER SERVICE MORRISTOWN TN
442 AM EDT FRI JUL 31 2015


...................................

...THE KNOXVILLE    ASOS CLIMATE SUMMARY FOR JULY 30 2015...

CLIMATE NORMAL PERIOD 1981 TO 2010
CLIMATE RECORD PERIOD 1871 TO 2015


WEATHER ITEM   OBSERVED TIME   RECORD YEAR NORMAL DEPARTURE LAST
                VALUE   (LST)  VALUE       VALUE  FROM      YEAR
                                                  NORMAL
..................................................................
TEMPERATURE (F)
 YESTERDAY
  MAXIMUM         91    328 PM  98    1995  88      3       78
                                      1954
  MINIMUM         75   1148 PM  54    2014  69      6       54
  AVERAGE         83                        78      5       66

PRECIPITATION (IN)
  YESTERDAY        0.00          1.39 1982   0.14  -0.14     0.00
                                      1943
  MONTH TO DATE    6.49                      4.94   1.55     4.67
  SINCE JUN 1     11.78                      8.75   3.03     9.22
  SINCE JAN 1     29.26                     30.19  -0.93    25.25

SNOWFALL (IN)
  YESTERDAY        0.0                       0.0    0.0      0.0
  MONTH TO DATE    0.0                       0.0    0.0      0.0
  SINCE JUN 1      0.0                       0.0    0.0      0.0
  SINCE JUL 1      0.0                       0.0    0.0      0.0
  SNOW DEPTH       0

DEGREE DAYS
 HEATING
  YESTERDAY        0                         0      0        0
  MONTH TO DATE    0                         0      0        0
  SINCE JUN 1      0                         4     -4        0
  SINCE JUL 1      0                         0      0        0

 COOLING
  YESTERDAY       18                        13      5        1
  MONTH TO DATE  411                       407      4      311
  SINCE JUN 1    810                       712     98      641
  SINCE JAN 1   1044                       874    170      846
..................................................................


WIND (MPH)
  HIGHEST WIND SPEED    15   HIGHEST WIND DIRECTION     N (350)
  HIGHEST GUST SPEED    20   HIGHEST GUST DIRECTION    NW (330)
  AVERAGE WIND SPEED     5.8


SKY COVER
  POSSIBLE SUNSHINE  MM
  AVERAGE SKY COVER 0.6


WEATHER CONDITIONS
 THE FOLLOWING WEATHER WAS RECORDED YESTERDAY.
  FOG
  HAZE


RELATIVE HUMIDITY (PERCENT)
 HIGHEST    88           600 AM
 LOWEST     51           700 PM
 AVERAGE    70

..........................................................


THE KNOXVILLE    ASOS CLIMATE NORMALS FOR TODAY
                         NORMAL    RECORD    YEAR
 MAXIMUM TEMPERATURE (F)   88        99      1915
 MINIMUM TEMPERATURE (F)   69        58      1874


SUNRISE AND SUNSET
JULY 31 2015..........SUNRISE   643 AM EDT   SUNSET   841 PM EDT
AUGUST  1 2015........SUNRISE   643 AM EDT   SUNSET   841 PM EDT


-  INDICATES NEGATIVE NUMBERS.
R  INDICATES RECORD WAS SET OR TIED.
MM INDICATES DATA IS MISSING.
T  INDICATES TRACE AMOUNT.




$$
