000
CDUS44 KMRX 300811
CLITYS


CLIMATE REPORT
NATIONAL WEATHER SERVICE MORRISTOWN TN
411 AM EDT THU MAR 30 2017


...................................

...THE KNOXVILLE    ASOS CLIMATE SUMMARY FOR MARCH 29 2017...

CLIMATE NORMAL PERIOD 1981 TO 2010
CLIMATE RECORD PERIOD 1871 TO 2017


WEATHER ITEM   OBSERVED TIME   RECORD YEAR NORMAL DEPARTURE LAST
                VALUE   (LST)  VALUE       VALUE  FROM      YEAR
                                                  NORMAL
..................................................................
TEMPERATURE (F)
 YESTERDAY
  MAXIMUM         78    509 PM  83    1928  65     13       63
                                      1910
                                      1895
  MINIMUM         49    624 AM  22    1887  42      7       39
  AVERAGE         64                        54     10       51

PRECIPITATION (IN)
  YESTERDAY        0.00          2.43 1975   0.14  -0.14     0.00
  MONTH TO DATE    5.41                      4.05   1.36     2.46
  SINCE MAR 1      5.41                      4.05   1.36     2.46
  SINCE JAN 1     11.35                     12.63  -1.28    12.34

SNOWFALL (IN)
  YESTERDAY        0.0                       0.0    0.0      0.0
  MONTH TO DATE    T                         0.9   -0.9      0.0
  SINCE MAR 1      T                         0.9   -0.9      0.0
  SINCE JUL 1      2.3                       6.0   -3.7      5.2
  SNOW DEPTH       0

DEGREE DAYS
 HEATING
  YESTERDAY        1                        11    -10       14
  MONTH TO DATE  393                       438    -45      299
  SINCE MAR 1    393                       438    -45      299
  SINCE JUL 1   2452                      3334   -882     2732

 COOLING
  YESTERDAY        0                         0      0        0
  MONTH TO DATE    1                         0      1       14
  SINCE MAR 1      1                         0      1       14
  SINCE JAN 1      1                         0      1       14
..................................................................


WIND (MPH)
  HIGHEST WIND SPEED    14   HIGHEST WIND DIRECTION     W (270)
  HIGHEST GUST SPEED    17   HIGHEST GUST DIRECTION     W (270)
  AVERAGE WIND SPEED     2.7


SKY COVER
  POSSIBLE SUNSHINE  MM
  AVERAGE SKY COVER 0.2


WEATHER CONDITIONS
 THE FOLLOWING WEATHER WAS RECORDED YESTERDAY.
  NO SIGNIFICANT WEATHER WAS OBSERVED.


RELATIVE HUMIDITY (PERCENT)
 HIGHEST    89           300 AM
 LOWEST     36           500 PM
 AVERAGE    63

..........................................................


THE KNOXVILLE    ASOS CLIMATE NORMALS FOR TODAY
                         NORMAL    RECORD    YEAR
 MAXIMUM TEMPERATURE (F)   66        84      1998
 MINIMUM TEMPERATURE (F)   43        22      1964


SUNRISE AND SUNSET
MARCH 30 2017.........SUNRISE   725 AM EDT   SUNSET   756 PM EDT
MARCH 31 2017.........SUNRISE   723 AM EDT   SUNSET   757 PM EDT


-  INDICATES NEGATIVE NUMBERS.
R  INDICATES RECORD WAS SET OR TIED.
MM INDICATES DATA IS MISSING.
T  INDICATES TRACE AMOUNT.




$$
