000
CDUS43 KLOT 230633
CLIUGN


CLIMATE REPORT
NATIONAL WEATHER SERVICE CHICAGO IL
132 AM CDT MON OCT 23 2017


...................................

...THE WAUKEGAN   CLIMATE SUMMARY FOR OCTOBER 22 2017...

CLIMATE NORMAL PERIOD 1981 TO 2010
CLIMATE RECORD PERIOD 2000 TO 2017


WEATHER ITEM   OBSERVED TIME   RECORD YEAR NORMAL DEPARTURE LAST
                VALUE   (LST)  VALUE       VALUE  FROM      YEAR
                                                  NORMAL
..................................................................
TEMPERATURE (F)
 YESTERDAY
  MAXIMUM         68R   337 AM  66    2007  58     10       60
  MINIMUM         50    541 PM  28    2013  41      9       35
  AVERAGE         59                        49     10       48

PRECIPITATION (IN)
  YESTERDAY       MM             1.54 2009   0.10  MM        0.00
  MONTH TO DATE    4.39                      2.07   2.32     1.33
  SINCE SEP 1      4.82                      5.53  -0.71     3.44
  SINCE JAN 1     33.66                     29.98   3.68    22.75

DEGREE DAYS
 HEATING
  YESTERDAY        6                        16    -10       17
  MONTH TO DATE  103                       285   -182      167
  SINCE SEP 1    206                       423   -217      199
  SINCE JUL 1    228                       451   -223      210

 COOLING
  YESTERDAY        0                         0      0        0
  MONTH TO DATE   22                         7     15       12
  SINCE SEP 1    125                        62     63      137
  SINCE JAN 1    571                       564      7      852
..................................................................


WIND (MPH)
  RESULTANT WIND SPEED   6   RESULTANT WIND DIRECTION   S (190)
  HIGHEST WIND SPEED    20   HIGHEST WIND DIRECTION    NW (320)
  HIGHEST GUST SPEED    28   HIGHEST GUST DIRECTION    NW (330)
  AVERAGE WIND SPEED    10.1


SKY COVER
  POSSIBLE SUNSHINE  MM
  AVERAGE SKY COVER 0.9


WEATHER CONDITIONS
 THE FOLLOWING WEATHER WAS RECORDED YESTERDAY.
  LIGHT RAIN
  FOG


RELATIVE HUMIDITY (PERCENT)
 HIGHEST    96
 LOWEST     63
 AVERAGE    80

..........................................................


THE WAUKEGAN   CLIMATE NORMALS FOR TODAY
                         NORMAL    RECORD    YEAR
 MAXIMUM TEMPERATURE (F)   58        74      2004
 MINIMUM TEMPERATURE (F)   40        29      2013


SUNRISE AND SUNSET
OCTOBER 23 2017.......SUNRISE   714 AM CDT   SUNSET   557 PM CDT
OCTOBER 24 2017.......SUNRISE   715 AM CDT   SUNSET   555 PM CDT


-  INDICATES NEGATIVE NUMBERS.
R  INDICATES RECORD WAS SET OR TIED.
MM INDICATES DATA IS MISSING.
T  INDICATES TRACE AMOUNT.




$$
