000
CDUS43 KLOT 050635
CLIUGN


CLIMATE REPORT
NATIONAL WEATHER SERVICE CHICAGO IL
135 AM CDT SAT SEP 5 2015


...................................

...THE WAUKEGAN   CLIMATE SUMMARY FOR SEPTEMBER 4 2015...

CLIMATE NORMAL PERIOD 1981 TO 2010
CLIMATE RECORD PERIOD 2000 TO 2015


WEATHER ITEM   OBSERVED TIME   RECORD YEAR NORMAL DEPARTURE LAST
                VALUE   (LST)  VALUE       VALUE  FROM      YEAR
                                                  NORMAL
..................................................................
TEMPERATURE (F)
 YESTERDAY
  MAXIMUM         75   1225 PM  89    2007  76     -1       83
  MINIMUM         63    707 AM  45    2009  58      5       67
  AVERAGE         69

PRECIPITATION (IN)
  YESTERDAY        0.00          2.86 2008   0.07  -0.07     0.70
  MONTH TO DATE    0.00                      0.31  -0.31     0.80
  SINCE SEP 1      0.00                      0.31  -0.31     0.80
  SINCE JAN 1     21.87                     24.76  -2.89    23.75

DEGREE DAYS
 HEATING
  YESTERDAY        0                         2     -2        0
  MONTH TO DATE    0                         5     -5        0
  SINCE SEP 1      0                         5     -5        0
  SINCE JUL 1     69                        33     36       43

 COOLING
  YESTERDAY        4                         4      0       10
  MONTH TO DATE   44                        16     28       31
  SINCE SEP 1     44                        16     28       31
  SINCE JAN 1    410                       518   -108      402
..................................................................


WIND (MPH)
  RESULTANT WIND SPEED   3   RESULTANT WIND DIRECTION  NE (60)
  HIGHEST WIND SPEED    12   HIGHEST WIND DIRECTION    NE (60)
  HIGHEST GUST SPEED    15   HIGHEST GUST DIRECTION    NE (50)
  AVERAGE WIND SPEED     3.7


SKY COVER
  POSSIBLE SUNSHINE  MM
  AVERAGE SKY COVER 0.7


WEATHER CONDITIONS
 THE FOLLOWING WEATHER WAS RECORDED YESTERDAY.
  FOG


RELATIVE HUMIDITY (PERCENT)
 HIGHEST   100
 LOWEST     79
 AVERAGE    90

..........................................................


THE WAUKEGAN   CLIMATE NORMALS FOR TODAY
                         NORMAL    RECORD    YEAR
 MAXIMUM TEMPERATURE (F)   76        91      2007
 MINIMUM TEMPERATURE (F)   57        45      2003


SUNRISE AND SUNSET
SEPTEMBER  5 2015.....SUNRISE   620 AM CDT   SUNSET   719 PM CDT
SEPTEMBER  6 2015.....SUNRISE   622 AM CDT   SUNSET   717 PM CDT


-  INDICATES NEGATIVE NUMBERS.
R  INDICATES RECORD WAS SET OR TIED.
MM INDICATES DATA IS MISSING.
T  INDICATES TRACE AMOUNT.




$$
