000
CDUS43 KLOT 240636
CLIUGN


CLIMATE REPORT
NATIONAL WEATHER SERVICE CHICAGO IL
136 AM CDT WED MAY 24 2017


...................................

...THE WAUKEGAN   CLIMATE SUMMARY FOR MAY 23 2017...

CLIMATE NORMAL PERIOD 1981 TO 2010
CLIMATE RECORD PERIOD 2000 TO 2017


WEATHER ITEM   OBSERVED TIME   RECORD YEAR NORMAL DEPARTURE LAST
                VALUE   (LST)  VALUE       VALUE  FROM      YEAR
                                                  NORMAL
..................................................................
TEMPERATURE (F)
 YESTERDAY
  MAXIMUM         63   1113 AM  86    2007  68     -5       73
  MINIMUM         50   1159 PM  38    2006  47      3       46
  AVERAGE         57

PRECIPITATION (IN)
  YESTERDAY        0.21          0.24 2004   0.14   0.07     0.00
  MONTH TO DATE    1.85                      2.99  -1.14     2.98
  SINCE MAR 1      9.34                      8.79   0.55     9.29
  SINCE JAN 1     13.56                     11.84   1.72    10.80

DEGREE DAYS
 HEATING
  YESTERDAY        8                         8      0        5
  MONTH TO DATE  301                       252     49      299
  SINCE MAR 1   1643                      1748   -105     1712
  SINCE JUL 1   5755                      6694   -939     6057

 COOLING
  YESTERDAY        0                         1     -1        0
  MONTH TO DATE   17                        10      7        0
  SINCE MAR 1     21                        14      7        0
  SINCE JAN 1     21                        14      7        0
..................................................................


WIND (MPH)
  RESULTANT WIND SPEED   5   RESULTANT WIND DIRECTION  SW (210)
  HIGHEST WIND SPEED    17   HIGHEST WIND DIRECTION    SW (230)
  HIGHEST GUST SPEED    24   HIGHEST GUST DIRECTION    SW (210)
  AVERAGE WIND SPEED     6.9


SKY COVER
  POSSIBLE SUNSHINE  MM
  AVERAGE SKY COVER 0.8


WEATHER CONDITIONS
 THE FOLLOWING WEATHER WAS RECORDED YESTERDAY.
  LIGHT RAIN
  FOG


RELATIVE HUMIDITY (PERCENT)
 HIGHEST   100
 LOWEST     72
 AVERAGE    86

..........................................................


THE WAUKEGAN   CLIMATE NORMALS FOR TODAY
                         NORMAL    RECORD    YEAR
 MAXIMUM TEMPERATURE (F)   68        88      2007
 MINIMUM TEMPERATURE (F)   47        35      2013


SUNRISE AND SUNSET
MAY 24 2017...........SUNRISE   522 AM CDT   SUNSET   815 PM CDT
MAY 25 2017...........SUNRISE   521 AM CDT   SUNSET   816 PM CDT


-  INDICATES NEGATIVE NUMBERS.
R  INDICATES RECORD WAS SET OR TIED.
MM INDICATES DATA IS MISSING.
T  INDICATES TRACE AMOUNT.




$$
