000
CDUS43 KLOT 160642
CLIUGN


CLIMATE REPORT
NATIONAL WEATHER SERVICE CHICAGO IL
135 AM CDT TUE SEP 16 2014


...................................

...THE WAUKEGAN   CLIMATE SUMMARY FOR SEPTEMBER 15 2014...

CLIMATE NORMAL PERIOD 1981 TO 2010
CLIMATE RECORD PERIOD 2000 TO 2014


WEATHER ITEM   OBSERVED TIME   RECORD YEAR NORMAL DEPARTURE LAST
                VALUE   (LST)  VALUE       VALUE  FROM      YEAR
                                                  NORMAL
..................................................................
TEMPERATURE (F)
 YESTERDAY
  MAXIMUM         62   1200 PM  86    2004  72    -10       60
  MINIMUM         46   1159 PM  37    2007  54     -8       53
  AVERAGE         54

PRECIPITATION (IN)
  YESTERDAY        0.01          0.79 2013   0.13  -0.12     0.79
  MONTH TO DATE    2.85                      1.57   1.28     1.05
  SINCE SEP 1      2.85                      1.57   1.28     1.05
  SINCE JAN 1     25.80                     26.02  -0.22    22.89

DEGREE DAYS
 HEATING
  YESTERDAY       11                         4      7        8
  MONTH TO DATE   76                        35     41       34
  SINCE SEP 1     76                        35     41       34
  SINCE JUL 1    119                        63     56       73

 COOLING
  YESTERDAY        0                         2     -2        0
  MONTH TO DATE   44                        43      1       77
  SINCE SEP 1     44                        43      1       77
  SINCE JAN 1    415                       545   -130      567
..................................................................


WIND (MPH)
  RESULTANT WIND SPEED   1   RESULTANT WIND DIRECTION   W (270)
  HIGHEST WIND SPEED    12   HIGHEST WIND DIRECTION     N (360)
  HIGHEST GUST SPEED    16   HIGHEST GUST DIRECTION     N (360)
  AVERAGE WIND SPEED     2.9


SKY COVER
  POSSIBLE SUNSHINE  MM
  AVERAGE SKY COVER 0.7


WEATHER CONDITIONS
 THE FOLLOWING WEATHER WAS RECORDED YESTERDAY.
  LIGHT RAIN
  FOG


RELATIVE HUMIDITY (PERCENT)
 HIGHEST    93
 LOWEST     60
 AVERAGE    77

..........................................................


THE WAUKEGAN   CLIMATE NORMALS FOR TODAY
                         NORMAL    RECORD    YEAR
 MAXIMUM TEMPERATURE (F)   71        82      2003
 MINIMUM TEMPERATURE (F)   53        41      2007


SUNRISE AND SUNSET
SEPTEMBER 16 2014.....SUNRISE   632 AM CDT   SUNSET   659 PM CDT
SEPTEMBER 17 2014.....SUNRISE   633 AM CDT   SUNSET   658 PM CDT


-  INDICATES NEGATIVE NUMBERS.
R  INDICATES RECORD WAS SET OR TIED.
MM INDICATES DATA IS MISSING.
T  INDICATES TRACE AMOUNT.




$$
