000
CDUS46 KSEW 300121
CLIUIL


CLIMATE REPORT
NATIONAL WEATHER SERVICE SEATTLE WA
621 PM PDT SUN MAR 29 2015


...................................

...THE QUILLAYUTE WA AIRPORT CLIMATE SUMMARY FOR MARCH 29 2015...
VALID TODAY AS OF 0600 PM LOCAL TIME.

CLIMATE NORMAL PERIOD 1981 TO 2010
CLIMATE RECORD PERIOD 1966 TO 2015


WEATHER ITEM   OBSERVED TIME   RECORD YEAR NORMAL DEPARTURE LAST
                VALUE   (LST)  VALUE       VALUE  FROM      YEAR
                                                  NORMAL
..................................................................
TEMPERATURE (F)
 TODAY
  MAXIMUM         54    313 PM  67    1995  53      1       54
  MINIMUM         48    605 AM  24    1998  38     10       45
  AVERAGE         51                        45      6       50

PRECIPITATION (IN)
  TODAY            1.51          1.80 2012   0.33   1.18     0.34
  MONTH TO DATE   13.54                     10.17   3.37    15.57
  SINCE OCT 1     78.12                     74.13   3.99    55.37
  SINCE JAN 1     33.37                     35.13  -1.76    38.14

DEGREE DAYS
 HEATING
  TODAY           14                        20     -6       15
  MONTH TO DATE  506                       608   -102      550
  SINCE MAR 1    506                       608   -102      550
  SINCE JUL 1   3416                      4453  -1037     3744

 COOLING
  TODAY            0                         0      0        0
  MONTH TO DATE    0                         0      0        0
  SINCE MAR 1      0                         0      0        0
  SINCE JAN 1      0                         0      0        0
..................................................................


WIND (MPH)
  RESULTANT WIND SPEED   9   RESULTANT WIND DIRECTION   S (170)
  HIGHEST WIND SPEED    16   HIGHEST WIND DIRECTION     S (170)
  HIGHEST GUST SPEED    25   HIGHEST GUST DIRECTION    SE (150)
  AVERAGE WIND SPEED     9.3


SKY COVER
  AVERAGE SKY COVER 1.0


WEATHER CONDITIONS
 THE FOLLOWING WEATHER WAS RECORDED TODAY.
  RAIN
  LIGHT RAIN
  FOG
  FOG W/VISIBILITY <= 1/4 MILE


RELATIVE HUMIDITY (PERCENT)
 HIGHEST   100           600 AM
 LOWEST     93          1200 AM
 AVERAGE    97

..........................................................


THE QUILLAYUTE WA AIRPORT CLIMATE NORMALS FOR TOMORROW
                         NORMAL    RECORD    YEAR
 MAXIMUM TEMPERATURE (F)   53        73      2013
 MINIMUM TEMPERATURE (F)   38        27      1977


SUNRISE AND SUNSET
MARCH 29 2015.........SUNRISE   703 AM PDT   SUNSET   744 PM PDT
MARCH 30 2015.........SUNRISE   701 AM PDT   SUNSET   745 PM PDT


-  INDICATES NEGATIVE NUMBERS.
R  INDICATES RECORD WAS SET OR TIED.
MM INDICATES DATA IS MISSING.
T  INDICATES TRACE AMOUNT.




$$
