000
CDUS46 KSEW 160830
CLIUIL


CLIMATE REPORT
NATIONAL WEATHER SERVICE SEATTLE WA
130 AM PDT WED APR 16 2014


...................................

...THE QUILLAYUTE WA AIRPORT CLIMATE SUMMARY FOR APRIL 15 2014...

CLIMATE NORMAL PERIOD 1981 TO 2010
CLIMATE RECORD PERIOD 1966 TO 2014


WEATHER ITEM   OBSERVED TIME   RECORD YEAR NORMAL DEPARTURE LAST
                VALUE   (LST)  VALUE       VALUE  FROM      YEAR
                                                  NORMAL
..................................................................
TEMPERATURE (F)
 YESTERDAY
  MAXIMUM         50    303 PM  75    1990  55     -5       59
  MINIMUM         38    359 AM  28    1970  38      0       35
  AVERAGE         44                        46     -2       47

PRECIPITATION (IN)
  YESTERDAY        0.71          1.89 1997   0.27   0.44     0.00
  MONTH TO DATE    2.82                      4.26  -1.44     6.89
  SINCE OCT 1     58.43                     79.05 -20.62    91.96
  SINCE JAN 1     41.20                     40.05   1.15    44.99

DEGREE DAYS
 HEATING
  YESTERDAY       21                        19      2       18
  MONTH TO DATE  261                       288    -27      247
  SINCE MAR 1    847                       936    -89      830
  SINCE JUL 1   4041                      4781   -740     4523

 COOLING
  YESTERDAY        0                         0      0        0
  MONTH TO DATE    0                         0      0        0
  SINCE MAR 1      0                         0      0        0
  SINCE JAN 1      0                         0      0        0
..................................................................


WIND (MPH)
  RESULTANT WIND SPEED   4   RESULTANT WIND DIRECTION   S (190)
  HIGHEST WIND SPEED    13   HIGHEST WIND DIRECTION     S (180)
  HIGHEST GUST SPEED    20   HIGHEST GUST DIRECTION     S (180)
  AVERAGE WIND SPEED     5.6


SKY COVER
  AVERAGE SKY COVER 0.9


WEATHER CONDITIONS
 THE FOLLOWING WEATHER WAS RECORDED YESTERDAY.
  HEAVY RAIN
  RAIN
  LIGHT RAIN
  FOG


RELATIVE HUMIDITY (PERCENT)
 HIGHEST   100           400 AM
 LOWEST     76          1200 AM
 AVERAGE    88

..........................................................


THE QUILLAYUTE WA AIRPORT CLIMATE NORMALS FOR TODAY
                         NORMAL    RECORD    YEAR
 MAXIMUM TEMPERATURE (F)   55        82      1999
 MINIMUM TEMPERATURE (F)   38        29      1979
                                             1970


SUNRISE AND SUNSET
APRIL 16 2014.........SUNRISE   627 AM PDT   SUNSET   810 PM PDT
APRIL 17 2014.........SUNRISE   625 AM PDT   SUNSET   811 PM PDT


-  INDICATES NEGATIVE NUMBERS.
R  INDICATES RECORD WAS SET OR TIED.
MM INDICATES DATA IS MISSING.
T  INDICATES TRACE AMOUNT.




$$
