000
CDUS46 KSEW 050826
CLIUIL


CLIMATE REPORT
NATIONAL WEATHER SERVICE SEATTLE WA
1226 AM PST THU MAR 5 2015


...................................

...THE QUILLAYUTE WA AIRPORT CLIMATE SUMMARY FOR MARCH 4 2015...

CLIMATE NORMAL PERIOD 1981 TO 2010
CLIMATE RECORD PERIOD 1966 TO 2015


WEATHER ITEM   OBSERVED TIME   RECORD YEAR NORMAL DEPARTURE LAST
                VALUE   (LST)  VALUE       VALUE  FROM      YEAR
                                                  NORMAL
..................................................................
TEMPERATURE (F)
 YESTERDAY
  MAXIMUM         56    322 PM  61    2007  50      6       50
  MINIMUM         26    716 AM  25    1976  36    -10       38
  AVERAGE         41                        43     -2       44

PRECIPITATION (IN)
  YESTERDAY        0.00          2.94 1979   0.36  -0.36     0.59
  MONTH TO DATE    0.11                      1.47  -1.36     2.35
  SINCE OCT 1     64.69                     65.43  -0.74    42.15
  SINCE JAN 1     19.94                     26.43  -6.49    24.92

DEGREE DAYS
 HEATING
  YESTERDAY       24                        22      2       21
  MONTH TO DATE   94                        88      6       77
  SINCE MAR 1     94                        88      6       77
  SINCE JUL 1   3004                      3933   -929     3271

 COOLING
  YESTERDAY        0                         0      0        0
  MONTH TO DATE    0                         0      0        0
  SINCE MAR 1      0                         0      0        0
  SINCE JAN 1      0                         0      0        0
..................................................................


WIND (MPH)
  RESULTANT WIND SPEED   1   RESULTANT WIND DIRECTION   W (280)
  HIGHEST WIND SPEED    12   HIGHEST WIND DIRECTION    SW (240)
  HIGHEST GUST SPEED    14   HIGHEST GUST DIRECTION     W (260)
  AVERAGE WIND SPEED     2.7


SKY COVER
  AVERAGE SKY COVER 0.0


WEATHER CONDITIONS
 THE FOLLOWING WEATHER WAS RECORDED YESTERDAY.
  FOG


RELATIVE HUMIDITY (PERCENT)
 HIGHEST    92           200 AM
 LOWEST     50          1200 PM
 AVERAGE    71

..........................................................


THE QUILLAYUTE WA AIRPORT CLIMATE NORMALS FOR TODAY
                         NORMAL    RECORD    YEAR
 MAXIMUM TEMPERATURE (F)   50        62      1984
 MINIMUM TEMPERATURE (F)   36        21      1976


SUNRISE AND SUNSET
MARCH  5 2015.........SUNRISE   652 AM PST   SUNSET   609 PM PST
MARCH  6 2015.........SUNRISE   650 AM PST   SUNSET   610 PM PST


-  INDICATES NEGATIVE NUMBERS.
R  INDICATES RECORD WAS SET OR TIED.
MM INDICATES DATA IS MISSING.
T  INDICATES TRACE AMOUNT.




$$
