000
CDUS46 KSEW 230120
CLIUIL


CLIMATE REPORT
NATIONAL WEATHER SERVICE SEATTLE WA
619 PM PDT SAT JUL 22 2017


...................................

...THE QUILLAYUTE WA AIRPORT CLIMATE SUMMARY FOR JULY 22 2017...
VALID TODAY AS OF 0600 PM LOCAL TIME.

CLIMATE NORMAL PERIOD 1981 TO 2010
CLIMATE RECORD PERIOD 1966 TO 2017


WEATHER ITEM   OBSERVED TIME   RECORD YEAR NORMAL DEPARTURE LAST
                VALUE   (LST)  VALUE       VALUE  FROM      YEAR
                                                  NORMAL
..................................................................
TEMPERATURE (F)
 TODAY
  MAXIMUM         67    343 PM  92    2004  68     -1       69
  MINIMUM         58    334 AM  42    1977  51      7       58
                                      1975
  AVERAGE         63                        60      3       64

PRECIPITATION (IN)
  TODAY            0.09          0.42 2007   0.05   0.04     0.03
  MONTH TO DATE    0.24                      1.47  -1.23     2.16
  SINCE OCT 1    127.07                     92.72  34.35   101.49
  SINCE JAN 1     67.14                     53.72  13.42    57.51

DEGREE DAYS
 HEATING
  TODAY            2                         6     -4        1
  MONTH TO DATE  146                       146      0      119
  SINCE JUN 1    414                       440    -26      368
  SINCE JUL 1    146                       146      0      119

 COOLING
  TODAY            0                         0      0        0
  MONTH TO DATE    0                         0      0        0
  SINCE JUN 1     11                         3      8       11
  SINCE JAN 1     11                         4      7       11
..................................................................


WIND (MPH)
  RESULTANT WIND SPEED   2   RESULTANT WIND DIRECTION  SW (220)
  HIGHEST WIND SPEED    10   HIGHEST WIND DIRECTION     W (260)
  HIGHEST GUST SPEED    15   HIGHEST GUST DIRECTION     S (200)
  AVERAGE WIND SPEED     3.7


SKY COVER
  AVERAGE SKY COVER 1.0


WEATHER CONDITIONS
 THE FOLLOWING WEATHER WAS RECORDED TODAY.
  LIGHT RAIN
  FOG


RELATIVE HUMIDITY (PERCENT)
 HIGHEST   100           700 AM
 LOWEST     81           400 PM
 AVERAGE    91

..........................................................


THE QUILLAYUTE WA AIRPORT CLIMATE NORMALS FOR TOMORROW
                         NORMAL    RECORD    YEAR
 MAXIMUM TEMPERATURE (F)   68        93      2004
 MINIMUM TEMPERATURE (F)   51        44      2011
                                             1977
                                             1973


SUNRISE AND SUNSET
JULY 22 2017..........SUNRISE   543 AM PDT   SUNSET   906 PM PDT
JULY 23 2017..........SUNRISE   544 AM PDT   SUNSET   905 PM PDT


-  INDICATES NEGATIVE NUMBERS.
R  INDICATES RECORD WAS SET OR TIED.
MM INDICATES DATA IS MISSING.
T  INDICATES TRACE AMOUNT.




$$
