000
CDUS46 KSEW 290832
CLIUIL


CLIMATE REPORT
NATIONAL WEATHER SERVICE SEATTLE WA
131 AM PDT SUN MAY 29 2016


...................................

...THE QUILLAYUTE WA AIRPORT CLIMATE SUMMARY FOR MAY 28 2016...

CLIMATE NORMAL PERIOD 1981 TO 2010
CLIMATE RECORD PERIOD 1966 TO 2016


WEATHER ITEM   OBSERVED TIME   RECORD YEAR NORMAL DEPARTURE LAST
                VALUE   (LST)  VALUE       VALUE  FROM      YEAR
                                                  NORMAL
..................................................................
TEMPERATURE (F)
 YESTERDAY
  MAXIMUM         55    526 PM  86    1972  61     -6       65
  MINIMUM         48    405 AM  35    1999  45      3       49
  AVERAGE         52                        53     -1       57

PRECIPITATION (IN)
  YESTERDAY        1.88R         1.55 1994   0.15   1.73     0.00
  MONTH TO DATE    2.32                      4.65  -2.33     0.67
  SINCE OCT 1     95.81                     87.29   8.52    86.15
  SINCE JAN 1     51.83                     48.29   3.54    41.40

DEGREE DAYS
 HEATING
  YESTERDAY       13                        12      1        8
  MONTH TO DATE  318                       390    -72      332
  SINCE MAR 1   1234                      1587   -353     1391
  SINCE JUL 1   4357                      5432  -1075     4301

 COOLING
  YESTERDAY        0                         0      0        0
  MONTH TO DATE    0                         0      0        0
  SINCE MAR 1      0                         0      0        0
  SINCE JAN 1      0                         0      0        0
..................................................................


WIND (MPH)
  RESULTANT WIND SPEED   5   RESULTANT WIND DIRECTION   S (180)
  HIGHEST WIND SPEED    17   HIGHEST WIND DIRECTION     S (200)
  HIGHEST GUST SPEED    26   HIGHEST GUST DIRECTION     S (180)
  AVERAGE WIND SPEED     6.9


SKY COVER
  AVERAGE SKY COVER 1.0


WEATHER CONDITIONS
 THE FOLLOWING WEATHER WAS RECORDED YESTERDAY.
  HEAVY RAIN
  RAIN
  LIGHT RAIN
  FOG


RELATIVE HUMIDITY (PERCENT)
 HIGHEST   100          1200 AM
 LOWEST     38           100 PM
 AVERAGE    69

..........................................................


THE QUILLAYUTE WA AIRPORT CLIMATE NORMALS FOR TODAY
                         NORMAL    RECORD    YEAR
 MAXIMUM TEMPERATURE (F)   61        78      2007
 MINIMUM TEMPERATURE (F)   45        34      1999


SUNRISE AND SUNSET
MAY 29 2016...........SUNRISE   525 AM PDT   SUNSET   907 PM PDT
MAY 30 2016...........SUNRISE   524 AM PDT   SUNSET   908 PM PDT


-  INDICATES NEGATIVE NUMBERS.
R  INDICATES RECORD WAS SET OR TIED.
MM INDICATES DATA IS MISSING.
T  INDICATES TRACE AMOUNT.




$$
