000
CDUS46 KSEW 280122
CLIUIL


CLIMATE REPORT
NATIONAL WEATHER SERVICE SEATTLE WA
622 PM PDT WED MAY 27 2015


...................................

...THE QUILLAYUTE WA AIRPORT CLIMATE SUMMARY FOR MAY 27 2015...
VALID TODAY AS OF 0600 PM LOCAL TIME.

CLIMATE NORMAL PERIOD 1981 TO 2010
CLIMATE RECORD PERIOD 1966 TO 2015


WEATHER ITEM   OBSERVED TIME   RECORD YEAR NORMAL DEPARTURE LAST
                VALUE   (LST)  VALUE       VALUE  FROM      YEAR
                                                  NORMAL
..................................................................
TEMPERATURE (F)
 TODAY
  MAXIMUM         60    144 PM  89    2005  61     -1       62
                                      1972
  MINIMUM         49    256 AM  33    1982  45      4       41
  AVERAGE         55                        53      2       52

PRECIPITATION (IN)
  TODAY            0.00          1.86 1977   0.15  -0.15      T
  MONTH TO DATE    0.67                      4.50  -3.83     3.81
  SINCE OCT 1     86.15                     87.14  -0.99    69.32
  SINCE JAN 1     41.40                     48.14  -6.74    52.09

DEGREE DAYS
 HEATING
  TODAY           10                        12     -2       13
  MONTH TO DATE  324                       378    -54      273
  SINCE MAR 1   1383                      1575   -192     1361
  SINCE JUL 1   4293                      5420  -1127     4555

 COOLING
  TODAY            0                         0      0        0
  MONTH TO DATE    0                         0      0        2
  SINCE MAR 1      0                         0      0        4
  SINCE JAN 1      0                         0      0        4
..................................................................


WIND (MPH)
  RESULTANT WIND SPEED   4   RESULTANT WIND DIRECTION   W (260)
  HIGHEST WIND SPEED    12   HIGHEST WIND DIRECTION    SW (220)
  HIGHEST GUST SPEED    14   HIGHEST GUST DIRECTION     W (260)
  AVERAGE WIND SPEED     3.9


SKY COVER
  AVERAGE SKY COVER 0.9


WEATHER CONDITIONS
 THE FOLLOWING WEATHER WAS RECORDED TODAY.
  FOG


RELATIVE HUMIDITY (PERCENT)
 HIGHEST   100          1200 AM
 LOWEST     86          1000 AM
 AVERAGE    93

..........................................................


THE QUILLAYUTE WA AIRPORT CLIMATE NORMALS FOR TOMORROW
                         NORMAL    RECORD    YEAR
 MAXIMUM TEMPERATURE (F)   61        86      1972
 MINIMUM TEMPERATURE (F)   45        35      1999


SUNRISE AND SUNSET
MAY 27 2015...........SUNRISE   527 AM PDT   SUNSET   904 PM PDT
MAY 28 2015...........SUNRISE   526 AM PDT   SUNSET   905 PM PDT


-  INDICATES NEGATIVE NUMBERS.
R  INDICATES RECORD WAS SET OR TIED.
MM INDICATES DATA IS MISSING.
T  INDICATES TRACE AMOUNT.




$$
