000
CDUS46 KSEW 290831
CLIUIL


CLIMATE REPORT
NATIONAL WEATHER SERVICE SEATTLE WA
131 AM PDT MON MAY 29 2017


...................................

...THE QUILLAYUTE WA AIRPORT CLIMATE SUMMARY FOR MAY 28 2017...

CLIMATE NORMAL PERIOD 1981 TO 2010
CLIMATE RECORD PERIOD 1966 TO 2017


WEATHER ITEM   OBSERVED TIME   RECORD YEAR NORMAL DEPARTURE LAST
                VALUE   (LST)  VALUE       VALUE  FROM      YEAR
                                                  NORMAL
..................................................................
TEMPERATURE (F)
 YESTERDAY
  MAXIMUM         65    200 PM  86    1972  61      4       55
  MINIMUM         45    154 AM  35    1999  45      0       48
  AVERAGE         55                        53      2       52

PRECIPITATION (IN)
  YESTERDAY        0.00          1.88 2016   0.15  -0.15     1.88
  MONTH TO DATE    4.77                      4.65   0.12     2.32
  SINCE OCT 1    122.15                     87.29  34.86    95.81
  SINCE JAN 1     62.22                     48.29  13.93    51.83

DEGREE DAYS
 HEATING
  YESTERDAY       10                        12     -2       13
  MONTH TO DATE  359                       390    -31      318
  SINCE MAR 1   1550                      1587    -37     1234
  SINCE JUL 1   5372                      5432    -60     4357

 COOLING
  YESTERDAY        0                         0      0        0
  MONTH TO DATE    0                         0      0        0
  SINCE MAR 1      0                         0      0        0
  SINCE JAN 1      0                         0      0        0
..................................................................


WIND (MPH)
  RESULTANT WIND SPEED   4   RESULTANT WIND DIRECTION   W (260)
  HIGHEST WIND SPEED    14   HIGHEST WIND DIRECTION     W (260)
  HIGHEST GUST SPEED    17   HIGHEST GUST DIRECTION     W (250)
  AVERAGE WIND SPEED     4.7


SKY COVER
  AVERAGE SKY COVER 0.6


WEATHER CONDITIONS
 THE FOLLOWING WEATHER WAS RECORDED YESTERDAY.
  FOG


RELATIVE HUMIDITY (PERCENT)
 HIGHEST   100           300 AM
 LOWEST     63           200 PM
 AVERAGE    82

..........................................................


THE QUILLAYUTE WA AIRPORT CLIMATE NORMALS FOR TODAY
                         NORMAL    RECORD    YEAR
 MAXIMUM TEMPERATURE (F)   61        78      2007
 MINIMUM TEMPERATURE (F)   45        34      1999


SUNRISE AND SUNSET
MAY 29 2017...........SUNRISE   525 AM PDT   SUNSET   907 PM PDT
MAY 30 2017...........SUNRISE   524 AM PDT   SUNSET   908 PM PDT


-  INDICATES NEGATIVE NUMBERS.
R  INDICATES RECORD WAS SET OR TIED.
MM INDICATES DATA IS MISSING.
T  INDICATES TRACE AMOUNT.




$$
