068
CDUS46 KSEW 310833
CLIUIL


CLIMATE REPORT
NATIONAL WEATHER SERVICE SEATTLE WA
132 AM PDT SUN JUL 31 2016


...................................

...THE QUILLAYUTE WA AIRPORT CLIMATE SUMMARY FOR JULY 30 2016...

CLIMATE NORMAL PERIOD 1981 TO 2010
CLIMATE RECORD PERIOD 1966 TO 2016


WEATHER ITEM   OBSERVED TIME   RECORD YEAR NORMAL DEPARTURE LAST
                VALUE   (LST)  VALUE       VALUE  FROM      YEAR
                                                  NORMAL
..................................................................
TEMPERATURE (F)
 YESTERDAY
  MAXIMUM         65   1223 PM  88    1968  69     -4       87
  MINIMUM         47    319 AM  41    1986  51     -4       50
  AVERAGE         56                        60     -4       69

PRECIPITATION (IN)
  YESTERDAY        0.00          0.23 2006   0.05  -0.05     0.00
  MONTH TO DATE    2.17                      1.93   0.24     0.97
  SINCE OCT 1    101.50                     93.18   8.32    87.32
  SINCE JAN 1     57.52                     54.18   3.34    42.57

DEGREE DAYS
 HEATING
  YESTERDAY        9                         5      4        0
  MONTH TO DATE  148                       190    -42       71
  SINCE JUN 1    397                       484    -87      261
  SINCE JUL 1    148                       190    -42       71

 COOLING
  YESTERDAY        0                         0      0        4
  MONTH TO DATE    0                         0      0       17
  SINCE JUN 1     11                         3      8       30
  SINCE JAN 1     11                         4      7       30
..................................................................


WIND (MPH)
  RESULTANT WIND SPEED   3   RESULTANT WIND DIRECTION   W (250)
  HIGHEST WIND SPEED    14   HIGHEST WIND DIRECTION     W (250)
  HIGHEST GUST SPEED    19   HIGHEST GUST DIRECTION     W (270)
  AVERAGE WIND SPEED     4.8


SKY COVER
  AVERAGE SKY COVER 0.4


WEATHER CONDITIONS
 THE FOLLOWING WEATHER WAS RECORDED YESTERDAY.
  NO SIGNIFICANT WEATHER WAS OBSERVED.


RELATIVE HUMIDITY (PERCENT)
 HIGHEST   100          1200 AM
 LOWEST     63           100 PM
 AVERAGE    82

..........................................................


THE QUILLAYUTE WA AIRPORT CLIMATE NORMALS FOR TODAY
                         NORMAL    RECORD    YEAR
 MAXIMUM TEMPERATURE (F)   69        86      1968
 MINIMUM TEMPERATURE (F)   51        40      1997


SUNRISE AND SUNSET
JULY 31 2016..........SUNRISE   554 AM PDT   SUNSET   854 PM PDT
AUGUST  1 2016........SUNRISE   555 AM PDT   SUNSET   853 PM PDT


-  INDICATES NEGATIVE NUMBERS.
R  INDICATES RECORD WAS SET OR TIED.
MM INDICATES DATA IS MISSING.
T  INDICATES TRACE AMOUNT.




$$
