000
CDUS46 KSEW 260840
CLIUIL


CLIMATE REPORT
NATIONAL WEATHER SERVICE SEATTLE WA
137 AM PDT MON SEP 26 2016


...................................

...THE QUILLAYUTE WA AIRPORT CLIMATE SUMMARY FOR SEPTEMBER 25 2016...

CLIMATE NORMAL PERIOD 1981 TO 2010
CLIMATE RECORD PERIOD 1966 TO 2016


WEATHER ITEM   OBSERVED TIME   RECORD YEAR NORMAL DEPARTURE LAST
                VALUE   (LST)  VALUE       VALUE  FROM      YEAR
                                                  NORMAL
..................................................................
TEMPERATURE (F)
 YESTERDAY
  MAXIMUM         70    422 PM  88    1991  65      5       66
  MINIMUM         53   1159 PM  31    1972  45      8       45
  AVERAGE         62                        55      7       56

PRECIPITATION (IN)
  YESTERDAY        T             2.47 2010   0.16  -0.16     0.02
  MONTH TO DATE    4.15                      2.96   1.19     6.22
  SINCE OCT 1    106.32                     98.68   7.64    97.59
  SINCE JAN 1     62.34                     59.68   2.66    52.84

DEGREE DAYS
 HEATING
  YESTERDAY        3                        10     -7        9
  MONTH TO DATE  212                       202     10      187
  SINCE SEP 1    212                       202     10      187
  SINCE JUL 1    488                       571    -83      344

 COOLING
  YESTERDAY        0                         0      0        0
  MONTH TO DATE    0                         0      0        0
  SINCE SEP 1      0                         0      0        0
  SINCE JAN 1     54                        17     37       56
..................................................................


WIND (MPH)
  RESULTANT WIND SPEED   1   RESULTANT WIND DIRECTION   N (20)
  HIGHEST WIND SPEED    10   HIGHEST WIND DIRECTION     W (250)
  HIGHEST GUST SPEED    14   HIGHEST GUST DIRECTION     W (270)
  AVERAGE WIND SPEED     2.3


SKY COVER
  AVERAGE SKY COVER 0.6


WEATHER CONDITIONS
 THE FOLLOWING WEATHER WAS RECORDED YESTERDAY.
  LIGHT RAIN


RELATIVE HUMIDITY (PERCENT)
 HIGHEST    93          1200 AM
 LOWEST     70           200 PM
 AVERAGE    82

..........................................................


THE QUILLAYUTE WA AIRPORT CLIMATE NORMALS FOR TODAY
                         NORMAL    RECORD    YEAR
 MAXIMUM TEMPERATURE (F)   64        84      2003
 MINIMUM TEMPERATURE (F)   45        33      1972


SUNRISE AND SUNSET
SEPTEMBER 26 2016.....SUNRISE   711 AM PDT   SUNSET   706 PM PDT
SEPTEMBER 27 2016.....SUNRISE   713 AM PDT   SUNSET   704 PM PDT


-  INDICATES NEGATIVE NUMBERS.
R  INDICATES RECORD WAS SET OR TIED.
MM INDICATES DATA IS MISSING.
T  INDICATES TRACE AMOUNT.




$$
