000
CDUS46 KSEW 310138
CLIUIL


CLIMATE REPORT
NATIONAL WEATHER SERVICE SEATTLE WA
638 PM PDT THU JUL 30 2015


...................................

...THE QUILLAYUTE WA AIRPORT CLIMATE SUMMARY FOR JULY 30 2015...
VALID TODAY AS OF 0600 PM LOCAL TIME.

CLIMATE NORMAL PERIOD 1981 TO 2010
CLIMATE RECORD PERIOD 1966 TO 2015


WEATHER ITEM   OBSERVED TIME   RECORD YEAR NORMAL DEPARTURE LAST
                VALUE   (LST)  VALUE       VALUE  FROM      YEAR
                                                  NORMAL
..................................................................
TEMPERATURE (F)
 TODAY
  MAXIMUM         87    257 PM  88    1968  69     18       76
  MINIMUM         50    524 AM  41    1986  51     -1       49
  AVERAGE         69                        60      9       63

PRECIPITATION (IN)
  TODAY            0.00          0.23 2006   0.05  -0.05     0.00
  MONTH TO DATE    0.97                      1.93  -0.96     0.82
  SINCE OCT 1     87.32                     93.18  -5.86    72.39
  SINCE JAN 1     42.57                     54.18 -11.61    55.16

DEGREE DAYS
 HEATING
  TODAY            0                         5     -5        2
  MONTH TO DATE   71                       190   -119      133
  SINCE JUN 1    261                       484   -223      382
  SINCE JUL 1     71                       190   -119      133

 COOLING
  TODAY            4                         0      4        0
  MONTH TO DATE   17                         0     17        6
  SINCE JUN 1     30                         3     27        6
  SINCE JAN 1     30                         4     26       10
..................................................................


WIND (MPH)
  RESULTANT WIND SPEED   3   RESULTANT WIND DIRECTION  NW (310)
  HIGHEST WIND SPEED    15   HIGHEST WIND DIRECTION    NW (320)
  HIGHEST GUST SPEED    20   HIGHEST GUST DIRECTION     N (340)
  AVERAGE WIND SPEED     4.9


SKY COVER
  AVERAGE SKY COVER 0.0


WEATHER CONDITIONS
 THE FOLLOWING WEATHER WAS RECORDED TODAY.
  NO SIGNIFICANT WEATHER WAS OBSERVED.


RELATIVE HUMIDITY (PERCENT)
 HIGHEST   100           300 AM
 LOWEST     30           200 PM
 AVERAGE    65

..........................................................


THE QUILLAYUTE WA AIRPORT CLIMATE NORMALS FOR TOMORROW
                         NORMAL    RECORD    YEAR
 MAXIMUM TEMPERATURE (F)   69        86      1968
 MINIMUM TEMPERATURE (F)   51        40      1997


SUNRISE AND SUNSET
JULY 30 2015..........SUNRISE   552 AM PDT   SUNSET   857 PM PDT
JULY 31 2015..........SUNRISE   553 AM PDT   SUNSET   855 PM PDT


-  INDICATES NEGATIVE NUMBERS.
R  INDICATES RECORD WAS SET OR TIED.
MM INDICATES DATA IS MISSING.
T  INDICATES TRACE AMOUNT.




$$
