000
CDUS46 KSEW 220119
CLIUIL


CLIMATE REPORT
NATIONAL WEATHER SERVICE SEATTLE WA
519 PM PST SUN JAN 21 2018


...................................

...THE QUILLAYUTE WA AIRPORT CLIMATE SUMMARY FOR JANUARY 21 2018...
VALID TODAY AS OF 0500 PM LOCAL TIME.

CLIMATE NORMAL PERIOD 1981 TO 2010
CLIMATE RECORD PERIOD 1966 TO 2018


WEATHER ITEM   OBSERVED TIME   RECORD YEAR NORMAL DEPARTURE LAST
                VALUE   (LST)  VALUE       VALUE  FROM      YEAR
                                                  NORMAL
..................................................................
TEMPERATURE (F)
 TODAY
  MAXIMUM         48    431 AM  69    2005  48      0       47
  MINIMUM         42    459 PM  17    1969  36      6       39
  AVERAGE         45                        42      3       43

PRECIPITATION (IN)
  TODAY            2.08          2.50 2016   0.48   1.60     0.01
  MONTH TO DATE   12.01                     10.20   1.81     7.33
  SINCE OCT 1     50.23                     49.20   1.03    67.26
  SINCE JAN 1     12.01                     10.20   1.81     7.33

DEGREE DAYS
 HEATING
  TODAY           20                        23     -3       22
  MONTH TO DATE  419                       495    -76      595
  SINCE DEC 1   1181                      1259    -78     1456
  SINCE JUL 1   2715                      2973   -258     2883

 COOLING
  TODAY            0                         0      0        0
  MONTH TO DATE    0                         0      0        0
  SINCE DEC 1      0                         0      0        0
  SINCE JAN 1      0                         0      0        0
..................................................................


WIND (MPH)
  RESULTANT WIND SPEED  15   RESULTANT WIND DIRECTION   S (170)
  HIGHEST WIND SPEED    29   HIGHEST WIND DIRECTION    SE (150)
  HIGHEST GUST SPEED    48   HIGHEST GUST DIRECTION    SE (140)
  AVERAGE WIND SPEED    15.5


SKY COVER
  AVERAGE SKY COVER 1.0


WEATHER CONDITIONS
 THE FOLLOWING WEATHER WAS RECORDED TODAY.
  HEAVY RAIN
  RAIN
  LIGHT RAIN
  FOG


RELATIVE HUMIDITY (PERCENT)
 HIGHEST   100           200 AM
 LOWEST     92           800 AM
 AVERAGE    96

..........................................................


THE QUILLAYUTE WA AIRPORT CLIMATE NORMALS FOR TOMORROW
                         NORMAL    RECORD    YEAR
 MAXIMUM TEMPERATURE (F)   48        63      1981
 MINIMUM TEMPERATURE (F)   36        12      1969


SUNRISE AND SUNSET
JANUARY 21 2018.......SUNRISE   758 AM PST   SUNSET   502 PM PST
JANUARY 22 2018.......SUNRISE   757 AM PST   SUNSET   503 PM PST


-  INDICATES NEGATIVE NUMBERS.
R  INDICATES RECORD WAS SET OR TIED.
MM INDICATES DATA IS MISSING.
T  INDICATES TRACE AMOUNT.




$$
