000
CDUS43 KLSX 200732
CLIUIN


CLIMATE REPORT
NATIONAL WEATHER SERVICE ST LOUIS MO
231 AM CDT SUN APR 20 2014


...................................

...THE QUINCY IL CLIMATE SUMMARY FOR APRIL 19 2014...

CLIMATE NORMAL PERIOD 1981 TO 2010
CLIMATE RECORD PERIOD 1901 TO 2014


WEATHER ITEM   OBSERVED TIME   RECORD YEAR NORMAL DEPARTURE LAST
                VALUE   (LST)  VALUE       VALUE  FROM      YEAR
                                                  NORMAL
..................................................................
TEMPERATURE (F)
 YESTERDAY
  MAXIMUM         75    434 PM  85    1925  65     10       47
  MINIMUM         44    559 AM  26    1983  44      0       33
  AVERAGE         60                        55      5

PRECIPITATION (IN)
  YESTERDAY        0.00          1.79 1972   0.13  -0.13     0.00
  MONTH TO DATE    1.92                      2.24  -0.32     5.69
  SINCE MAR 1      2.60                      4.70  -2.10     7.84
  SINCE JAN 1      4.72                      8.10  -3.38    13.31

DEGREE DAYS
 HEATING
  YESTERDAY        5                        11     -6
  MONTH TO DATE  280                       267     13
  SINCE MAR 1   1158                       985    173
  SINCE JUL 1   6052                      5327    725

 COOLING
  YESTERDAY        0                         1     -1
  MONTH TO DATE    2                         6     -4
  SINCE MAR 1      2                         8     -6
  SINCE JAN 1      2                         8     -6
..................................................................


WIND (MPH)
  HIGHEST WIND SPEED    17   HIGHEST WIND DIRECTION     S (160)
  HIGHEST GUST SPEED    22   HIGHEST GUST DIRECTION     S (200)
  AVERAGE WIND SPEED    10.3


SKY COVER
  AVERAGE SKY COVER 0.0



RELATIVE HUMIDITY (PERCENT)
 HIGHEST    70           500 AM
 LOWEST     20           600 PM
 AVERAGE    45

..........................................................


THE QUINCY IL CLIMATE NORMALS FOR TODAY
                         NORMAL    RECORD    YEAR
 MAXIMUM TEMPERATURE (F)   65        90      1987
 MINIMUM TEMPERATURE (F)   45        27      2013


SUNRISE AND SUNSET
APRIL 20 2014.........SUNRISE   620 AM CDT   SUNSET   748 PM CDT
APRIL 21 2014.........SUNRISE   618 AM CDT   SUNSET   749 PM CDT


-  INDICATES NEGATIVE NUMBERS.
R  INDICATES RECORD WAS SET OR TIED.
MM INDICATES DATA IS MISSING.
T  INDICATES TRACE AMOUNT.




$$
