000
CDUS43 KLSX 300730
CLIUIN


CLIMATE REPORT
NATIONAL WEATHER SERVICE ST LOUIS MO
129 AM CST FRI JAN 30 2015


...................................

...THE QUINCY IL CLIMATE SUMMARY FOR JANUARY 29 2015...

CLIMATE NORMAL PERIOD 1981 TO 2010
CLIMATE RECORD PERIOD 1901 TO 2015


WEATHER ITEM   OBSERVED TIME   RECORD YEAR NORMAL DEPARTURE LAST
                VALUE   (LST)  VALUE       VALUE  FROM      YEAR
                                                  NORMAL
..................................................................
TEMPERATURE (F)
 YESTERDAY
  MAXIMUM         50    156 AM  63    2013  35     15       34
                                      1914
  MINIMUM         28   1159 PM -15    1915  19      9        4
                                      1904
  AVERAGE         39                        27     12

PRECIPITATION (IN)
  YESTERDAY        0.00          2.12 2013   0.04  -0.04     0.00
  MONTH TO DATE    0.62                      1.42  -0.80     0.64
  SINCE DEC 1      1.93                      3.67  -1.74     1.72
  SINCE JAN 1      0.62                      1.42  -0.80     0.64

DEGREE DAYS
 HEATING
  YESTERDAY       26                        38    -12
  MONTH TO DATE 1081                      1122    -41
  SINCE DEC 1   2044                      2213   -169
  SINCE JUL 1   3321                      3313      8

 COOLING
  YESTERDAY        0                         0      0
  MONTH TO DATE    0                         0      0
  SINCE DEC 1      0                         0      0
  SINCE JAN 1      0                         0      0
..................................................................


WIND (MPH)
  HIGHEST WIND SPEED    29   HIGHEST WIND DIRECTION    NW (320)
  HIGHEST GUST SPEED    41   HIGHEST GUST DIRECTION    NW (310)
  AVERAGE WIND SPEED    19.3


SKY COVER
  AVERAGE SKY COVER 0.8



RELATIVE HUMIDITY (PERCENT)
 HIGHEST    85           500 AM
 LOWEST     61           200 AM
 AVERAGE    73

..........................................................


THE QUINCY IL CLIMATE NORMALS FOR TODAY
                         NORMAL    RECORD    YEAR
 MAXIMUM TEMPERATURE (F)   35        64      2012
 MINIMUM TEMPERATURE (F)   19       -13      1965


SUNRISE AND SUNSET
JANUARY 30 2015.......SUNRISE   715 AM CST   SUNSET   521 PM CST
JANUARY 31 2015.......SUNRISE   714 AM CST   SUNSET   523 PM CST


-  INDICATES NEGATIVE NUMBERS.
R  INDICATES RECORD WAS SET OR TIED.
MM INDICATES DATA IS MISSING.
T  INDICATES TRACE AMOUNT.




$$
