000
CDUS43 KLSX 290732
CLIUIN


CLIMATE REPORT
NATIONAL WEATHER SERVICE ST LOUIS MO
231 AM CDT MON MAY 29 2017


...................................

...THE QUINCY IL CLIMATE SUMMARY FOR MAY 28 2017...

CLIMATE NORMAL PERIOD 1981 TO 2010
CLIMATE RECORD PERIOD 1901 TO 2017


WEATHER ITEM   OBSERVED TIME   RECORD YEAR NORMAL DEPARTURE LAST
                VALUE   (LST)  VALUE       VALUE  FROM      YEAR
                                                  NORMAL
..................................................................
TEMPERATURE (F)
 YESTERDAY
  MAXIMUM         80    338 PM  94    1914  76      4       83
  MINIMUM         61   1159 PM  38    1992  57      4       66
                                      1907
  AVERAGE         71                        66      5

PRECIPITATION (IN)
  YESTERDAY        0.02          1.75 1918   0.16  -0.14      T
  MONTH TO DATE    4.73                      4.08   0.65     3.64
  SINCE MAR 1     14.72                     10.23   4.49     8.06
  SINCE JAN 1     16.77                     13.63   3.14     8.68

DEGREE DAYS
 HEATING
  YESTERDAY        0                         2     -2
  MONTH TO DATE  122                       130     -8
  SINCE MAR 1    992                      1218   -226
  SINCE JUL 1   4433                      5560  -1127

 COOLING
  YESTERDAY        6                         4      2
  MONTH TO DATE   75                        55     20
  SINCE MAR 1    107                        73     34
  SINCE JAN 1    107                        73     34
..................................................................


WIND (MPH)
  HIGHEST WIND SPEED    18   HIGHEST WIND DIRECTION    NW (300)
  HIGHEST GUST SPEED    24   HIGHEST GUST DIRECTION    NW (300)
  AVERAGE WIND SPEED     9.6


SKY COVER
  AVERAGE SKY COVER 0.3



RELATIVE HUMIDITY (PERCENT)
 HIGHEST   100           300 AM
 LOWEST     39           300 PM
 AVERAGE    70

..........................................................


THE QUINCY IL CLIMATE NORMALS FOR TODAY
                         NORMAL    RECORD    YEAR
 MAXIMUM TEMPERATURE (F)   77        96      1926
 MINIMUM TEMPERATURE (F)   57        38      1947


SUNRISE AND SUNSET
MAY 29 2017...........SUNRISE   539 AM CDT   SUNSET   825 PM CDT
MAY 30 2017...........SUNRISE   539 AM CDT   SUNSET   826 PM CDT


-  INDICATES NEGATIVE NUMBERS.
R  INDICATES RECORD WAS SET OR TIED.
MM INDICATES DATA IS MISSING.
T  INDICATES TRACE AMOUNT.




$$
