000
CDUS43 KLSX 260732
CLIUIN


CLIMATE REPORT
NATIONAL WEATHER SERVICE ST LOUIS MO
231 AM CDT WED APR 26 2017


...................................

...THE QUINCY IL CLIMATE SUMMARY FOR APRIL 25 2017...

CLIMATE NORMAL PERIOD 1981 TO 2010
CLIMATE RECORD PERIOD 1901 TO 2017


WEATHER ITEM   OBSERVED TIME   RECORD YEAR NORMAL DEPARTURE LAST
                VALUE   (LST)  VALUE       VALUE  FROM      YEAR
                                                  NORMAL
..................................................................
TEMPERATURE (F)
 YESTERDAY
  MAXIMUM         80    427 PM  92    1986  67     13       80
  MINIMUM         53    227 AM  32    1934  46      7       63
  AVERAGE         67                        56     11

PRECIPITATION (IN)
  YESTERDAY        0.00          3.20 1904   0.13  -0.13     0.00
  MONTH TO DATE    2.00                      3.03  -1.03     1.62
  SINCE MAR 1      5.18                      5.49  -0.31     2.70
  SINCE JAN 1      7.23                      8.89  -1.66     3.32

DEGREE DAYS
 HEATING
  YESTERDAY        0                         9     -9
  MONTH TO DATE  188                       328   -140
  SINCE MAR 1    810                      1046   -236
  SINCE JUL 1   4251                      5388  -1137

 COOLING
  YESTERDAY        2                         1      1
  MONTH TO DATE   32                        12     20
  SINCE MAR 1     32                        14     18
  SINCE JAN 1     32                        14     18
..................................................................


WIND (MPH)
  HIGHEST WIND SPEED    25   HIGHEST WIND DIRECTION     S (160)
  HIGHEST GUST SPEED    35   HIGHEST GUST DIRECTION     S (160)
  AVERAGE WIND SPEED    12.0


SKY COVER
  AVERAGE SKY COVER 0.1



RELATIVE HUMIDITY (PERCENT)
 HIGHEST    59           400 AM
 LOWEST     32           400 PM
 AVERAGE    46

..........................................................


THE QUINCY IL CLIMATE NORMALS FOR TODAY
                         NORMAL    RECORD    YEAR
 MAXIMUM TEMPERATURE (F)   67        90      1989
 MINIMUM TEMPERATURE (F)   47        29      1950
                                             1907


SUNRISE AND SUNSET
APRIL 26 2017.........SUNRISE   611 AM CDT   SUNSET   755 PM CDT
APRIL 27 2017.........SUNRISE   610 AM CDT   SUNSET   756 PM CDT


-  INDICATES NEGATIVE NUMBERS.
R  INDICATES RECORD WAS SET OR TIED.
MM INDICATES DATA IS MISSING.
T  INDICATES TRACE AMOUNT.




$$
