000
CDUS46 KEKA 060019
CLIUKI


CLIMATE REPORT
NATIONAL WEATHER SERVICE EUREKA CA
418 PM PST FRI FEB 5 2016


...................................

...THE UKIAH CA CLIMATE SUMMARY FOR FEBRUARY 5 2016...
VALID TODAY AS OF 0400 PM LOCAL TIME.

CLIMATE NORMAL PERIOD 1981 TO 2010
CLIMATE RECORD PERIOD 1903 TO 2016


WEATHER ITEM   OBSERVED RECORD YEAR NORMAL DEPARTURE LAST
                VALUE   VALUE       VALUE  FROM      YEAR
                                           NORMAL
...........................................................
TEMPERATURE (F)
 TODAY
  MAXIMUM         63     80    1967  59      4       MM
  MINIMUM         38     22    1989  38      0       MM
  AVERAGE         51                 48      3       MM

PRECIPITATION (IN)
  TODAY            0.00   2.23 1998   0.22  -0.22      T
  MONTH TO DATE    0.29               0.94  -0.65      T
  SINCE OCT 1     23.28              21.33   1.95    18.23
  SINCE JAN 1     11.07               7.95   3.12     0.46

SNOWFALL (IN)
  TODAY            0.0   MM          MM     MM       MM
  MONTH TO DATE    0.0               MM     MM        0.0
  SINCE DEC 1      0.0               MM     MM        0.0
  SINCE JUL 1      0.0               MM     MM        0.0
  SNOW DEPTH       0

...........................................................


WIND (MPH)
  HIGHEST WIND SPEED     6   HIGHEST WIND DIRECTION     W (290)
  HIGHEST GUST SPEED     7   HIGHEST GUST DIRECTION    NE (60)
  AVERAGE WIND SPEED     0.2


SKY COVER
  AVERAGE SKY COVER 0.5


WEATHER CONDITIONS
 THE FOLLOWING WEATHER WAS RECORDED TODAY.
  FOG
  FOG W/VISIBILITY <= 1/4 MILE


RELATIVE HUMIDITY (PERCENT)
 HIGHEST   100
 LOWEST     46
 AVERAGE    73

..........................................................


THE UKIAH CA CLIMATE NORMALS FOR TOMORROW
                         NORMAL    RECORD    YEAR
 MAXIMUM TEMPERATURE (F)   59        76      2011
 MINIMUM TEMPERATURE (F)   38        18      1989


SUNRISE AND SUNSET
FEBRUARY  5 2016......SUNRISE   716 AM PST   SUNSET   538 PM PST
FEBRUARY  6 2016......SUNRISE   715 AM PST   SUNSET   539 PM PST


-  INDICATES NEGATIVE NUMBERS.
R  INDICATES RECORD WAS SET OR TIED.
MM INDICATES DATA IS MISSING.
T  INDICATES TRACE AMOUNT.




$$
