000
CDUS46 KEKA 161213
CLIUKI


CLIMATE REPORT
NATIONAL WEATHER SERVICE EUREKA CA
413 AM PST TUE JAN 16 2018


...................................

...THE UKIAH CA CLIMATE SUMMARY FOR JANUARY 15 2018...

CLIMATE NORMAL PERIOD 1981 TO 2010
CLIMATE RECORD PERIOD 1903 TO 2018


WEATHER ITEM   OBSERVED TIME   RECORD YEAR NORMAL DEPARTURE LAST
                VALUE   (LST)  VALUE       VALUE  FROM      YEAR
                                                  NORMAL
..................................................................
TEMPERATURE (F)
 YESTERDAY
  MAXIMUM         63    128 PM  76    2014  56      7       56
  MINIMUM         39    354 AM  20    1917  37      2       35
  AVERAGE         51                        46      5       46

PRECIPITATION (IN)
  YESTERDAY        0.24          2.25 1909   0.18   0.06     0.00
  MONTH TO DATE    2.89                      4.96  -2.07     8.68
  SINCE OCT 1      8.47                     18.34  -9.87    25.79
  SINCE JAN 1      2.89                      4.96  -2.07     8.68

SNOWFALL (IN)
  YESTERDAY       MM            MM      MM  MM     MM        0.0
  MONTH TO DATE    0.0                      MM     MM        0.0
  SINCE DEC 1      0.0                      MM     MM        0.0
  SINCE JUL 1      0.0                      MM     MM        0.0
  SNOW DEPTH       0

DEGREE DAYS
 HEATING
  YESTERDAY       14                        19     -5       19
  MONTH TO DATE  222                       286    -64      288
  SINCE DEC 1    798                       893    -95      925
  SINCE JUL 1   1331                      1516   -185     1462

 COOLING
  YESTERDAY        0                         0      0        0
  MONTH TO DATE    0                         0      0        0
  SINCE DEC 1      0                         0      0        0
  SINCE JAN 1      0                         0      0        0
..................................................................


WIND (MPH)
  HIGHEST WIND SPEED    15   HIGHEST WIND DIRECTION    SE (150)
  HIGHEST GUST SPEED    20   HIGHEST GUST DIRECTION    SE (150)
  AVERAGE WIND SPEED     3.2


SKY COVER
  AVERAGE SKY COVER 0.5


WEATHER CONDITIONS
 THE FOLLOWING WEATHER WAS RECORDED YESTERDAY.
  RAIN
  FOG


RELATIVE HUMIDITY (PERCENT)
 HIGHEST    93
 LOWEST     39
 AVERAGE    66

..........................................................


THE UKIAH CA CLIMATE NORMALS FOR TODAY
                         NORMAL    RECORD    YEAR
 MAXIMUM TEMPERATURE (F)   56        76      2014
 MINIMUM TEMPERATURE (F)   37        20      2012
                                             1949


SUNRISE AND SUNSET
JANUARY 16 2018.......SUNRISE   730 AM PST   SUNSET   516 PM PST
JANUARY 17 2018.......SUNRISE   730 AM PST   SUNSET   517 PM PST


-  INDICATES NEGATIVE NUMBERS.
R  INDICATES RECORD WAS SET OR TIED.
MM INDICATES DATA IS MISSING.
T  INDICATES TRACE AMOUNT.




$$
