000
CDUS46 KEKA 251212
CLIUKI


CLIMATE REPORT
NATIONAL WEATHER SERVICE EUREKA CA
412 AM PST TUE NOV 25 2014


...................................

...THE UKIAH CA CLIMATE SUMMARY FOR NOVEMBER 24 2014...

CLIMATE NORMAL PERIOD 1981 TO 2010
CLIMATE RECORD PERIOD 1903 TO 2014


WEATHER ITEM   OBSERVED TIME   RECORD YEAR NORMAL DEPARTURE LAST
                VALUE   (LST)  VALUE       VALUE  FROM      YEAR
                                                  NORMAL
..................................................................
TEMPERATURE (F)
 YESTERDAY
  MAXIMUM         66    256 PM  79    1959  59      7       66
  MINIMUM         36    558 AM  22    1906  38     -2       27
  AVERAGE         51                        48      3       47

PRECIPITATION (IN)
  YESTERDAY        0.00          1.97 1926   0.16  -0.16     0.00
  MONTH TO DATE    3.07                      3.25  -0.18     0.85
  SINCE JUL 1      5.36                      6.00  -0.64     1.43
  SINCE JAN 1     21.99                     29.38  -7.39     7.01

SNOWFALL (IN)
  YESTERDAY        0.0          MM      MM  MM     MM        0.0
  MONTH TO DATE    0.0                      MM     MM        0.0
  SINCE SEP 1      0.0                      MM     MM        0.0
  SINCE JUL 1      0.0                      MM     MM        0.0
  SNOW DEPTH       0

DEGREE DAYS
 HEATING
  YESTERDAY       14                        17     -3       18
  MONTH TO DATE  231                       318    -87      243
  SINCE SEP 1    325                       515   -190      438
  SINCE JUL 1    325                       518   -193      438

 COOLING
  YESTERDAY        0                         0      0        0
  MONTH TO DATE    0                         0      0        0
  SINCE SEP 1    290                       152    138      127
  SINCE JAN 1   1290                       835    455      974
..................................................................


WIND (MPH)
  HIGHEST WIND SPEED     6   HIGHEST WIND DIRECTION     W (280)
  HIGHEST GUST SPEED     7   HIGHEST GUST DIRECTION     N (360)
  AVERAGE WIND SPEED     0.8


SKY COVER
  AVERAGE SKY COVER 0.1


WEATHER CONDITIONS
 THE FOLLOWING WEATHER WAS RECORDED YESTERDAY.
  FOG


RELATIVE HUMIDITY (PERCENT)
 HIGHEST    92
 LOWEST     40
 AVERAGE    66

..........................................................


THE UKIAH CA CLIMATE NORMALS FOR TODAY
                         NORMAL    RECORD    YEAR
 MAXIMUM TEMPERATURE (F)   59        78      1932
 MINIMUM TEMPERATURE (F)   37        25      1993


SUNRISE AND SUNSET
NOVEMBER 25 2014......SUNRISE   707 AM PST   SUNSET   452 PM PST
NOVEMBER 26 2014......SUNRISE   708 AM PST   SUNSET   452 PM PST


-  INDICATES NEGATIVE NUMBERS.
R  INDICATES RECORD WAS SET OR TIED.
MM INDICATES DATA IS MISSING.
T  INDICATES TRACE AMOUNT.




$$
