000
CDUS46 KEKA 191213
CLIUKI


CLIMATE REPORT
NATIONAL WEATHER SERVICE EUREKA CA
513 AM PDT FRI SEP 19 2014


...................................

...THE UKIAH CA CLIMATE SUMMARY FOR SEPTEMBER 18 2014...

CLIMATE NORMAL PERIOD 1981 TO 2010
CLIMATE RECORD PERIOD 1903 TO 2014


WEATHER ITEM   OBSERVED TIME   RECORD YEAR NORMAL DEPARTURE LAST
                VALUE   (LST)  VALUE       VALUE  FROM      YEAR
                                                  NORMAL
..................................................................
TEMPERATURE (F)
 YESTERDAY
  MAXIMUM         76    305 PM 104    1936  87    -11       84
  MINIMUM         62   1132 PM  34    1911  49     13       46
  AVERAGE         69                        68      1       65

PRECIPITATION (IN)
  YESTERDAY        0.07          1.91 1959   0.02   0.05     0.00
  MONTH TO DATE    0.07                      0.25  -0.18     0.00
  SINCE JUL 1      0.08                      0.39  -0.31     0.03
  SINCE JAN 1     16.71                     23.77  -7.06     5.61

SNOWFALL (IN)
  YESTERDAY        0.0          MM      MM  MM     MM        0.0
  MONTH TO DATE    0.0                      MM     MM        0.0
  SINCE SEP 1      0.0                      MM     MM        0.0
  SINCE JUL 1      0.0                      MM     MM        0.0
  SNOW DEPTH       0

DEGREE DAYS
 HEATING
  YESTERDAY        0                         1     -1        0
  MONTH TO DATE    0                         8     -8        0
  SINCE SEP 1      0                         8     -8        0
  SINCE JUL 1      0                        11    -11        0

 COOLING
  YESTERDAY        4                         4      0        0
  MONTH TO DATE  157                        93     64      119
  SINCE SEP 1    157                        93     64      119
  SINCE JAN 1   1157                       776    381      966
..................................................................


WIND (MPH)
  HIGHEST WIND SPEED    16   HIGHEST WIND DIRECTION    SE (150)
  HIGHEST GUST SPEED    22   HIGHEST GUST DIRECTION    SE (150)
  AVERAGE WIND SPEED     4.6


SKY COVER
  AVERAGE SKY COVER 0.7


WEATHER CONDITIONS
 THE FOLLOWING WEATHER WAS RECORDED YESTERDAY.
  LIGHT RAIN
  FOG


RELATIVE HUMIDITY (PERCENT)
 HIGHEST    93
 LOWEST     54
 AVERAGE    74

..........................................................


THE UKIAH CA CLIMATE NORMALS FOR TODAY
                         NORMAL    RECORD    YEAR
 MAXIMUM TEMPERATURE (F)   87       105      2000
 MINIMUM TEMPERATURE (F)   49        35      1926


SUNRISE AND SUNSET
SEPTEMBER 19 2014.....SUNRISE   658 AM PDT   SUNSET   714 PM PDT
SEPTEMBER 20 2014.....SUNRISE   659 AM PDT   SUNSET   713 PM PDT


-  INDICATES NEGATIVE NUMBERS.
R  INDICATES RECORD WAS SET OR TIED.
MM INDICATES DATA IS MISSING.
T  INDICATES TRACE AMOUNT.




$$
