000
CDUS43 KSGF 222130
CLIUNO


CLIMATE REPORT
NATIONAL WEATHER SERVICE SPRINGFIELD MO
429 PM CDT WED OCT 22 2014


...................................

...THE WEST PLAINS MO CLIMATE SUMMARY FOR OCTOBER 22 2014...
VALID AS OF 0400 PM LOCAL TIME.

CLIMATE NORMAL PERIOD 1981 TO 2010
CLIMATE RECORD PERIOD 1947 TO 2014


WEATHER ITEM   OBSERVED TIME   RECORD YEAR NORMAL DEPARTURE LAST
                VALUE   (LST)  VALUE       VALUE  FROM      YEAR
                                                  NORMAL
..................................................................
TEMPERATURE (F)
 TODAY
  MAXIMUM         66    258 PM  86    1953  68     -2       65
  MINIMUM         43    622 AM  21    1952  43      0       33
  AVERAGE         55                        56     -1       49

PRECIPITATION (IN)
  TODAY            0.00          2.80 1951   0.15  -0.15     0.00
  MONTH TO DATE    7.08                      2.77   4.31     1.82
  SINCE SEP 1      9.28                      6.86   2.42     3.47
  SINCE JAN 1     30.90                     36.93  -6.03    45.70

DEGREE DAYS
 HEATING
  TODAY           10                        10      0       16
  MONTH TO DATE  139                       160    -21      150
  SINCE SEP 1    183                       201    -18      166
  SINCE JUL 1    185                       202    -17      170

 COOLING
  TODAY            0                         0      0        0
  MONTH TO DATE   24                        20      4       34
  SINCE SEP 1    164                       176    -12      230
  SINCE JAN 1   1219                      1348   -129     1072
..................................................................


WIND (MPH)
  HIGHEST WIND SPEED    12   HIGHEST WIND DIRECTION     E (110)
  HIGHEST GUST SPEED    16   HIGHEST GUST DIRECTION     E (100)


SKY COVER
  AVERAGE SKY COVER 0.0


WEATHER CONDITIONS
 THE FOLLOWING WEATHER WAS RECORDED TODAY.
  NO SIGNIFICANT WEATHER WAS OBSERVED.


RELATIVE HUMIDITY (PERCENT)
 HIGHEST    89           500 AM
 LOWEST     45           300 PM
 AVERAGE    67

..........................................................


THE WEST PLAINS MO CLIMATE NORMALS FOR TOMORROW
                         NORMAL    RECORD    YEAR
 MAXIMUM TEMPERATURE (F)   67        84      1963
 MINIMUM TEMPERATURE (F)   43        24      1952


SUNRISE AND SUNSET
OCTOBER 22 2014.......SUNRISE   722 AM CDT   SUNSET   622 PM CDT
OCTOBER 23 2014.......SUNRISE   723 AM CDT   SUNSET   621 PM CDT


-  INDICATES NEGATIVE NUMBERS.
R  INDICATES RECORD WAS SET OR TIED.
MM INDICATES DATA IS MISSING.
T  INDICATES TRACE AMOUNT.




$$
