000
CDUS43 KSGF 270636
CLIUNO


CLIMATE REPORT
NATIONAL WEATHER SERVICE SPRINGFIELD MO
1236 AM CST SAT DEC 27 2014


...................................

...THE WEST PLAINS MO CLIMATE SUMMARY FOR DECEMBER 26 2014...

CLIMATE NORMAL PERIOD 1981 TO 2010
CLIMATE RECORD PERIOD 1947 TO 2014


WEATHER ITEM   OBSERVED TIME   RECORD YEAR NORMAL DEPARTURE LAST
                VALUE   (LST)  VALUE       VALUE  FROM      YEAR
                                                  NORMAL
..................................................................
TEMPERATURE (F)
 YESTERDAY
  MAXIMUM         52    221 PM  73    1971  45      7       47
  MINIMUM         36    706 AM  -4    1983  24     12       20
  AVERAGE         44                        34     10       34

PRECIPITATION (IN)
  YESTERDAY        0.16          0.76 2011   0.09   0.07     0.00
  MONTH TO DATE    2.67                      3.29  -0.62     2.31
  SINCE DEC 1      2.67                      3.29  -0.62     2.31
  SINCE JAN 1     36.10                     45.87  -9.77    54.20

DEGREE DAYS
 HEATING
  YESTERDAY       21                        31    -10       31
  MONTH TO DATE  655                       740    -85      691
  SINCE DEC 1    655                       740    -85      691
  SINCE JUL 1   1667                      1592     75     1603

 COOLING
  YESTERDAY        0                         0      0        0
  MONTH TO DATE    0                         0      0        0
  SINCE DEC 1      0                         0      0        0
  SINCE JAN 1   1231                      1354   -123     1073
..................................................................


WIND (MPH)
  HIGHEST WIND SPEED    17   HIGHEST WIND DIRECTION     S (200)
  HIGHEST GUST SPEED    26   HIGHEST GUST DIRECTION     S (200)
  AVERAGE WIND SPEED     9.0


SKY COVER
  AVERAGE SKY COVER 0.5


WEATHER CONDITIONS
 THE FOLLOWING WEATHER WAS RECORDED YESTERDAY.
  RAIN
  LIGHT RAIN
  FOG


RELATIVE HUMIDITY (PERCENT)
 HIGHEST    93          1000 PM
 LOWEST     66           400 PM
 AVERAGE    80

..........................................................


THE WEST PLAINS MO CLIMATE NORMALS FOR TODAY
                         NORMAL    RECORD    YEAR
 MAXIMUM TEMPERATURE (F)   45        74      1971
 MINIMUM TEMPERATURE (F)   24         8      2002


SUNRISE AND SUNSET
DECEMBER 27 2014......SUNRISE   719 AM CST   SUNSET   458 PM CST
DECEMBER 28 2014......SUNRISE   720 AM CST   SUNSET   459 PM CST


-  INDICATES NEGATIVE NUMBERS.
R  INDICATES RECORD WAS SET OR TIED.
MM INDICATES DATA IS MISSING.
T  INDICATES TRACE AMOUNT.




$$
