000
CDUS43 KSGF 040626
CLIUNO


CLIMATE REPORT
NATIONAL WEATHER SERVICE SPRINGFIELD MO
126 AM CDT SAT JUL 4 2015


...................................

...THE WEST PLAINS MO CLIMATE SUMMARY FOR JULY 3 2015...

CLIMATE NORMAL PERIOD 1981 TO 2010
CLIMATE RECORD PERIOD 1947 TO 2015


WEATHER ITEM   OBSERVED TIME   RECORD YEAR NORMAL DEPARTURE LAST
                VALUE   (LST)  VALUE       VALUE  FROM      YEAR
                                                  NORMAL
..................................................................
TEMPERATURE (F)
 YESTERDAY
  MAXIMUM         78    357 PM  99    1954  88    -10       79
  MINIMUM         67    522 AM  49    1959  67      0       56
  AVERAGE         73                        77     -4       68

PRECIPITATION (IN)
  YESTERDAY        0.08          1.26 2008   0.10  -0.02     0.00
  MONTH TO DATE    2.06                      0.30   1.76     0.28
  SINCE JUN 1      7.78                      4.32   3.46     5.51
  SINCE JAN 1     25.39                     23.59   1.80    17.49

DEGREE DAYS
 HEATING
  YESTERDAY        0                         0      0        0
  MONTH TO DATE    0                         0      0        0
  SINCE JUN 1      5                         5      0        2
  SINCE JUL 1      0                         0      0        0

 COOLING
  YESTERDAY        8                        12     -4        3
  MONTH TO DATE   29                        36     -7       22
  SINCE JUN 1    344                       302     42      287
  SINCE JAN 1    466                       424     42      437
..................................................................


WIND (MPH)
  HIGHEST WIND SPEED     9   HIGHEST WIND DIRECTION    NE (50)
  HIGHEST GUST SPEED    12   HIGHEST GUST DIRECTION    NE (40)
  AVERAGE WIND SPEED     3.2


SKY COVER
  AVERAGE SKY COVER 0.6


WEATHER CONDITIONS
 THE FOLLOWING WEATHER WAS RECORDED YESTERDAY.
  RAIN
  LIGHT RAIN
  FOG
  HAZE


RELATIVE HUMIDITY (PERCENT)
 HIGHEST    93           400 AM
 LOWEST     74           400 PM
 AVERAGE    84

..........................................................


THE WEST PLAINS MO CLIMATE NORMALS FOR TODAY
                         NORMAL    RECORD    YEAR
 MAXIMUM TEMPERATURE (F)   88       101      2012
 MINIMUM TEMPERATURE (F)   67        48      1968


SUNRISE AND SUNSET
JULY  4 2015..........SUNRISE   553 AM CDT   SUNSET   830 PM CDT
JULY  5 2015..........SUNRISE   554 AM CDT   SUNSET   830 PM CDT


-  INDICATES NEGATIVE NUMBERS.
R  INDICATES RECORD WAS SET OR TIED.
MM INDICATES DATA IS MISSING.
T  INDICATES TRACE AMOUNT.




$$
