000
CDUS43 KUNR 300834
CLIUNR


CLIMATE REPORT
NATIONAL WEATHER SERVICE RAPID CITY SD
232 AM MDT FRI SEP 30 2016


...................................

...THE EAST RAPID CITY SD CLIMATE SUMMARY FOR SEPTEMBER 29 2016...

CLIMATE NORMAL PERIOD 1981 TO 2010
CLIMATE RECORD PERIOD 1888 TO 2016


WEATHER ITEM   OBSERVED RECORD YEAR NORMAL DEPARTURE LAST
                VALUE   VALUE       VALUE  FROM      YEAR
                                           NORMAL
...........................................................
TEMPERATURE (F)
 YESTERDAY
  MAXIMUM         80     96    1892  66     14       64
  MINIMUM         40     27    1945  44     -4       50
  AVERAGE         60                 55      5       57

PRECIPITATION (IN)
  YESTERDAY        0.00   2.58 2014   0.05  -0.05      T
  MONTH TO DATE    0.87               1.50  -0.63     0.33
  SINCE SEP 1      0.87               1.50  -0.63     0.33
  SINCE JAN 1     12.17              17.18  -5.01    22.43

SNOWFALL (IN)
  YESTERDAY        0.0    0.2  1961   0.0    0.0      0.0
  MONTH TO DATE    0.0                0.1   -0.1      0.0
  SINCE SEP 1      0.0                0.1   -0.1      0.0
  SINCE JUL 1      0.0                0.1   -0.1      0.0
  SNOW DEPTH       0

DEGREE DAYS
 HEATING
  YESTERDAY        5                 11     -6        8
  MONTH TO DATE   97                167    -70       55
  SINCE SEP 1     97                167    -70       55
  SINCE JUL 1    122                197    -75       85

 COOLING
  YESTERDAY        0                  0      0        0
  MONTH TO DATE   47                 67    -20      124
  SINCE SEP 1     47                 67    -20      124
  SINCE JAN 1    807                662    145      701
...........................................................


WIND (MPH)
  HIGHEST GUST SPEED    33   HIGHEST GUST DIRECTION     S (180)



WEATHER CONDITIONS
 THE FOLLOWING WEATHER WAS RECORDED YESTERDAY.
  NO SIGNIFICANT WEATHER WAS OBSERVED.


..........................................................


THE EAST RAPID CITY SD CLIMATE NORMALS FOR TODAY
                         NORMAL    RECORD    YEAR
 MAXIMUM TEMPERATURE (F)   65        91      1963
 MINIMUM TEMPERATURE (F)   43        26      1961


SUNRISE AND SUNSET
SEPTEMBER 30 2016.....SUNRISE   650 AM MDT   SUNSET   634 PM MDT
OCTOBER  1 2016.......SUNRISE   651 AM MDT   SUNSET   633 PM MDT


-  INDICATES NEGATIVE NUMBERS.
R  INDICATES RECORD WAS SET OR TIED.
MM INDICATES DATA IS MISSING.
T  INDICATES TRACE AMOUNT.




$$
