000
CDUS43 KUNR 060831
CLIUNR


CLIMATE REPORT
NATIONAL WEATHER SERVICE RAPID CITY SD
231 AM MDT FRI MAY 6 2016


...................................

...THE EAST RAPID CITY SD CLIMATE SUMMARY FOR MAY 5 2016...

CLIMATE NORMAL PERIOD 1981 TO 2010
CLIMATE RECORD PERIOD 1888 TO 2016


WEATHER ITEM   OBSERVED RECORD YEAR NORMAL DEPARTURE LAST
                VALUE   VALUE       VALUE  FROM      YEAR
                                           NORMAL
...........................................................
TEMPERATURE (F)
 YESTERDAY
  MAXIMUM         84     92    2000  63     21       63
  MINIMUM         47     25    1944  41      6       39
  AVERAGE         66                 52     14       51

PRECIPITATION (IN)
  YESTERDAY        0.00   1.61 2007   0.11  -0.11      T
  MONTH TO DATE    0.01               0.57  -0.56     0.34
  SINCE MAR 1      2.24               3.66  -1.42     1.39
  SINCE JAN 1      3.05               4.43  -1.38     1.94

SNOWFALL (IN)
  YESTERDAY        0.0    5.8  1942   0.1   -0.1      0.0
  MONTH TO DATE    0.0                0.8   -0.8      0.0
  SINCE MAR 1     11.7               21.4   -9.7      1.4
  SINCE JUL 1     41.6               48.1   -6.5     37.1
  SNOW DEPTH       0

DEGREE DAYS
 HEATING
  YESTERDAY        0                 13    -13       14
  MONTH TO DATE   36                 68    -32       42
  SINCE MAR 1   1233               1580   -347     1181
  SINCE JUL 1   5482               6534  -1052     5877

 COOLING
  YESTERDAY        1                  0      1        0
  MONTH TO DATE    1                  0      1        2
  SINCE MAR 1      3                  1      2        8
  SINCE JAN 1      3                  1      2        8
...........................................................


WIND (MPH)
  HIGHEST GUST SPEED    21   HIGHEST GUST DIRECTION    SE (120)



WEATHER CONDITIONS
 THE FOLLOWING WEATHER WAS RECORDED YESTERDAY.
  NO SIGNIFICANT WEATHER WAS OBSERVED.


..........................................................


THE EAST RAPID CITY SD CLIMATE NORMALS FOR TODAY
                         NORMAL    RECORD    YEAR
 MAXIMUM TEMPERATURE (F)   63        89      1911
 MINIMUM TEMPERATURE (F)   42        25      1906


SUNRISE AND SUNSET
MAY  6 2016...........SUNRISE   537 AM MDT   SUNSET   803 PM MDT
MAY  7 2016...........SUNRISE   535 AM MDT   SUNSET   804 PM MDT


-  INDICATES NEGATIVE NUMBERS.
R  INDICATES RECORD WAS SET OR TIED.
MM INDICATES DATA IS MISSING.
T  INDICATES TRACE AMOUNT.




$$
