000
CDUS43 KUNR 140850
CLIUNR


CLIMATE REPORT
NATIONAL WEATHER SERVICE RAPID CITY SD
150 AM MST SUN FEB 14 2016


...................................

...THE EAST RAPID CITY SD CLIMATE SUMMARY FOR FEBRUARY 13 2016...

CLIMATE NORMAL PERIOD 1981 TO 2010
CLIMATE RECORD PERIOD 1888 TO 2016


WEATHER ITEM   OBSERVED RECORD YEAR NORMAL DEPARTURE LAST
                VALUE   VALUE       VALUE  FROM      YEAR
                                           NORMAL
...........................................................
TEMPERATURE (F)
 YESTERDAY
  MAXIMUM         51     69    1934  38     13       61
  MINIMUM         24    -29    1936  18      6       39
  AVERAGE         38                 28     10       50

PRECIPITATION (IN)
  YESTERDAY        0.14   0.27 1962   0.01   0.13     0.00
  MONTH TO DATE    0.38               0.21   0.17     0.02
  SINCE DEC 1      1.28               0.82   0.46     0.55
  SINCE JAN 1      0.55               0.50   0.05     0.17

SNOWFALL (IN)
  YESTERDAY        T      2.7  2009   0.2   -0.2      0.0
  MONTH TO DATE    3.8                3.3    0.5      0.4
  SINCE DEC 1     21.8               14.0    7.8     12.2
  SINCE JUL 1     27.8               22.6    5.2     27.5
  SNOW DEPTH       0

DEGREE DAYS
 HEATING
  YESTERDAY       27                 37    -10       15
  MONTH TO DATE  400                492    -92      373
  SINCE DEC 1   2626               2840   -214     2463
  SINCE JUL 1   3884               4420   -536     4077

 COOLING
  YESTERDAY        0                  0      0        0
  MONTH TO DATE    0                  0      0        0
  SINCE DEC 1      0                  0      0        0
  SINCE JAN 1      0                  0      0        0
...........................................................


WIND (MPH)
  HIGHEST GUST SPEED    52   HIGHEST GUST DIRECTION    NW (320)



WEATHER CONDITIONS
 THE FOLLOWING WEATHER WAS RECORDED YESTERDAY.
  NO SIGNIFICANT WEATHER WAS OBSERVED.


..........................................................


THE EAST RAPID CITY SD CLIMATE NORMALS FOR TODAY
                         NORMAL    RECORD    YEAR
 MAXIMUM TEMPERATURE (F)   38        70      1921
 MINIMUM TEMPERATURE (F)   18       -31      1936


SUNRISE AND SUNSET
FEBRUARY 14 2016......SUNRISE   654 AM MST   SUNSET   520 PM MST
FEBRUARY 15 2016......SUNRISE   653 AM MST   SUNSET   522 PM MST


-  INDICATES NEGATIVE NUMBERS.
R  INDICATES RECORD WAS SET OR TIED.
MM INDICATES DATA IS MISSING.
T  INDICATES TRACE AMOUNT.




$$
