000
CDUS43 KUNR 300041
CLIUNR


CLIMATE REPORT
NATIONAL WEATHER SERVICE RAPID CITY SD
640 PM MDT SUN MAR 29 2015


...................................

...THE EAST RAPID CITY SD CLIMATE SUMMARY FOR MARCH 29 2015...
VALID TODAY AS OF 0500 PM LOCAL TIME.

CLIMATE NORMAL PERIOD 1981 TO 2010
CLIMATE RECORD PERIOD 1888 TO 2015


WEATHER ITEM   OBSERVED RECORD YEAR NORMAL DEPARTURE LAST
                VALUE   VALUE       VALUE  FROM      YEAR
                                           NORMAL
...........................................................
TEMPERATURE (F)
 TODAY
  MAXIMUM         66     82    1943  50     16       69
  MINIMUM         44      4    1898  28     16       23
  AVERAGE         55                 39     16       46

PRECIPITATION (IN)
  TODAY            0.00   0.64 1998   0.04  -0.04     0.00
  MONTH TO DATE    0.10               0.90  -0.80     0.97
  SINCE MAR 1      0.10               0.90  -0.80     0.97
  SINCE JAN 1      0.65               1.67  -1.02     1.48

SNOWFALL (IN)
  TODAY            0.0    8.6  1936   0.4   -0.4      0.0
  MONTH TO DATE    1.4               11.0   -9.6     12.9
  SINCE MAR 1      1.4               11.0   -9.6     12.9
  SINCE JUL 1     37.1               37.7   -0.6     63.0
  SNOW DEPTH       0

DEGREE DAYS
 HEATING
  TODAY           10                 26    -16       19
  MONTH TO DATE  613                858   -245      963
  SINCE MAR 1    613                858   -245      963
  SINCE JUL 1   5309               5812   -503     6311

 COOLING
  TODAY            0                  0      0        0
  MONTH TO DATE    6                  0      6        0
  SINCE MAR 1      6                  0      6        0
  SINCE JAN 1      6                  0      6        0
...........................................................





WEATHER CONDITIONS
 THE FOLLOWING WEATHER WAS RECORDED TODAY.
  NO SIGNIFICANT WEATHER WAS OBSERVED.


..........................................................


THE EAST RAPID CITY SD CLIMATE NORMALS FOR TOMORROW
                         NORMAL    RECORD    YEAR
 MAXIMUM TEMPERATURE (F)   51        78      1893
 MINIMUM TEMPERATURE (F)   29        -6      1936


SUNRISE AND SUNSET
MARCH 29 2015.........SUNRISE   640 AM MDT   SUNSET   716 PM MDT
MARCH 30 2015.........SUNRISE   638 AM MDT   SUNSET   717 PM MDT


-  INDICATES NEGATIVE NUMBERS.
R  INDICATES RECORD WAS SET OR TIED.
MM INDICATES DATA IS MISSING.
T  INDICATES TRACE AMOUNT.




$$
