000
CDUS43 KUNR 180832
CLIUNR


CLIMATE REPORT
NATIONAL WEATHER SERVICE RAPID CITY SD
132 AM MST MON DEC 18 2017


...................................

...THE EAST RAPID CITY SD CLIMATE SUMMARY FOR DECEMBER 17 2017...

CLIMATE NORMAL PERIOD 1981 TO 2010
CLIMATE RECORD PERIOD 1888 TO 2017


WEATHER ITEM   OBSERVED RECORD YEAR NORMAL DEPARTURE LAST
                VALUE   VALUE       VALUE  FROM      YEAR
                                           NORMAL
...........................................................
TEMPERATURE (F)
 YESTERDAY
  MAXIMUM         42     66    1998  36      6       -2
  MINIMUM         28    -20    1964  17     11      -15
  AVERAGE         35                 27      8       -8

PRECIPITATION (IN)
  YESTERDAY        T      0.18 1908   0.01  -0.01     0.00
  MONTH TO DATE    0.09               0.16  -0.07     0.41
  SINCE DEC 1      0.09               0.16  -0.07     0.41
  SINCE JAN 1     12.66              19.63  -6.97    13.36

SNOWFALL (IN)
  YESTERDAY        T      3.0  1908   0.2   -0.2      0.0
  MONTH TO DATE    2.1                2.9   -0.8      6.4
  SINCE DEC 1      2.1                2.9   -0.8      6.4
  SINCE JUL 1      3.2               11.5   -8.3     10.1
  SNOW DEPTH       0

DEGREE DAYS
 HEATING
  YESTERDAY       30                 38     -8       73
  MONTH TO DATE  441                629   -188      858
  SINCE DEC 1    441                629   -188      858
  SINCE JUL 1   1821               2209   -388     1889

 COOLING
  YESTERDAY        0                  0      0        0
  MONTH TO DATE    0                  0      0        0
  SINCE DEC 1      0                  0      0        0
  SINCE JAN 1    854                665    189      813
...........................................................


WIND (MPH)
  HIGHEST GUST SPEED    21   HIGHEST GUST DIRECTION     W (290)



WEATHER CONDITIONS
 THE FOLLOWING WEATHER WAS RECORDED YESTERDAY.
  LIGHT SNOW


..........................................................


THE EAST RAPID CITY SD CLIMATE NORMALS FOR TODAY
                         NORMAL    RECORD    YEAR
 MAXIMUM TEMPERATURE (F)   36        65      1958
 MINIMUM TEMPERATURE (F)   17       -25      1924


SUNRISE AND SUNSET
DECEMBER 18 2017......SUNRISE   723 AM MST   SUNSET   416 PM MST
DECEMBER 19 2017......SUNRISE   724 AM MST   SUNSET   417 PM MST


-  INDICATES NEGATIVE NUMBERS.
R  INDICATES RECORD WAS SET OR TIED.
MM INDICATES DATA IS MISSING.
T  INDICATES TRACE AMOUNT.




$$
