000
CDUS44 KCRP 220642 RRA
CLIVCT

CLIMATE REPORT
NATIONAL WEATHER SERVICE CORPUS CHRISTI TX
142 AM CDT SUN OCT 22 2017


...THE VICTORIA CLIMATE SUMMARY FOR OCTOBER 21 2017...

CLIMATE NORMAL PERIOD 1981 TO 2010
CLIMATE RECORD PERIOD 1893 TO 2017


WEATHER ITEM   OBSERVED TIME   RECORD YEAR NORMAL DEPARTURE LAST
                VALUE   (LST)  VALUE       VALUE  FROM      YEAR
                                                  NORMAL
..................................................................
TEMPERATURE (F)
 YESTERDAY
  MAXIMUM         92    204 PM  96    1926  82     10       78
  MINIMUM         69    520 AM  41    1976  60      9       48
                                      1916
  AVERAGE         81                        71     10       63

PRECIPITATION (IN)
  YESTERDAY        0.00          1.73 1983   0.17  -0.17     0.00
  MONTH TO DATE    0.08                      3.23  -3.15     0.05
  SINCE SEP 1      3.20                      7.39  -4.19     2.60
  SINCE JAN 1     43.60                     34.26   9.34    32.18

SNOWFALL (IN)
  YESTERDAY        0.0
  MONTH TO DATE    0.0
  SINCE SEP 1      0.0
  SINCE JUL 1      0.0
  SNOW DEPTH       0

DEGREE DAYS
 HEATING
  YESTERDAY        0                         1     -1        2
  MONTH TO DATE    0                         6     -6        2
  SINCE SEP 1      0                         7     -7        2
  SINCE JUL 1      0                         7     -7        2

 COOLING
  YESTERDAY       16                         7      9        0
  MONTH TO DATE  247                       186     61      241
  SINCE SEP 1    699                       631     68      742
  SINCE JAN 1   3532                      2984    548     3229
..................................................................


WIND (MPH)
  HIGHEST WIND SPEED    18   HIGHEST WIND DIRECTION    SE (150)
  HIGHEST GUST SPEED    24   HIGHEST GUST DIRECTION     S (160)
  AVERAGE WIND SPEED     8.0


SKY COVER
  POSSIBLE SUNSHINE  MM
  AVERAGE SKY COVER 0.5


WEATHER CONDITIONS
 THE FOLLOWING WEATHER WAS RECORDED YESTERDAY.
  FOG
  FOG W/VISIBILITY <= 1/4 MILE


RELATIVE HUMIDITY (PERCENT)
 HIGHEST   100           100 AM
 LOWEST     52           100 PM
 AVERAGE    76

..........................................................


THE VICTORIA CLIMATE NORMALS FOR TODAY
                         NORMAL    RECORD    YEAR
 MAXIMUM TEMPERATURE (F)   82       101      1926
 MINIMUM TEMPERATURE (F)   59        40      1910


SUNRISE AND SUNSET
OCTOBER 22 2017.......SUNRISE   733 AM CDT   SUNSET   650 PM CDT
OCTOBER 23 2017.......SUNRISE   734 AM CDT   SUNSET   650 PM CDT


-  INDICATES NEGATIVE NUMBERS.
R  INDICATES RECORD WAS SET OR TIED.
MM INDICATES DATA IS MISSING.
T  INDICATES TRACE AMOUNT.

$$

TMT
