000
CDUS44 KCRP 161030
CLIVCT

CLIMATE REPORT
NATIONAL WEATHER SERVICE CORPUS CHRISTI TX
428 AM CST MON JAN 16 2017


...................................

...THE VICTORIA CLIMATE SUMMARY FOR JANUARY 15 2017...

CLIMATE NORMAL PERIOD 1981 TO 2010
CLIMATE RECORD PERIOD 1893 TO 2017


WEATHER ITEM   OBSERVED TIME   RECORD YEAR NORMAL DEPARTURE LAST
                VALUE   (LST)  VALUE       VALUE  FROM      YEAR
                                                  NORMAL
..................................................................
TEMPERATURE (F)
 YESTERDAY
  MAXIMUM         82R   212 PM  82    1936  65     17       74
  MINIMUM         66    814 AM  25    1979  43     23       46
  AVERAGE         74                        54     20       60

PRECIPITATION (IN)
  YESTERDAY        T             2.11 2010   0.08  -0.08     0.00
  MONTH TO DATE    0.02                      1.24  -1.22     2.79
  SINCE DEC 1      3.03                      3.55  -0.52     4.39
  SINCE JAN 1      0.02                      1.24  -1.22     2.79

SNOWFALL (IN)
  YESTERDAY        0.0
  MONTH TO DATE    0.0
  SINCE DEC 1      0.0
  SINCE JUL 1      0.0
  SNOW DEPTH       0

DEGREE DAYS
 HEATING
  YESTERDAY        0                        12    -12        5
  MONTH TO DATE  114                       180    -66      197
  SINCE DEC 1    349                       511   -162      410
  SINCE JUL 1    399                       674   -275      508

 COOLING
  YESTERDAY        9                         0      9        0
  MONTH TO DATE   51                         7     44        0
  SINCE DEC 1    108                        34     74       56
  SINCE JAN 1     51                         7     44        0
..................................................................


WIND (MPH)
  HIGHEST WIND SPEED    33   HIGHEST WIND DIRECTION    SE (150)
  HIGHEST GUST SPEED    41   HIGHEST GUST DIRECTION    SE (150)
  AVERAGE WIND SPEED    17.1


SKY COVER
  POSSIBLE SUNSHINE  MM
  AVERAGE SKY COVER 1.0


WEATHER CONDITIONS
 THE FOLLOWING WEATHER WAS RECORDED YESTERDAY.
  LIGHT RAIN
  FOG


RELATIVE HUMIDITY (PERCENT)
 HIGHEST    93          1200 AM
 LOWEST     58           200 PM
 AVERAGE    76

..........................................................


THE VICTORIA CLIMATE NORMALS FOR TODAY
                         NORMAL    RECORD    YEAR
 MAXIMUM TEMPERATURE (F)   65        85      1936
 MINIMUM TEMPERATURE (F)   43        24      1930


SUNRISE AND SUNSET
JANUARY 16 2017.......SUNRISE   722 AM CST   SUNSET   554 PM CST
JANUARY 17 2017.......SUNRISE   722 AM CST   SUNSET   554 PM CST


-  INDICATES NEGATIVE NUMBERS.
R  INDICATES RECORD WAS SET OR TIED.
MM INDICATES DATA IS MISSING.
T  INDICATES TRACE AMOUNT.




$$
