000
CDUS44 KCRP 180039 RRA
CLIVCT

CLIMATE REPORT
NATIONAL WEATHER SERVICE CORPUS CHRISTI TX
638 PM CST SAT FEB 17 2018


...................................

...THE VICTORIA CLIMATE SUMMARY FOR FEBRUARY 17 2018...
VALID TODAY AS OF 600 PM LOCAL TIME.

CLIMATE NORMAL PERIOD 1981 TO 2010
CLIMATE RECORD PERIOD 1893 TO 2018


WEATHER ITEM   OBSERVED TIME   RECORD YEAR NORMAL DEPARTURE LAST
                VALUE   (LST)  VALUE       VALUE  FROM      YEAR
                                                  NORMAL
..................................................................
TEMPERATURE (F)
 TODAY
  MAXIMUM         80    359 PM  86    1986  68     12       74
                                      1926
  MINIMUM         67    455 AM  20    1903  47     20       53
  AVERAGE         74                        58     16       64

PRECIPITATION (IN)
  TODAY            0.00          1.05 1973   0.08  -0.08     0.15
  MONTH TO DATE    0.42                      1.26  -0.84     2.17
  SINCE DEC 1      2.98                      6.09  -3.11     8.94
  SINCE JAN 1      0.94                      3.78  -2.84     5.93

SNOWFALL (IN)
  TODAY            0.0
  MONTH TO DATE    0.0
  SINCE DEC 1      2.0
  SINCE JUL 1      2.0
  SNOW DEPTH       0

DEGREE DAYS
 HEATING
  TODAY            0                         8     -8        1
  MONTH TO DATE  139                       161    -22       42
  SINCE DEC 1    907                       850     57      470
  SINCE JUL 1   1025                      1013     12      520

 COOLING
  TODAY            9                         1      8        0
  MONTH TO DATE   26                        17      9       77
  SINCE DEC 1     53                        58     -5      205
  SINCE JAN 1     32                        31      1      148
..................................................................


WIND (MPH)
  HIGHEST WIND SPEED    15   HIGHEST WIND DIRECTION    SE (150)
  HIGHEST GUST SPEED    17   HIGHEST GUST DIRECTION     N (340)


SKY COVER
  POSSIBLE SUNSHINE  MM
  AVERAGE SKY COVER 0.9


WEATHER CONDITIONS
 THE FOLLOWING WEATHER WAS RECORDED TODAY.
  FOG
  FOG W/VISIBILITY <= 1/4 MILE
  HAZE


RELATIVE HUMIDITY (PERCENT)
 HIGHEST   100          1200 AM
 LOWEST     58           300 PM
 AVERAGE    79

..........................................................


THE VICTORIA CLIMATE NORMALS FOR TOMORROW
                         NORMAL    RECORD    YEAR
 MAXIMUM TEMPERATURE (F)   69        90      1986
 MINIMUM TEMPERATURE (F)   47        21      1936
                                             1910


SUNRISE AND SUNSET
FEBRUARY 17 2018......SUNRISE   704 AM CST   SUNSET   619 PM CST
FEBRUARY 18 2018......SUNRISE   703 AM CST   SUNSET   620 PM CST


-  INDICATES NEGATIVE NUMBERS.
R  INDICATES RECORD WAS SET OR TIED.
MM INDICATES DATA IS MISSING.
T  INDICATES TRACE AMOUNT.




$$
