000
CDUS44 KCRP 110902
CLIVCT

CLIMATE REPORT
NATIONAL WEATHER SERVICE CORPUS CHRISTI TX
259 AM CST THU FEB 11 2016


...................................

...THE VICTORIA CLIMATE SUMMARY FOR FEBRUARY 10 2016...

CLIMATE NORMAL PERIOD 1981 TO 2010
CLIMATE RECORD PERIOD 1893 TO 2016


WEATHER ITEM   OBSERVED TIME   RECORD YEAR NORMAL DEPARTURE LAST
                VALUE   (LST)  VALUE       VALUE  FROM      YEAR
                                                  NORMAL
..................................................................
TEMPERATURE (F)
 YESTERDAY
  MAXIMUM         76    302 PM  88    1957  67      9       80
  MINIMUM         37    602 AM  24    2011  45     -8       47
                                      1973
  AVERAGE         57                        56      1       64

PRECIPITATION (IN)
  YESTERDAY        0.00          1.66 1977   0.08  -0.08     0.00
  MONTH TO DATE    T                         0.72  -0.72     0.61
  SINCE DEC 1      4.75                      5.55  -0.80     5.89
  SINCE JAN 1      3.15                      3.24  -0.09     3.68

SNOWFALL (IN)
  YESTERDAY        0.0
  MONTH TO DATE    0.0
  SINCE DEC 1      0.0
  SINCE JUL 1      0.0
  SNOW DEPTH       0

DEGREE DAYS
 HEATING
  YESTERDAY        8                         9     -1        1
  MONTH TO DATE  117                       100     17       87
  SINCE DEC 1    697                       789    -92      686
  SINCE JUL 1    795                       952   -157      877

 COOLING
  YESTERDAY        0                         1     -1        0
  MONTH TO DATE    5                        10     -5        5
  SINCE DEC 1     66                        51     15       32
  SINCE JAN 1     10                        24    -14        6
..................................................................


WIND (MPH)
  HIGHEST WIND SPEED    16   HIGHEST WIND DIRECTION     S (160)
  HIGHEST GUST SPEED    20   HIGHEST GUST DIRECTION     S (160)
  AVERAGE WIND SPEED     8.0


SKY COVER
  POSSIBLE SUNSHINE  MM
  AVERAGE SKY COVER 0.0


WEATHER CONDITIONS
 THE FOLLOWING WEATHER WAS RECORDED YESTERDAY.
  NO SIGNIFICANT WEATHER WAS OBSERVED.


RELATIVE HUMIDITY (PERCENT)
 HIGHEST    92           500 AM
 LOWEST     21           300 PM
 AVERAGE    57

..........................................................


THE VICTORIA CLIMATE NORMALS FOR TODAY
                         NORMAL    RECORD    YEAR
 MAXIMUM TEMPERATURE (F)   67        85      1916
 MINIMUM TEMPERATURE (F)   46        20      1981


SUNRISE AND SUNSET
FEBRUARY 11 2016......SUNRISE   710 AM CST   SUNSET   614 PM CST
FEBRUARY 12 2016......SUNRISE   709 AM CST   SUNSET   615 PM CST


-  INDICATES NEGATIVE NUMBERS.
R  INDICATES RECORD WAS SET OR TIED.
MM INDICATES DATA IS MISSING.
T  INDICATES TRACE AMOUNT.

$$

CB
