000
CDUS44 KCRP 020052
CLIVCT

CLIMATE REPORT
NATIONAL WEATHER SERVICE CORPUS CHRISTI TX
750 PM CDT SUN MAY 1 2016

...THE VICTORIA CLIMATE SUMMARY FOR MAY 1 2016...

VALID TODAY AS OF 0700 PM LOCAL TIME.

CLIMATE NORMAL PERIOD 1981 TO 2010
CLIMATE RECORD PERIOD 1893 TO 2016


WEATHER ITEM   OBSERVED TIME   RECORD YEAR NORMAL DEPARTURE LAST
                VALUE   (LST)  VALUE       VALUE  FROM      YEAR
                                                  NORMAL
..................................................................
TEMPERATURE (F)
 TODAY
  MAXIMUM         86    415 PM  92    2006  83      3       83
                                      1947
  MINIMUM         73    731 AM  45    2005  64      9       56
                                      1925
                                      1903
  AVERAGE         80                        74      6       70

PRECIPITATION (IN)
  TODAY            0.00          2.67 2004   0.15  -0.15     0.00
  MONTH TO DATE    0.00                      0.15  -0.15     0.00
  SINCE MAR 1      8.91                      5.74   3.17    15.18
  SINCE JAN 1     13.85                     10.34   3.51    19.23

SNOWFALL (IN)
  TODAY            0.0
  MONTH TO DATE    0.0
  SINCE MAR 1      0.0
  SINCE JUL 1      0.0
  SNOW DEPTH       0

DEGREE DAYS
 HEATING
  TODAY            0                         0      0        0
  MONTH TO DATE    0                         0      0        0
  SINCE MAR 1     63                       155    -92      140
  SINCE JUL 1    913                      1248   -335     1220

 COOLING
  TODAY           15                         9      6        5
  MONTH TO DATE   15                         9      6        5
  SINCE MAR 1    331                       260     71      297
  SINCE JAN 1    366                       298     68      312
..................................................................


WIND (MPH)
  HIGHEST WIND SPEED    17   HIGHEST WIND DIRECTION    NE (30)
  HIGHEST GUST SPEED    22   HIGHEST GUST DIRECTION    NE (30)


SKY COVER
  POSSIBLE SUNSHINE  MM
  AVERAGE SKY COVER 0.9


WEATHER CONDITIONS
 THE FOLLOWING WEATHER WAS RECORDED TODAY.
  FOG
  HAZE


RELATIVE HUMIDITY (PERCENT)
 HIGHEST   100           500 AM
 LOWEST     69          1100 AM
 AVERAGE    85

..........................................................


THE VICTORIA CLIMATE NORMALS FOR TOMORROW
                         NORMAL    RECORD    YEAR
 MAXIMUM TEMPERATURE (F)   84       101      1964
 MINIMUM TEMPERATURE (F)   64        45      1903


SUNRISE AND SUNSET
MAY  1 2016...........SUNRISE   646 AM CDT   SUNSET   804 PM CDT
MAY  2 2016...........SUNRISE   645 AM CDT   SUNSET   804 PM CDT


-  INDICATES NEGATIVE NUMBERS.
R  INDICATES RECORD WAS SET OR TIED.
MM INDICATES DATA IS MISSING.
T  INDICATES TRACE AMOUNT.

$$

87
