000
CDUS44 KCRP 200039
CLIVCT

CLIMATE REPORT
NATIONAL WEATHER SERVICE CORPUS CHRISTI TX
737 PM CDT SAT AUG 19 2017


...................................

...THE VICTORIA CLIMATE SUMMARY FOR AUGUST 19 2017...
VALID TODAY AS OF 700 PM LOCAL TIME.

CLIMATE NORMAL PERIOD 1981 TO 2010
CLIMATE RECORD PERIOD 1893 TO 2017


WEATHER ITEM   OBSERVED TIME   RECORD YEAR NORMAL DEPARTURE LAST
                VALUE   (LST)  VALUE       VALUE  FROM      YEAR
                                                  NORMAL
..................................................................
TEMPERATURE (F)
 TODAY
  MAXIMUM         99    339 PM 104    2011  95      4       93
                                      1986
  MINIMUM         77    636 AM  70    2013  74      3       75
                                      1967
                                      1957
  AVERAGE         88                        84      4       84

PRECIPITATION (IN)
  TODAY            0.00          0.88 1967   0.08  -0.08     0.00
  MONTH TO DATE    3.56                      1.51   2.05     3.27
  SINCE JUN 1      7.44                     10.15  -2.71     7.11
  SINCE JAN 1     27.02                     25.53   1.49    27.33

SNOWFALL (IN)
  TODAY            0.0
  MONTH TO DATE    0.0
  SINCE JUN 1      0.0
  SINCE JUL 1      0.0
  SNOW DEPTH       0

DEGREE DAYS
 HEATING
  TODAY            0                         0      0        0
  MONTH TO DATE    0                         0      0        0
  SINCE JUN 1      0                         0      0        0
  SINCE JUL 1      0                         0      0        0

 COOLING
  TODAY           23                        19      4       19
  MONTH TO DATE  407                       379     28      386
  SINCE JUN 1   1626                      1473    153     1570
  SINCE JAN 1   2638                      2132    506     2283
..................................................................


WIND (MPH)
  HIGHEST WIND SPEED    18   HIGHEST WIND DIRECTION    SE (120)
  HIGHEST GUST SPEED    23   HIGHEST GUST DIRECTION    SE (140)


SKY COVER
  POSSIBLE SUNSHINE  MM
  AVERAGE SKY COVER 0.1


WEATHER CONDITIONS
 THE FOLLOWING WEATHER WAS RECORDED TODAY.
  FOG


RELATIVE HUMIDITY (PERCENT)
 HIGHEST    97           500 AM
 LOWEST     38           400 PM
 AVERAGE    68

..........................................................


THE VICTORIA CLIMATE NORMALS FOR TOMORROW
                         NORMAL    RECORD    YEAR
 MAXIMUM TEMPERATURE (F)   95       105      1930
 MINIMUM TEMPERATURE (F)   74        68      1976


SUNRISE AND SUNSET
AUGUST 19 2017........SUNRISE   659 AM CDT   SUNSET   803 PM CDT
AUGUST 20 2017........SUNRISE   700 AM CDT   SUNSET   802 PM CDT


-  INDICATES NEGATIVE NUMBERS.
R  INDICATES RECORD WAS SET OR TIED.
MM INDICATES DATA IS MISSING.
T  INDICATES TRACE AMOUNT.




$$
