000
CDUS44 KCRP 202141
CLIVCT

CLIMATE REPORT
NATIONAL WEATHER SERVICE CORPUS CHRISTI TX
438 PM CDT SAT SEP 20 2014


...................................

...THE VICTORIA CLIMATE SUMMARY FOR SEPTEMBER 20 2014...
VALID TODAY AS OF 430 PM LOCAL TIME.

CLIMATE NORMAL PERIOD 1981 TO 2010
CLIMATE RECORD PERIOD 1893 TO 2014


WEATHER ITEM   OBSERVED TIME   RECORD YEAR NORMAL DEPARTURE LAST
                VALUE   (LST)  VALUE       VALUE  FROM      YEAR
                                                  NORMAL
..................................................................
TEMPERATURE (F)
 TODAY
  MAXIMUM         92    148 PM 103    1924  89      3       85
                                      1912
  MINIMUM         76    622 AM  57    1981  68      8       75
                                      1971
  AVERAGE         84                        79      5       80

PRECIPITATION (IN)
  TODAY            1.24          6.63 1967   0.13   1.11     2.05
  MONTH TO DATE    2.30                      2.91  -0.61     4.86
  SINCE SEP 1      2.30                      2.91  -0.61     4.86
  SINCE JAN 1     21.19                     29.78  -8.59    19.78

SNOWFALL (IN)
  TODAY            0.0
  MONTH TO DATE    0.0
  SINCE SEP 1      0.0
  SINCE JUL 1      0.0
  SNOW DEPTH       0

DEGREE DAYS
 HEATING
  TODAY            0                         0      0        0
  MONTH TO DATE    0                         0      0        0
  SINCE SEP 1      0                         0      0        0
  SINCE JUL 1      0                         0      0        0

 COOLING
  TODAY           19                        14      5       15
  MONTH TO DATE  389                       321     68      386
  SINCE SEP 1    389                       321     68      386
  SINCE JAN 1   2955                      2674    281     2880
..................................................................


WIND (MPH)
  HIGHEST WIND SPEED    22   HIGHEST WIND DIRECTION     E (100)
  HIGHEST GUST SPEED    27   HIGHEST GUST DIRECTION     E (100)


SKY COVER
  POSSIBLE SUNSHINE  MM
  AVERAGE SKY COVER 0.6


WEATHER CONDITIONS
 THE FOLLOWING WEATHER WAS RECORDED TODAY.
  THUNDERSTORM
  HEAVY RAIN
  RAIN
  LIGHT RAIN
  FOG
  HAZE


RELATIVE HUMIDITY (PERCENT)
 HIGHEST   100           300 AM
 LOWEST     56           200 PM
 AVERAGE    78

..........................................................


THE VICTORIA CLIMATE NORMALS FOR TOMORROW
                         NORMAL    RECORD    YEAR
 MAXIMUM TEMPERATURE (F)   89       103      1911
 MINIMUM TEMPERATURE (F)   68        53      1983


SUNRISE AND SUNSET
SEPTEMBER 20 2014.....SUNRISE   715 AM CDT   SUNSET   727 PM CDT
SEPTEMBER 21 2014.....SUNRISE   716 AM CDT   SUNSET   725 PM CDT


-  INDICATES NEGATIVE NUMBERS.
R  INDICATES RECORD WAS SET OR TIED.
MM INDICATES DATA IS MISSING.
T  INDICATES TRACE AMOUNT.




$$
