000
CDUS44 KCRP 010910
CLIVCT

CLIMATE REPORT
NATIONAL WEATHER SERVICE CORPUS CHRISTI TX
409 AM CDT FRI AUG 1 2014


...................................

...THE VICTORIA CLIMATE SUMMARY FOR JULY 31 2014...

CLIMATE NORMAL PERIOD 1981 TO 2010
CLIMATE RECORD PERIOD 1893 TO 2014


WEATHER ITEM   OBSERVED TIME   RECORD YEAR NORMAL DEPARTURE LAST
                VALUE   (LST)  VALUE       VALUE  FROM      YEAR
                                                  NORMAL
..................................................................
TEMPERATURE (F)
 YESTERDAY
  MAXIMUM        100    334 PM 103    1913  95      5       99
  MINIMUM         77    503 AM  69    1994  74      3       72
                                      1978
  AVERAGE         89                        84      5       86

PRECIPITATION (IN)
  YESTERDAY        0.00          2.10 1994   0.10  -0.10     0.00
  MONTH TO DATE    2.37                      4.18  -1.81     3.53
  SINCE JUN 1      6.48                      8.64  -2.16     3.71
  SINCE JAN 1     17.76                     24.02  -6.26    13.09

SNOWFALL (IN)
  YESTERDAY        0.0
  MONTH TO DATE    0.0
  SINCE JUN 1      0.0
  SINCE JUL 1      0.0
  SNOW DEPTH       0

DEGREE DAYS
 HEATING
  YESTERDAY        0                         0      0        0
  MONTH TO DATE    0                         0      0        0
  SINCE JUN 1      0                         0      0        0
  SINCE JUL 1      0                         0      0        0

 COOLING
  YESTERDAY       24                        19      5       21
  MONTH TO DATE  639                       586     53      611
  SINCE JUN 1   1197                      1094    103     1203
  SINCE JAN 1   1847                      1753     94     1837
..................................................................


WIND (MPH)
  HIGHEST WIND SPEED    22   HIGHEST WIND DIRECTION     S (170)
  HIGHEST GUST SPEED    27   HIGHEST GUST DIRECTION    SE (150)
  AVERAGE WIND SPEED    10.7


SKY COVER
  POSSIBLE SUNSHINE  MM
  AVERAGE SKY COVER 0.2


WEATHER CONDITIONS
 THE FOLLOWING WEATHER WAS RECORDED YESTERDAY.
  FOG


RELATIVE HUMIDITY (PERCENT)
 HIGHEST    94           700 AM
 LOWEST     39           200 PM
 AVERAGE    67

..........................................................


THE VICTORIA CLIMATE NORMALS FOR TODAY
                         NORMAL    RECORD    YEAR
 MAXIMUM TEMPERATURE (F)   95       103      2011
                                             1998
 MINIMUM TEMPERATURE (F)   74        68      1936


SUNRISE AND SUNSET
AUGUST  1 2014........SUNRISE   649 AM CDT   SUNSET   819 PM CDT
AUGUST  2 2014........SUNRISE   649 AM CDT   SUNSET   818 PM CDT


-  INDICATES NEGATIVE NUMBERS.
R  INDICATES RECORD WAS SET OR TIED.
MM INDICATES DATA IS MISSING.
T  INDICATES TRACE AMOUNT.

$$
