000
CDUS44 KCRP 102138
CLIVCT

CLIMATE REPORT
NATIONAL WEATHER SERVICE CORPUS CHRISTI TX
335 PM CST SUN DEC 10 2017


...................................

...THE VICTORIA CLIMATE SUMMARY FOR DECEMBER 10 2017...
VALID AS OF 300 PM LOCAL TIME.

CLIMATE NORMAL PERIOD 1981 TO 2010
CLIMATE RECORD PERIOD 1893 TO 2017


WEATHER ITEM   OBSERVED TIME   RECORD YEAR NORMAL DEPARTURE LAST
                VALUE   (LST)  VALUE       VALUE  FROM      YEAR
                                                  NORMAL
..................................................................
TEMPERATURE (F)
 TODAY
  MAXIMUM         68    329 PM  88    1939  67      1       61
  MINIMUM         34    728 AM  22    1978  45    -11       45
  AVERAGE         51                        56     -5       53

PRECIPITATION (IN)
  TODAY            0.00          0.97 1964   0.07  -0.07      T
  MONTH TO DATE    1.65                      0.79   0.86     2.64
  SINCE DEC 1      1.65                      0.79   0.86     2.64
  SINCE JAN 1     46.23                     39.70   6.53    38.88

SNOWFALL (IN)
  TODAY            0.0
  MONTH TO DATE    2.0
  SINCE DEC 1      2.0
  SINCE JUL 1      2.0
  SNOW DEPTH       0

DEGREE DAYS
 HEATING
  TODAY           14                        10      4       12
  MONTH TO DATE  100                        92      8      114
  SINCE DEC 1    100                        92      8      114
  SINCE JUL 1    218                       255    -37      164

 COOLING
  TODAY            0                         1     -1        0
  MONTH TO DATE   14                        10      4        0
  SINCE DEC 1     14                        10      4        0
  SINCE JAN 1   3695                      3133    562     3427
..................................................................


WIND (MPH)
  HIGHEST WIND SPEED    10   HIGHEST WIND DIRECTION     N (350)
  HIGHEST GUST SPEED    13   HIGHEST GUST DIRECTION    NW (310)


SKY COVER
  POSSIBLE SUNSHINE  MM
  AVERAGE SKY COVER 0.1


WEATHER CONDITIONS
 THE FOLLOWING WEATHER WAS RECORDED TODAY.
  NO SIGNIFICANT WEATHER WAS OBSERVED.


RELATIVE HUMIDITY (PERCENT)
 HIGHEST    89           400 AM
 LOWEST     22           200 PM
 AVERAGE    56

..........................................................


THE VICTORIA CLIMATE NORMALS FOR TOMORROW
                         NORMAL    RECORD    YEAR
 MAXIMUM TEMPERATURE (F)   67        85      1987
                                             1910
 MINIMUM TEMPERATURE (F)   45        27      2008
                                             1966
                                             1957


SUNRISE AND SUNSET
DECEMBER 10 2017......SUNRISE   710 AM CST   SUNSET   531 PM CST
DECEMBER 11 2017......SUNRISE   711 AM CST   SUNSET   531 PM CST


-  INDICATES NEGATIVE NUMBERS.
R  INDICATES RECORD WAS SET OR TIED.
MM INDICATES DATA IS MISSING.
T  INDICATES TRACE AMOUNT.




$$
