000
CDUS45 KGJT 020827
CLIVEL


CLIMATE REPORT
NATIONAL WEATHER SERVICE GRAND JUNCTION CO
123 AM MST FRI DEC 2 2016


...................................

...THE VERNAL UT CLIMATE SUMMARY FOR DECEMBER 1 2016...

CLIMATE NORMAL PERIOD 1981 TO 2010
CLIMATE RECORD PERIOD 9999 TO 9999


WEATHER ITEM   OBSERVED TIME   RECORD YEAR NORMAL DEPARTURE LAST
                VALUE   (LST)  VALUE       VALUE  FROM      YEAR
                                                  NORMAL
..................................................................
TEMPERATURE (F)
 YESTERDAY
  MAXIMUM         34    403 PM  MM      MM  36     -2       24
  MINIMUM         21    247 AM  MM      MM  17      4        2
  AVERAGE         28                        26      2       13

PRECIPITATION (IN)
  YESTERDAY        0.00         MM      MM   0.02  -0.02     0.00
  MONTH TO DATE    0.00                      0.02  -0.02     0.00
  SINCE DEC 1      0.00                      0.02  -0.02     0.00
  SINCE JAN 1     12.01                      8.69   3.32     9.42

SNOWFALL (IN)
  YESTERDAY       MM            MM      MM    MM   MM       MM
  MONTH TO DATE   MM                          MM   MM       MM
  SINCE DEC 1     MM                          MM   MM       MM
  SINCE JUL 1     MM                          MM   MM       MM
  SNOW DEPTH      MM

DEGREE DAYS
 HEATING
  YESTERDAY       37                        39     -2       52
  MONTH TO DATE   37                        39     -2       52
  SINCE DEC 1     37                        39     -2       52
  SINCE JUL 1   1394                      1670   -276     1344

 COOLING
  YESTERDAY        0                         0      0        0
  MONTH TO DATE    0                         0      0        0
  SINCE DEC 1      0                         0      0        0
  SINCE JAN 1    735                       511    224      700
..................................................................


WIND (MPH)
  HIGHEST WIND SPEED     8   HIGHEST WIND DIRECTION     N (340)
  HIGHEST GUST SPEED     9   HIGHEST GUST DIRECTION     N (10)
  AVERAGE WIND SPEED     2.3


SKY COVER
  POSSIBLE SUNSHINE  MM
  AVERAGE SKY COVER 1.0


WEATHER CONDITIONS
 THE FOLLOWING WEATHER WAS RECORDED YESTERDAY.
  NO SIGNIFICANT WEATHER WAS OBSERVED.


RELATIVE HUMIDITY (PERCENT)
 HIGHEST    88          1000 PM
 LOWEST     56           400 PM
 AVERAGE    72

..........................................................


THE VERNAL UT CLIMATE NORMALS FOR TODAY
                         NORMAL    RECORD    YEAR
 MAXIMUM TEMPERATURE (F)   35        MM        MM
 MINIMUM TEMPERATURE (F)   17        MM        MM


SUNRISE AND SUNSET
DECEMBER  2 2016......SUNRISE   724 AM MST   SUNSET   452 PM MST
DECEMBER  3 2016......SUNRISE   724 AM MST   SUNSET   452 PM MST


-  INDICATES NEGATIVE NUMBERS.
R  INDICATES RECORD WAS SET OR TIED.
MM INDICATES DATA IS MISSING.
T  INDICATES TRACE AMOUNT.




$$
