000
CDUS45 KGJT 222337
CLIVEL


CLIMATE REPORT
NATIONAL WEATHER SERVICE GRAND JUNCTION CO
534 PM MDT MON SEP 22 2014


...................................

...THE VERNAL UT CLIMATE SUMMARY FOR SEPTEMBER 22 2014...
VALID TODAY AS OF 0500 PM LOCAL TIME.

CLIMATE NORMAL PERIOD 1981 TO 2010
CLIMATE RECORD PERIOD 9999 TO 9999


WEATHER ITEM   OBSERVED TIME   RECORD YEAR NORMAL DEPARTURE LAST
                VALUE   (LST)  VALUE       VALUE  FROM      YEAR
                                                  NORMAL
..................................................................
TEMPERATURE (F)
 TODAY
  MAXIMUM         73    335 PM  MM      MM  72      1       63
  MINIMUM         49    234 AM  MM      MM  43      6       47
  AVERAGE         61                        58      3       55

PRECIPITATION (IN)
  TODAY            0.07         MM      MM   0.04   0.03     0.30
  MONTH TO DATE    1.10                      0.76   0.34     1.77
  SINCE SEP 1      1.10                      0.76   0.34     1.77
  SINCE JAN 1      7.84                      6.37   1.47     6.60

SNOWFALL (IN)
  TODAY           MM            MM      MM   0.0   MM       MM
  MONTH TO DATE   MM                         0.0   MM       MM
  SINCE SEP 1     MM                         0.0   MM       MM
  SINCE JUL 1     MM                         0.0   MM       MM
  SNOW DEPTH      MM

DEGREE DAYS
 HEATING
  TODAY            4                         8     -4       10
  MONTH TO DATE   54                        92    -38       38
  SINCE SEP 1     54                        92    -38       38
  SINCE JUL 1     76                       108    -32       40

 COOLING
  TODAY            0                         0      0        0
  MONTH TO DATE   30                        20     10       70
  SINCE SEP 1     30                        20     10       70
  SINCE JAN 1    617                       509    108      787
..................................................................


WIND (MPH)
  HIGHEST WIND SPEED    13   HIGHEST WIND DIRECTION    SW (220)
  HIGHEST GUST SPEED    17   HIGHEST GUST DIRECTION    SW (220)
  AVERAGE WIND SPEED     4.0


SKY COVER
  POSSIBLE SUNSHINE  MM
  AVERAGE SKY COVER 0.6


WEATHER CONDITIONS
 THE FOLLOWING WEATHER WAS RECORDED TODAY.
  THUNDERSTORM
  RAIN
  LIGHT RAIN
  FOG
  FOG W/VISIBILITY <= 1/4 MILE


RELATIVE HUMIDITY (PERCENT)
 HIGHEST   100           400 AM
 LOWEST     53           300 PM
 AVERAGE    77

..........................................................


THE VERNAL UT CLIMATE NORMALS FOR TOMORROW
                         NORMAL    RECORD    YEAR
 MAXIMUM TEMPERATURE (F)   71        MM        MM
 MINIMUM TEMPERATURE (F)   43        MM        MM


SUNRISE AND SUNSET
SEPTEMBER 22 2014.....SUNRISE   706 AM MDT   SUNSET   715 PM MDT
SEPTEMBER 23 2014.....SUNRISE   707 AM MDT   SUNSET   713 PM MDT


-  INDICATES NEGATIVE NUMBERS.
R  INDICATES RECORD WAS SET OR TIED.
MM INDICATES DATA IS MISSING.
T  INDICATES TRACE AMOUNT.




$$
