000
CDUS43 KSGF 232226
CLIVIH


CLIMATE REPORT
NATIONAL WEATHER SERVICE SPRINGFIELD MO
526 PM CDT TUE SEP 23 2014


...................................

...THE VICHY-ROLLA MO CLIMATE SUMMARY FOR SEPTEMBER 23 2014...
VALID TODAY AS OF 0500 PM LOCAL TIME.

CLIMATE NORMAL PERIOD 1981 TO 2010
CLIMATE RECORD PERIOD 1888 TO 2014


WEATHER ITEM   OBSERVED TIME   RECORD YEAR NORMAL DEPARTURE LAST
                VALUE   (LST)  VALUE       VALUE  FROM      YEAR
                                                  NORMAL
..................................................................
TEMPERATURE (F)
 TODAY
  MAXIMUM         76    309 PM  92    1901  76      0       76
  MINIMUM         48    525 AM  36    1897  54     -6       51
  AVERAGE         62                        65     -3       64

PRECIPITATION (IN)
  TODAY            0.00          3.48 1970   0.12  -0.12     0.00
  MONTH TO DATE    1.91                      3.19  -1.28     2.86
  SINCE SEP 1      1.91                      3.19  -1.28     2.86
  SINCE JAN 1     19.21                     32.74 -13.53    35.84

DEGREE DAYS
 HEATING
  TODAY            3                         3      0        1
  MONTH TO DATE   60                        30     30       23
  SINCE SEP 1     60                        30     30       23
  SINCE JUL 1     63                        33     30       27

 COOLING
  TODAY            0                         3     -3        0
  MONTH TO DATE   90                       125    -35      162
  SINCE SEP 1     90                       125    -35      162
  SINCE JAN 1   1129                      1202    -73     1061
..................................................................


WIND (MPH)
  HIGHEST WIND SPEED    13   HIGHEST WIND DIRECTION    SE (120)
  HIGHEST GUST SPEED    16   HIGHEST GUST DIRECTION     E (110)


SKY COVER
  AVERAGE SKY COVER 0.0


WEATHER CONDITIONS
 THE FOLLOWING WEATHER WAS RECORDED TODAY.
  NO SIGNIFICANT WEATHER WAS OBSERVED.


RELATIVE HUMIDITY (PERCENT)
 HIGHEST    80           500 AM
 LOWEST     33           200 PM
 AVERAGE    57

..........................................................


THE VICHY-ROLLA MO CLIMATE NORMALS FOR TOMORROW
                         NORMAL    RECORD    YEAR
 MAXIMUM TEMPERATURE (F)   75        93      1901
 MINIMUM TEMPERATURE (F)   53        41      2012
                                             1995


SUNRISE AND SUNSET
SEPTEMBER 23 2014.....SUNRISE   656 AM CDT   SUNSET   702 PM CDT
SEPTEMBER 24 2014.....SUNRISE   657 AM CDT   SUNSET   701 PM CDT


-  INDICATES NEGATIVE NUMBERS.
R  INDICATES RECORD WAS SET OR TIED.
MM INDICATES DATA IS MISSING.
T  INDICATES TRACE AMOUNT.




$$
