788
CDUS43 KSGF 160626
CLIVIH


CLIMATE REPORT
NATIONAL WEATHER SERVICE SPRINGFIELD MO
125 AM CDT WED AUG 16 2017


...................................

...THE VICHY-ROLLA MO CLIMATE SUMMARY FOR AUGUST 15 2017...

CLIMATE NORMAL PERIOD 1981 TO 2010
CLIMATE RECORD PERIOD 1888 TO 2017


WEATHER ITEM   OBSERVED TIME   RECORD YEAR NORMAL DEPARTURE LAST
                VALUE   (LST)  VALUE       VALUE  FROM      YEAR
                                                  NORMAL
..................................................................
TEMPERATURE (F)
 YESTERDAY
  MAXIMUM         87    430 PM 107    2007  88     -1       72
  MINIMUM         65    528 AM  46    2004  65      0       67
  AVERAGE         76                        77     -1       70

PRECIPITATION (IN)
  YESTERDAY        0.00          3.06 1980   0.11  -0.11     0.12
  MONTH TO DATE    3.75                      1.74   2.01     9.41
  SINCE JUN 1     13.95                     10.81   3.14    17.51
  SINCE JAN 1     36.39                     27.62   8.77    31.75

DEGREE DAYS
 HEATING
  YESTERDAY        0                         0      0        0
  MONTH TO DATE    1                         0      1        0
  SINCE JUN 1      2                        15    -13        0
  SINCE JUL 1      1                         1      0        0

 COOLING
  YESTERDAY       11                        12     -1        5
  MONTH TO DATE  107                       187    -80      186
  SINCE JUN 1    748                       804    -56      942
  SINCE JAN 1    852                       911    -59     1020
..................................................................


WIND (MPH)
  HIGHEST WIND SPEED    13   HIGHEST WIND DIRECTION    SE (140)
  HIGHEST GUST SPEED    18   HIGHEST GUST DIRECTION    SE (150)
  AVERAGE WIND SPEED     5.0


SKY COVER
  AVERAGE SKY COVER 0.3


WEATHER CONDITIONS
 THE FOLLOWING WEATHER WAS RECORDED YESTERDAY.
  FOG


RELATIVE HUMIDITY (PERCENT)
 HIGHEST   100          1200 AM
 LOWEST     55           300 PM
 AVERAGE    78

..........................................................


THE VICHY-ROLLA MO CLIMATE NORMALS FOR TODAY
                         NORMAL    RECORD    YEAR
 MAXIMUM TEMPERATURE (F)   88       104      2007
 MINIMUM TEMPERATURE (F)   65        50      1992


SUNRISE AND SUNSET
AUGUST 16 2017........SUNRISE   623 AM CDT   SUNSET   759 PM CDT
AUGUST 17 2017........SUNRISE   624 AM CDT   SUNSET   757 PM CDT


-  INDICATES NEGATIVE NUMBERS.
R  INDICATES RECORD WAS SET OR TIED.
MM INDICATES DATA IS MISSING.
T  INDICATES TRACE AMOUNT.




$$
