000
CDUS43 KSGF 290626
CLIVIH


CLIMATE REPORT
NATIONAL WEATHER SERVICE SPRINGFIELD MO
125 AM CDT FRI AUG 29 2014


...................................

...THE VICHY-ROLLA MO CLIMATE SUMMARY FOR AUGUST 28 2014...

CLIMATE NORMAL PERIOD 1981 TO 2010
CLIMATE RECORD PERIOD 1888 TO 2014


WEATHER ITEM   OBSERVED TIME   RECORD YEAR NORMAL DEPARTURE LAST
                VALUE   (LST)  VALUE       VALUE  FROM      YEAR
                                                  NORMAL
..................................................................
TEMPERATURE (F)
 YESTERDAY
  MAXIMUM         93    429 PM  98    1898  86      7       91
  MINIMUM         69    510 AM  50    1971  63      6       66
  AVERAGE         81                        74      7       79

PRECIPITATION (IN)
  YESTERDAY        0.00          1.59 1974   0.12  -0.12     0.00
  MONTH TO DATE    3.09                      3.30  -0.21     4.29
  SINCE JUN 1      6.51                     12.37  -5.86    11.68
  SINCE JAN 1     16.13                     29.18 -13.05    32.98

DEGREE DAYS
 HEATING
  YESTERDAY        0                         0      0        0
  MONTH TO DATE    0                         0      0        2
  SINCE JUN 1      4                        15    -11       21
  SINCE JUL 1      3                         1      2        4

 COOLING
  YESTERDAY       16                        10      6       14
  MONTH TO DATE  351                       327     24      237
  SINCE JUN 1    850                       944    -94      736
  SINCE JAN 1    997                      1051    -54      843
..................................................................


WIND (MPH)
  HIGHEST WIND SPEED    17   HIGHEST WIND DIRECTION     S (170)
  HIGHEST GUST SPEED    20   HIGHEST GUST DIRECTION     S (200)
  AVERAGE WIND SPEED     8.5


SKY COVER
  AVERAGE SKY COVER 0.1


WEATHER CONDITIONS
 THE FOLLOWING WEATHER WAS RECORDED YESTERDAY.
  NO SIGNIFICANT WEATHER WAS OBSERVED.


RELATIVE HUMIDITY (PERCENT)
 HIGHEST    90           500 AM
 LOWEST     36           500 PM
 AVERAGE    63

..........................................................


THE VICHY-ROLLA MO CLIMATE NORMALS FOR TODAY
                         NORMAL    RECORD    YEAR
 MAXIMUM TEMPERATURE (F)   85       100      1901
 MINIMUM TEMPERATURE (F)   63        49      1965


SUNRISE AND SUNSET
AUGUST 29 2014........SUNRISE   634 AM CDT   SUNSET   741 PM CDT
AUGUST 30 2014........SUNRISE   635 AM CDT   SUNSET   740 PM CDT


-  INDICATES NEGATIVE NUMBERS.
R  INDICATES RECORD WAS SET OR TIED.
MM INDICATES DATA IS MISSING.
T  INDICATES TRACE AMOUNT.




$$
