000
CDUS43 KSGF 080626
CLIVIH


CLIMATE REPORT
NATIONAL WEATHER SERVICE SPRINGFIELD MO
126 AM CDT WED JUL 8 2015


...................................

...THE VICHY-ROLLA MO CLIMATE SUMMARY FOR JULY 7 2015...

CLIMATE NORMAL PERIOD 1981 TO 2010
CLIMATE RECORD PERIOD 1888 TO 2015


WEATHER ITEM   OBSERVED TIME   RECORD YEAR NORMAL DEPARTURE LAST
                VALUE   (LST)  VALUE       VALUE  FROM      YEAR
                                                  NORMAL
..................................................................
TEMPERATURE (F)
 YESTERDAY
  MAXIMUM         76   1229 AM 102    2012  87    -11       94
  MINIMUM         63   1159 PM  53    2006  66     -3       66
  AVERAGE         70                        77     -7       80

PRECIPITATION (IN)
  YESTERDAY        0.69          2.54 1993   0.14   0.55     0.02
  MONTH TO DATE    2.41                      0.99   1.42     0.05
  SINCE JUN 1      9.86                      5.62   4.24     3.36
  SINCE JAN 1     23.88                     22.43   1.45    12.98

DEGREE DAYS
 HEATING
  YESTERDAY        0                         0      0        0
  MONTH TO DATE    0                         0      0        0
  SINCE JUN 1     15                        14      1        1
  SINCE JUL 1      0                         0      0        0

 COOLING
  YESTERDAY        5                        12     -7       15
  MONTH TO DATE   57                        80    -23       46
  SINCE JUN 1    329                       315     14      304
  SINCE JAN 1    436                       422     14      451
..................................................................


WIND (MPH)
  HIGHEST WIND SPEED    15   HIGHEST WIND DIRECTION     W (290)
  HIGHEST GUST SPEED    21   HIGHEST GUST DIRECTION     W (280)
  AVERAGE WIND SPEED     8.0


SKY COVER
  AVERAGE SKY COVER 0.9


WEATHER CONDITIONS
 THE FOLLOWING WEATHER WAS RECORDED YESTERDAY.
  HEAVY RAIN
  RAIN
  LIGHT RAIN
  FOG


RELATIVE HUMIDITY (PERCENT)
 HIGHEST   100           300 AM
 LOWEST     82          1200 AM
 AVERAGE    91

..........................................................


THE VICHY-ROLLA MO CLIMATE NORMALS FOR TODAY
                         NORMAL    RECORD    YEAR
 MAXIMUM TEMPERATURE (F)   88       102      1980
 MINIMUM TEMPERATURE (F)   66        53      1898


SUNRISE AND SUNSET
JULY  8 2015..........SUNRISE   551 AM CDT   SUNSET   833 PM CDT
JULY  9 2015..........SUNRISE   552 AM CDT   SUNSET   832 PM CDT


-  INDICATES NEGATIVE NUMBERS.
R  INDICATES RECORD WAS SET OR TIED.
MM INDICATES DATA IS MISSING.
T  INDICATES TRACE AMOUNT.




$$
