000
CDUS43 KSGF 312225
CLIVIH


CLIMATE REPORT
NATIONAL WEATHER SERVICE SPRINGFIELD MO
525 PM CDT WED AUG 31 2016


...................................

...THE VICHY-ROLLA MO CLIMATE SUMMARY FOR AUGUST 31 2016...
VALID TODAY AS OF 0500 PM LOCAL TIME.

CLIMATE NORMAL PERIOD 1981 TO 2010
CLIMATE RECORD PERIOD 1888 TO 2016


WEATHER ITEM   OBSERVED TIME   RECORD YEAR NORMAL DEPARTURE LAST
                VALUE   (LST)  VALUE       VALUE  FROM      YEAR
                                                  NORMAL
..................................................................
TEMPERATURE (F)
 TODAY
  MAXIMUM         81   1122 AM 100    2000  85     -4       91
  MINIMUM         66    341 AM  46    1903  62      4       70
  AVERAGE         74                        74      0       81

PRECIPITATION (IN)
  TODAY            0.04          1.84 1965   0.13  -0.09     0.00
  MONTH TO DATE    9.95                      3.67   6.28     2.39
  SINCE JUN 1     18.05                     12.74   5.31    15.24
  SINCE JAN 1     32.29                     29.55   2.74    29.26

DEGREE DAYS
 HEATING
  TODAY            0                         0      0        0
  MONTH TO DATE    0                         0      0        2
  SINCE JUN 1      0                        17    -17       17
  SINCE JUL 1      0                         3     -3        2

 COOLING
  TODAY            9                         9      0       16
  MONTH TO DATE  355                       353      2      257
  SINCE JUN 1   1111                       970    141      908
  SINCE JAN 1   1189                      1077    112     1015
..................................................................


WIND (MPH)
  HIGHEST WIND SPEED    10   HIGHEST WIND DIRECTION    NW (310)
  HIGHEST GUST SPEED    12   HIGHEST GUST DIRECTION     N (340)


SKY COVER
  AVERAGE SKY COVER 0.8


WEATHER CONDITIONS
 THE FOLLOWING WEATHER WAS RECORDED TODAY.
  LIGHT RAIN
  FOG
  FOG W/VISIBILITY <= 1/4 MILE


RELATIVE HUMIDITY (PERCENT)
 HIGHEST   100          1200 AM
 LOWEST     79          1200 PM
 AVERAGE    90

..........................................................


THE VICHY-ROLLA MO CLIMATE NORMALS FOR TOMORROW
                         NORMAL    RECORD    YEAR
 MAXIMUM TEMPERATURE (F)   84        99      1953
 MINIMUM TEMPERATURE (F)   62        45      1967


SUNRISE AND SUNSET
AUGUST 31 2016........SUNRISE   636 AM CDT   SUNSET   737 PM CDT
SEPTEMBER  1 2016.....SUNRISE   637 AM CDT   SUNSET   736 PM CDT


-  INDICATES NEGATIVE NUMBERS.
R  INDICATES RECORD WAS SET OR TIED.
MM INDICATES DATA IS MISSING.
T  INDICATES TRACE AMOUNT.




$$
