000
CDUS42 KTAE 310636
CLIVLD


CLIMATE REPORT
NATIONAL WEATHER SERVICE TALLAHASSEE FL
134 AM EST SAT JAN 31 2015


...................................

...THE VALDOSTA CLIMATE SUMMARY FOR JANUARY 30 2015...

CLIMATE NORMAL PERIOD 1981 TO 2010
CLIMATE RECORD PERIOD 1948 TO 2015


WEATHER ITEM   OBSERVED TIME   NORMAL DEPARTURE LAST
                VALUE   (LST)  VALUE  FROM      YEAR
                                      NORMAL
......................................................
TEMPERATURE (F)
 YESTERDAY
  MAXIMUM         62    244 PM  63     -1       44
  MINIMUM         40    955 PM  39      1       32
  AVERAGE         51            51      0       38

PRECIPITATION (IN)
  YESTERDAY        T             0.13  -0.13     0.00
  MONTH TO DATE    4.56          4.44   0.12     2.62
  SINCE DEC 1      8.66          7.61   1.05     7.16
  SINCE JAN 1      4.56          4.44   0.12     2.62

DEGREE DAYS
 HEATING
  YESTERDAY       14            14      0       27
  MONTH TO DATE  384           445    -61      479
  SINCE DEC 1    656           827   -171      677
  SINCE JUL 1   1023          1058    -35      843
......................................................


WIND (MPH)
  HIGHEST WIND SPEED    16   HIGHEST WIND DIRECTION     N (10)
  HIGHEST GUST SPEED    22   HIGHEST GUST DIRECTION     N (360)
  AVERAGE WIND SPEED     3.2




RELATIVE HUMIDITY (PERCENT)
 HIGHEST   100
 LOWEST     29
 AVERAGE    65

..........................................................




SUNRISE AND SUNSET
JANUARY 31 2015.......SUNRISE   725 AM EST   SUNSET   608 PM EST
FEBRUARY  1 2015......SUNRISE   725 AM EST   SUNSET   609 PM EST


-  INDICATES NEGATIVE NUMBERS.
R  INDICATES RECORD WAS SET OR TIED.
MM INDICATES DATA IS MISSING.
T  INDICATES TRACE AMOUNT.




$$
