542
CDUS42 KTAE 060632
CLIVLD


CLIMATE REPORT
NATIONAL WEATHER SERVICE TALLAHASSEE FL
231 AM EDT FRI MAY 6 2016


...................................

...THE VALDOSTA CLIMATE SUMMARY FOR MAY 5 2016...

CLIMATE NORMAL PERIOD 1981 TO 2010
CLIMATE RECORD PERIOD 1948 TO 2016


WEATHER ITEM   OBSERVED TIME   NORMAL DEPARTURE LAST
                VALUE   (LST)  VALUE  FROM      YEAR
                                      NORMAL
......................................................
TEMPERATURE (F)
 YESTERDAY
  MAXIMUM         74        MM  84    -10       82
  MINIMUM         53        MM  58     -5       59
  AVERAGE         64            71     -7       71

PRECIPITATION (IN)
  YESTERDAY        0.00          0.07  -0.07     0.00
  MONTH TO DATE    1.24          0.28   0.96     0.00
  SINCE MAR 1     13.23          8.02   5.21     7.34
  SINCE JAN 1     22.09         16.75   5.34    16.50

DEGREE DAYS
 COOLING
  YESTERDAY        0             6     -6        6
  MONTH TO DATE   42            29     13       13
  SINCE MAR 1    255           154    101      310
  SINCE JAN 1    265           164    101      314
......................................................


WIND (MPH)
  HIGHEST WIND SPEED    14   HIGHEST WIND DIRECTION    NW (300)
  HIGHEST GUST SPEED    24   HIGHEST GUST DIRECTION    NW (300)
  AVERAGE WIND SPEED     3.6




RELATIVE HUMIDITY (PERCENT)
 HIGHEST    93
 LOWEST     25
 AVERAGE    59

..........................................................




SUNRISE AND SUNSET
MAY  6 2016...........SUNRISE   644 AM EDT   SUNSET   815 PM EDT
MAY  7 2016...........SUNRISE   644 AM EDT   SUNSET   816 PM EDT


-  INDICATES NEGATIVE NUMBERS.
R  INDICATES RECORD WAS SET OR TIED.
MM INDICATES DATA IS MISSING.
T  INDICATES TRACE AMOUNT.




$$
