000
CDUS42 KTAE 250631
CLIVLD


CLIMATE REPORT
NATIONAL WEATHER SERVICE TALLAHASSEE FL
230 AM EDT TUE APR 25 2017


...................................

...THE VALDOSTA CLIMATE SUMMARY FOR APRIL 24 2017...

CLIMATE NORMAL PERIOD 1981 TO 2010
CLIMATE RECORD PERIOD 1948 TO 2017


WEATHER ITEM   OBSERVED TIME   NORMAL DEPARTURE LAST
                VALUE   (LST)  VALUE  FROM      YEAR
                                      NORMAL
......................................................
TEMPERATURE (F)
 YESTERDAY
  MAXIMUM         70    341 PM  81    -11       85
  MINIMUM         53    625 AM  54     -1       54
  AVERAGE         62            68     -6       70

PRECIPITATION (IN)
  YESTERDAY        0.02          0.07  -0.05     0.00
  MONTH TO DATE    1.94          2.48  -0.54     4.68
  SINCE MAR 1      3.14          7.35  -4.21    10.85
  SINCE JAN 1     13.45         16.08  -2.63    19.71

DEGREE DAYS
 HEATING
  YESTERDAY        3             1      2        0
  MONTH TO DATE   30            62    -32       30
  SINCE MAR 1    204           248    -44      121
  SINCE JUL 1    990          1628   -638     1063

 COOLING
  YESTERDAY        0             4     -4        5
  MONTH TO DATE  100            65     35       58
  SINCE MAR 1    157            98     59      147
  SINCE JAN 1    203           108     95      157
......................................................


WIND (MPH)
  HIGHEST WIND SPEED     9   HIGHEST WIND DIRECTION     W (290)
  HIGHEST GUST SPEED    17   HIGHEST GUST DIRECTION     W (290)
  AVERAGE WIND SPEED     3.6




RELATIVE HUMIDITY (PERCENT)
 HIGHEST   100
 LOWEST     58
 AVERAGE    79

..........................................................




SUNRISE AND SUNSET
APRIL 25 2017.........SUNRISE   655 AM EDT   SUNSET   808 PM EDT
APRIL 26 2017.........SUNRISE   654 AM EDT   SUNSET   809 PM EDT


-  INDICATES NEGATIVE NUMBERS.
R  INDICATES RECORD WAS SET OR TIED.
MM INDICATES DATA IS MISSING.
T  INDICATES TRACE AMOUNT.




$$
