000
CDUS42 KTAE 040632
CLIVLD


CLIMATE REPORT
NATIONAL WEATHER SERVICE TALLAHASSEE FL
131 AM EST WED MAR 4 2015


...................................

...THE VALDOSTA CLIMATE SUMMARY FOR MARCH 3 2015...

CLIMATE NORMAL PERIOD 1981 TO 2010
CLIMATE RECORD PERIOD 1948 TO 2015


WEATHER ITEM   OBSERVED TIME   NORMAL DEPARTURE LAST
                VALUE   (LST)  VALUE  FROM      YEAR
                                      NORMAL
......................................................
TEMPERATURE (F)
 YESTERDAY
  MAXIMUM         83    342 PM  71     12       79
  MINIMUM         52    707 AM  45      7       52
  AVERAGE         68            58     10       66

PRECIPITATION (IN)
  YESTERDAY        0.00          0.17  -0.17     0.01
  MONTH TO DATE    0.01          0.51  -0.50     0.01
  SINCE MAR 1      0.01          0.51  -0.50     0.01
  SINCE JAN 1      9.17          9.24  -0.07     6.15

DEGREE DAYS
 HEATING
  YESTERDAY        0             8     -8        0
  MONTH TO DATE   15            24     -9        7
  SINCE MAR 1     15            24     -9        7
  SINCE JUL 1   1499          1404     95     1058

 COOLING
  YESTERDAY        3             1      2        1
  MONTH TO DATE    3             3      0        1
  SINCE MAR 1      3             3      0        1
  SINCE JAN 1      7            13     -6       33
......................................................


WIND (MPH)
  HIGHEST WIND SPEED    13   HIGHEST WIND DIRECTION     S (170)
  HIGHEST GUST SPEED    17   HIGHEST GUST DIRECTION    SW (220)
  AVERAGE WIND SPEED     2.9




RELATIVE HUMIDITY (PERCENT)
 HIGHEST   100
 LOWEST     51
 AVERAGE    76

..........................................................




SUNRISE AND SUNSET
MARCH  4 2015.........SUNRISE   656 AM EST   SUNSET   634 PM EST
MARCH  5 2015.........SUNRISE   655 AM EST   SUNSET   634 PM EST


-  INDICATES NEGATIVE NUMBERS.
R  INDICATES RECORD WAS SET OR TIED.
MM INDICATES DATA IS MISSING.
T  INDICATES TRACE AMOUNT.




$$
