000
CDUS42 KTAE 170634
CLIVLD


CLIMATE REPORT
NATIONAL WEATHER SERVICE TALLAHASSEE FL
231 AM EDT THU AUG 17 2017


...................................

...THE VALDOSTA CLIMATE SUMMARY FOR AUGUST 16 2017...

CLIMATE NORMAL PERIOD 1981 TO 2010
CLIMATE RECORD PERIOD 1948 TO 2017


WEATHER ITEM   OBSERVED TIME   NORMAL DEPARTURE LAST
                VALUE   (LST)  VALUE  FROM      YEAR
                                      NORMAL
......................................................
TEMPERATURE (F)
 YESTERDAY
  MAXIMUM         94    434 PM  91      3       94
  MINIMUM         73    628 AM  71      2       76
  AVERAGE         84            81      3       85

PRECIPITATION (IN)
  YESTERDAY        0.00          0.16  -0.16     0.00
  MONTH TO DATE    2.92          2.91   0.01     1.28
  SINCE JUN 1     15.09         15.60  -0.51    19.39
  SINCE JAN 1     30.88         34.60  -3.72    43.69

DEGREE DAYS
 COOLING
  YESTERDAY       19            16      3       20
  MONTH TO DATE  254           263     -9      268
  SINCE JUN 1   1183          1203    -20     1343
  SINCE JAN 1   1724          1615    109     1853
......................................................


WIND (MPH)
  HIGHEST WIND SPEED     8   HIGHEST WIND DIRECTION     N (360)
  HIGHEST GUST SPEED    12   HIGHEST GUST DIRECTION     N (360)
  AVERAGE WIND SPEED     1.0




RELATIVE HUMIDITY (PERCENT)
 HIGHEST   100
 LOWEST     56
 AVERAGE    78

..........................................................



SUNRISE AND SUNSET
AUGUST 17 2017........SUNRISE   701 AM EDT   SUNSET   813 PM EDT
AUGUST 18 2017........SUNRISE   701 AM EDT   SUNSET   812 PM EDT


-  INDICATES NEGATIVE NUMBERS.
R  INDICATES RECORD WAS SET OR TIED.
MM INDICATES DATA IS MISSING.
T  INDICATES TRACE AMOUNT.




$$
