000
CDUS42 KTAE 220633
CLIVLD


CLIMATE REPORT
NATIONAL WEATHER SERVICE TALLAHASSEE FL
233 AM EDT WED OCT 22 2014


...................................

...THE VALDOSTA CLIMATE SUMMARY FOR OCTOBER 21 2014...

CLIMATE NORMAL PERIOD 1981 TO 2010
CLIMATE RECORD PERIOD 1948 TO 2014


WEATHER ITEM   OBSERVED TIME   NORMAL DEPARTURE LAST
                VALUE   (LST)  VALUE  FROM      YEAR
                                      NORMAL
......................................................
TEMPERATURE (F)
 YESTERDAY
  MAXIMUM         81    401 PM  79      2       82
  MINIMUM         55   1159 PM  55      0       66
  AVERAGE         68            67      1       74

PRECIPITATION (IN)
  YESTERDAY        0.00          0.11  -0.11     0.00
  MONTH TO DATE    1.35          2.17  -0.82     0.95
  SINCE SEP 1      8.21          6.81   1.40     2.79
  SINCE JAN 1     43.64         43.84  -0.20    36.95

DEGREE DAYS
 HEATING
  YESTERDAY        0             2     -2        0
  MONTH TO DATE   11            13     -2        0
  SINCE SEP 1     11            14     -3        0
  SINCE JUL 1     11            14     -3        0

 COOLING
  YESTERDAY        3             4     -1        9
  MONTH TO DATE  126           123      3      228
  SINCE SEP 1    529           494     35      682
  SINCE JAN 1   2890          2348    542     2956
......................................................


WIND (MPH)
  HIGHEST WIND SPEED     9   HIGHEST WIND DIRECTION     N (10)
  HIGHEST GUST SPEED    13   HIGHEST GUST DIRECTION     N (360)
  AVERAGE WIND SPEED     1.3




RELATIVE HUMIDITY (PERCENT)
 HIGHEST    90
 LOWEST     33
 AVERAGE    62

..........................................................




SUNRISE AND SUNSET
OCTOBER 22 2014.......SUNRISE   740 AM EDT   SUNSET   654 PM EDT
OCTOBER 23 2014.......SUNRISE   741 AM EDT   SUNSET   653 PM EDT


-  INDICATES NEGATIVE NUMBERS.
R  INDICATES RECORD WAS SET OR TIED.
MM INDICATES DATA IS MISSING.
T  INDICATES TRACE AMOUNT.




$$
