000
CDUS42 KTAE 292201
CLIVLD


CLIMATE REPORT
NATIONAL WEATHER SERVICE TALLAHASSEE FL
601 PM EDT SUN MAR 29 2015


...................................

...THE VALDOSTA CLIMATE SUMMARY FOR MARCH 29 2015...
VALID TODAY AS OF 0600 PM LOCAL TIME.

CLIMATE NORMAL PERIOD 1981 TO 2010
CLIMATE RECORD PERIOD 1948 TO 2015


WEATHER ITEM   OBSERVED TIME   NORMAL DEPARTURE LAST
                VALUE   (LST)  VALUE  FROM      YEAR
                                      NORMAL
......................................................
TEMPERATURE (F)
 TODAY
  MAXIMUM         65    359 PM  75    -10       83
  MINIMUM         41   1224 AM  49     -8       61
  AVERAGE         53            62     -9       72

PRECIPITATION (IN)
  TODAY            0.00          0.15  -0.15    MM
  MONTH TO DATE    2.50          4.56  -2.06     4.16
  SINCE MAR 1      2.50          4.56  -2.06     4.16
  SINCE JAN 1     11.66         13.29  -1.63    10.30

......................................................







THE VALDOSTA CLIMATE NORMALS FOR TOMORROW
                         NORMAL
 MAXIMUM TEMPERATURE (F)   75
 MINIMUM TEMPERATURE (F)   49



-  INDICATES NEGATIVE NUMBERS.
R  INDICATES RECORD WAS SET OR TIED.
MM INDICATES DATA IS MISSING.
T  INDICATES TRACE AMOUNT.




$$
