000
CDUS42 KTAE 280633
CLIVLD


CLIMATE REPORT
NATIONAL WEATHER SERVICE TALLAHASSEE FL
232 AM EDT WED JUN 28 2017


...................................

...THE VALDOSTA CLIMATE SUMMARY FOR JUNE 27 2017...

CLIMATE NORMAL PERIOD 1981 TO 2010
CLIMATE RECORD PERIOD 1948 TO 2017


WEATHER ITEM   OBSERVED TIME   NORMAL DEPARTURE LAST
                VALUE   (LST)  VALUE  FROM      YEAR
                                      NORMAL
......................................................
TEMPERATURE (F)
 YESTERDAY
  MAXIMUM         89    220 PM  91     -2       93
  MINIMUM         70   1159 PM  70      0       68
  AVERAGE         80            81     -1       81

PRECIPITATION (IN)
  YESTERDAY        1.22          0.16   1.06     0.00
  MONTH TO DATE    8.75          5.62   3.13     7.78
  SINCE JUN 1      8.75          5.62   3.13     7.78
  SINCE JAN 1     24.54         24.62  -0.08    32.08

DEGREE DAYS
 COOLING
  YESTERDAY       15            16     -1       16
  MONTH TO DATE  363           385    -22      435
  SINCE JUN 1    363           385    -22      435
  SINCE JAN 1    904           797    107      945
......................................................


WIND (MPH)
  HIGHEST WIND SPEED    30   HIGHEST WIND DIRECTION     N (360)
  HIGHEST GUST SPEED    36   HIGHEST GUST DIRECTION     N (360)
  AVERAGE WIND SPEED     3.2




RELATIVE HUMIDITY (PERCENT)
 HIGHEST   100
 LOWEST     55
 AVERAGE    78

..........................................................




SUNRISE AND SUNSET
JUNE 28 2017..........SUNRISE   633 AM EDT   SUNSET   840 PM EDT
JUNE 29 2017..........SUNRISE   633 AM EDT   SUNSET   840 PM EDT


-  INDICATES NEGATIVE NUMBERS.
R  INDICATES RECORD WAS SET OR TIED.
MM INDICATES DATA IS MISSING.
T  INDICATES TRACE AMOUNT.




$$
