000
CDUS42 KTAE 110623
CLIVLD


CLIMATE REPORT
NATIONAL WEATHER SERVICE TALLAHASSEE FL
222 AM EDT FRI JUL 11 2014

...................................

...THE VALDOSTA CLIMATE SUMMARY FOR JULY 10 2014...

CLIMATE NORMAL PERIOD 1981 TO 2010
CLIMATE RECORD PERIOD 1948 TO 2014


WEATHER ITEM   OBSERVED TIME   NORMAL DEPARTURE LAST
                VALUE   (LST)  VALUE  FROM      YEAR
                                      NORMAL
......................................................
TEMPERATURE (F)
 YESTERDAY
  MAXIMUM         94   1255 PM  92      2       94
  MINIMUM         73    439 AM  71      2       74
  AVERAGE         84            81      3       84

PRECIPITATION (IN)
  YESTERDAY        0.03          0.23  -0.20     0.45
  MONTH TO DATE    1.68          2.00  -0.32     3.71
  SINCE JUN 1      3.92          8.06  -4.14     7.50
  SINCE JAN 1     27.19         27.06   0.13    22.04

DEGREE DAYS
 COOLING
  YESTERDAY       19            16      3       19
  MONTH TO DATE  203           160     43      180
  SINCE JUN 1    765           592    173      733
  SINCE JAN 1   1368          1004    364     1295
......................................................


WIND (MPH)
  HIGHEST WIND SPEED    16   HIGHEST WIND DIRECTION     S (180)
  HIGHEST GUST SPEED    23   HIGHEST GUST DIRECTION     S (180)
  AVERAGE WIND SPEED     2.5




RELATIVE HUMIDITY (PERCENT)
 HIGHEST    87
 LOWEST     46
 AVERAGE    67

..........................................................



SUNRISE AND SUNSET
JULY 11 2014..........SUNRISE   638 AM EDT   SUNSET   839 PM EDT
JULY 12 2014..........SUNRISE   639 AM EDT   SUNSET   838 PM EDT


-  INDICATES NEGATIVE NUMBERS.
R  INDICATES RECORD WAS SET OR TIED.
MM INDICATES DATA IS MISSING.
T  INDICATES TRACE AMOUNT.

$$
