000
CDUS42 KTAE 200638
CLIVLD


CLIMATE REPORT
NATIONAL WEATHER SERVICE TALLAHASSEE FL
237 AM EDT WED AUG 20 2014


...................................

...THE VALDOSTA CLIMATE SUMMARY FOR AUGUST 19 2014...

CLIMATE NORMAL PERIOD 1981 TO 2010
CLIMATE RECORD PERIOD 1948 TO 2014


WEATHER ITEM   OBSERVED TIME   NORMAL DEPARTURE LAST
                VALUE   (LST)  VALUE  FROM      YEAR
                                      NORMAL
......................................................
TEMPERATURE (F)
 YESTERDAY
  MAXIMUM         93   1221 PM  91      2       93
  MINIMUM         72    501 AM  71      1       75
  AVERAGE         83            81      2       84

PRECIPITATION (IN)
  YESTERDAY        0.07          0.17  -0.10     0.32
  MONTH TO DATE    2.47          3.43  -0.96     3.22
  SINCE JUN 1      8.55         16.12  -7.57    16.38
  SINCE JAN 1     31.82         35.12  -3.30    30.92

DEGREE DAYS
 COOLING
  YESTERDAY       18            16      2       19
  MONTH TO DATE  379           311     68      381
  SINCE JUN 1   1543          1251    292     1502
  SINCE JAN 1   2146          1663    483     2064
......................................................


WIND (MPH)
  HIGHEST WIND SPEED    10   HIGHEST WIND DIRECTION     S (200)
  HIGHEST GUST SPEED    20   HIGHEST GUST DIRECTION    NW (300)
  AVERAGE WIND SPEED     1.8




RELATIVE HUMIDITY (PERCENT)
 HIGHEST    94
 LOWEST     63
 AVERAGE    79

..........................................................




SUNRISE AND SUNSET
AUGUST 20 2014........SUNRISE   702 AM EDT   SUNSET   810 PM EDT
AUGUST 21 2014........SUNRISE   703 AM EDT   SUNSET   809 PM EDT


-  INDICATES NEGATIVE NUMBERS.
R  INDICATES RECORD WAS SET OR TIED.
MM INDICATES DATA IS MISSING.
T  INDICATES TRACE AMOUNT.




$$
