238
CDUS42 KFFC 260823
CLIVPC


CLIMATE REPORT
NATIONAL WEATHER SERVICE PEACHTREE CITY GA
422 AM EDT SUN MAR 26 2017


...................................

...THE CARTERSVILLE CLIMATE SUMMARY FOR MARCH 25 2017...

CLIMATE NORMAL PERIOD 1981 TO 2010
CLIMATE RECORD PERIOD 9999 TO 9999


WEATHER ITEM   OBSERVED TIME   RECORD YEAR NORMAL DEPARTURE LAST
                VALUE   (LST)  VALUE       VALUE  FROM      YEAR
                                                  NORMAL
..................................................................
TEMPERATURE (F)
 YESTERDAY
  MAXIMUM         77    336 PM  MM      MM  67     10       69
  MINIMUM         58    626 AM  MM      MM  41     17       47
  AVERAGE         68                        54     14       58

PRECIPITATION (IN)
  YESTERDAY        0.05         MM      MM   0.16  -0.11     0.01
  MONTH TO DATE    2.16                      3.85  -1.69     2.18
  SINCE MAR 1      2.16                      3.85  -1.69     2.18
  SINCE JAN 1     10.70                     13.35  -2.65    10.62

SNOWFALL (IN)
  YESTERDAY        0.0          MM      MM  MM     MM       MM
  MONTH TO DATE    0.0                      MM     MM        0.0
  SINCE MAR 1      0.0                      MM     MM        0.0
  SINCE JUL 1      T                        MM     MM         T
  SNOW DEPTH       0

DEGREE DAYS
 HEATING
  YESTERDAY        0                        11    -11        7
  MONTH TO DATE  314                       353    -39      239
  SINCE MAR 1    314                       353    -39      239
  SINCE JUL 1   2144                      2965   -821     2361

 COOLING
  YESTERDAY        3                         0      3        0
  MONTH TO DATE    9                         0      9        7
  SINCE MAR 1      9                         0      9        7
  SINCE JAN 1      9                         0      9        7
..................................................................


WIND (MPH)
  RESULTANT WIND SPEED   7   RESULTANT WIND DIRECTION  SE (150)
  HIGHEST WIND SPEED    18   HIGHEST WIND DIRECTION     S (170)
  HIGHEST GUST SPEED    25   HIGHEST GUST DIRECTION     E (110)
  AVERAGE WIND SPEED     7.6


SKY COVER
  AVERAGE SKY COVER 0.2


WEATHER CONDITIONS
 THE FOLLOWING WEATHER WAS RECORDED YESTERDAY.
  LIGHT RAIN
  FOG


RELATIVE HUMIDITY (PERCENT)
 HIGHEST    78          1100 PM
 LOWEST     41           400 PM
 AVERAGE    60

..........................................................


THE CARTERSVILLE CLIMATE NORMALS FOR TODAY
                         NORMAL    RECORD    YEAR
 MAXIMUM TEMPERATURE (F)   68        MM        MM
 MINIMUM TEMPERATURE (F)   41        MM        MM


SUNRISE AND SUNSET
MARCH 26 2017.........SUNRISE   735 AM EDT   SUNSET   756 PM EDT
MARCH 27 2017.........SUNRISE   733 AM EDT   SUNSET   757 PM EDT


-  INDICATES NEGATIVE NUMBERS.
R  INDICATES RECORD WAS SET OR TIED.
MM INDICATES DATA IS MISSING.
T  INDICATES TRACE AMOUNT.




$$
